-- Table structure for table `directorio`
--

CREATE TABLE `directorio` (
  `id_directorio` int(11) NOT NULL AUTO_INCREMENT,
  `ref_concello` int(11) NOT NULL,
  `ref_sector` int(11) NOT NULL,
  `ref_parroquia` int(11) DEFAULT NULL,
  `datainsercion_directorio` date NOT NULL,
  `url_directorio` varchar(255) DEFAULT NULL,
  `direccion_directorio` varchar(255) DEFAULT NULL,
  `cp_directorio` varchar(255) DEFAULT NULL,
  `poblacion_directorio` varchar(255) DEFAULT NULL,
  `fax_directorio` varchar(255) DEFAULT NULL,
  `email_directorio` varchar(255) DEFAULT NULL,
  `telefono_directorio` varchar(255) DEFAULT NULL,
  `personacontacto_directorio` varchar(255) DEFAULT NULL,
  `coord_x` varchar(255) DEFAULT NULL,
  `coord_y` varchar(255) DEFAULT NULL,
  `url_maps` varchar(255) DEFAULT NULL,
  `activo_directorio` int(11) NOT NULL,
  `extendido_directorio` int(11) NOT NULL,
  PRIMARY KEY (`id_directorio`),
  KEY `ref_concello` (`ref_concello`),
  KEY `ref_sector` (`ref_sector`),
  KEY `ref_parroquia` (`ref_parroquia`),
  CONSTRAINT `directorio_ibfk_1` FOREIGN KEY (`ref_concello`) REFERENCES `directorioconcello` (`id_directorioconcello`) ON DELETE CASCADE ON UPDATE CASCADE,
  CONSTRAINT `directorio_ibfk_2` FOREIGN KEY (`ref_sector`) REFERENCES `directoriosector` (`id_directoriosector`) ON DELETE CASCADE ON UPDATE CASCADE,
  CONSTRAINT `directorio_ibfk_3` FOREIGN KEY (`ref_parroquia`) REFERENCES `directorioparroquia` (`id_directorioparroquia`) ON DELETE CASCADE ON UPDATE CASCADE
) ENGINE=InnoDB DEFAULT CHARSET=latin1;

--
-- Dumping data for table `directorio`
--


--
-- Table structure for table `directorio_archivo_idiomaweb`
--

CREATE TABLE `directorio_archivo_idiomaweb` (
  `id_directorio` int(11) NOT NULL,
  `id_archivo` int(11) NOT NULL,
  `id_idiomaweb` int(11) NOT NULL,
  `titulo_directorio_archivo_idiomaweb` varchar(255) DEFAULT NULL,
  `descripcion_directorio_archivo_idiomaweb` text,
  `pie_directorio_archivo_idiomaweb` varchar(200) DEFAULT NULL,
  `alt_directorio_archivo_idiomaweb` varchar(200) DEFAULT NULL,
  `alineacion_directorio_archivo_idiomaweb` varchar(2) DEFAULT NULL,
  `activo_directorio_archivo_idiomaweb` int(1) DEFAULT NULL,
  PRIMARY KEY (`id_directorio`,`id_idiomaweb`,`id_archivo`),
  KEY `fk_directorio_archivo_idiomaweb` (`id_directorio`),
  KEY `id_archivo` (`id_archivo`),
  KEY `id_idiomaweb` (`id_idiomaweb`)
) ENGINE=InnoDB DEFAULT CHARSET=latin1 ROW_FORMAT=REDUNDANT;

--
-- Dumping data for table `directorio_archivo_idiomaweb`
--


--
-- Table structure for table `directorio_idiomaweb`
--

CREATE TABLE `directorio_idiomaweb` (
  `id_directorio` int(11) NOT NULL,
  `id_idiomaweb` int(11) NOT NULL,
  `nombre_directorio_idiomaweb` varchar(255) DEFAULT NULL,
  `clasificacion_directorio_idiomaweb` varchar(255) DEFAULT NULL,
  `descripcion_directorio_idiomaweb` text,
  `activo_directorio_idiomaweb` int(11) NOT NULL,
  PRIMARY KEY (`id_directorio`,`id_idiomaweb`),
  KEY `id_idiomaweb` (`id_idiomaweb`),
  CONSTRAINT `directorio_idiomaweb_ibfk_1` FOREIGN KEY (`id_directorio`) REFERENCES `directorio` (`id_directorio`) ON DELETE CASCADE ON UPDATE CASCADE,
  CONSTRAINT `directorio_idiomaweb_ibfk_2` FOREIGN KEY (`id_idiomaweb`) REFERENCES `idiomaweb` (`id_idiomaweb`) ON DELETE CASCADE ON UPDATE CASCADE
) ENGINE=InnoDB DEFAULT CHARSET=latin1;

--
-- Dumping data for table `directorio_idiomaweb`
--


--
-- Table structure for table `directorio_usuario`
--

CREATE TABLE `directorio_usuario` (
  `ref_directorio` int(11) NOT NULL,
  `ref_usuario` int(11) NOT NULL,
  UNIQUE KEY `ref_directorio` (`ref_directorio`,`ref_usuario`)
) ENGINE=MyISAM DEFAULT CHARSET=latin1;

--
-- Dumping data for table `directorio_usuario`
--


--
-- Table structure for table `directorioconcello`
--

CREATE TABLE `directorioconcello` (
  `id_directorioconcello` int(11) NOT NULL AUTO_INCREMENT,
  `descripcion_directorioconcello` varchar(255) NOT NULL,
  `activo_directorioconcello` int(11) NOT NULL,
  PRIMARY KEY (`id_directorioconcello`)
) ENGINE=InnoDB AUTO_INCREMENT=3 DEFAULT CHARSET=latin1;

--
-- Dumping data for table `directorioconcello`
--

INSERT INTO `directorioconcello` VALUES (2,'',1);

--
-- Table structure for table `directorioconcello_idiomaweb`
--

CREATE TABLE `directorioconcello_idiomaweb` (
  `id_directorioconcello` int(11) NOT NULL,
  `id_idiomaweb` int(11) NOT NULL,
  `nombre_directorioconcello_idiomaweb` varchar(255) DEFAULT NULL,
  PRIMARY KEY (`id_directorioconcello`,`id_idiomaweb`),
  KEY `id_idiomaweb` (`id_idiomaweb`),
  CONSTRAINT `directorioconcello_idiomaweb_ibfk_1` FOREIGN KEY (`id_directorioconcello`) REFERENCES `directorioconcello` (`id_directorioconcello`) ON DELETE CASCADE ON UPDATE CASCADE,
  CONSTRAINT `directorioconcello_idiomaweb_ibfk_2` FOREIGN KEY (`id_idiomaweb`) REFERENCES `idiomaweb` (`id_idiomaweb`) ON DELETE CASCADE ON UPDATE CASCADE
) ENGINE=InnoDB DEFAULT CHARSET=latin1 ROW_FORMAT=REDUNDANT;

--
-- Dumping data for table `directorioconcello_idiomaweb`
--

INSERT INTO `directorioconcello_idiomaweb` VALUES (2,1,'Ponteceso.'),(2,2,'Ponteceso.'),(2,3,'Ponteceso');

--
-- Table structure for table `directorioenlace_idiomaweb`
--

CREATE TABLE `directorioenlace_idiomaweb` (
  `id_directorioenlace_idiomaweb` int(11) NOT NULL AUTO_INCREMENT,
  `ref_directorio` int(11) NOT NULL,
  `ref_idiomaweb` int(11) NOT NULL,
  `titulo_directorioenlace_idiomaweb` varchar(255) DEFAULT NULL,
  `url_directorioenlace_idiomaweb` text,
  `title_directorioenlace_idiomaweb` varchar(255) DEFAULT NULL,
  `blank_directorioenlace_idiomaweb` int(1) NOT NULL DEFAULT '1',
  `activo_directorioenlace_idiomaweb` int(11) NOT NULL,
  `orden_directorioenlace_idiomaweb` int(11) NOT NULL,
  PRIMARY KEY (`id_directorioenlace_idiomaweb`),
  KEY `ref_directorio` (`ref_directorio`),
  KEY `ref_idiomaweb` (`ref_idiomaweb`)
) ENGINE=InnoDB DEFAULT CHARSET=latin1;

--
-- Dumping data for table `directorioenlace_idiomaweb`
--


--
-- Table structure for table `directorioparrafo`
--

CREATE TABLE `directorioparrafo` (
  `id_directorioparrafo` int(11) NOT NULL AUTO_INCREMENT,
  `ref_directorio` int(11) NOT NULL,
  PRIMARY KEY (`id_directorioparrafo`)
) ENGINE=InnoDB DEFAULT CHARSET=latin1;

--
-- Dumping data for table `directorioparrafo`
--


--
-- Table structure for table `directorioparrafo_archivo_idiomaweb`
--

CREATE TABLE `directorioparrafo_archivo_idiomaweb` (
  `id_directorioparrafo` int(11) NOT NULL,
  `id_idiomaweb` int(11) NOT NULL,
  `id_archivo` int(11) NOT NULL,
  `titulo_directorioparrafo_archivo_idiomaweb` varchar(255) DEFAULT NULL,
  `descripcion_directorioparrafo_archivo_idiomaweb` varchar(255) NOT NULL,
  `texto_directorioparrafo_archivo_idiomaweb` text,
  `alt_directorioparrafo_archivo_idiomaweb` varchar(255) DEFAULT NULL,
  `url_directorioparrafo_archivo_idiomaweb` varchar(255) DEFAULT NULL,
  `alineacion_directorioparrafo_archivo_idiomaweb` char(5) NOT NULL,
  `activo_directorioparrafo_archivo_idiomaweb` int(11) NOT NULL,
  PRIMARY KEY (`id_directorioparrafo`,`id_idiomaweb`,`id_archivo`),
  KEY `id_idiomaweb` (`id_idiomaweb`),
  KEY `id_archivo` (`id_archivo`),
  CONSTRAINT `directorioparrafo_archivo_idiomaweb_ibfk_1` FOREIGN KEY (`id_directorioparrafo`) REFERENCES `directorioparrafo` (`id_directorioparrafo`),
  CONSTRAINT `directorioparrafo_archivo_idiomaweb_ibfk_2` FOREIGN KEY (`id_idiomaweb`) REFERENCES `idiomaweb` (`id_idiomaweb`),
  CONSTRAINT `directorioparrafo_archivo_idiomaweb_ibfk_3` FOREIGN KEY (`id_archivo`) REFERENCES `archivo` (`id_archivo`)
) ENGINE=InnoDB DEFAULT CHARSET=latin1;

--
-- Dumping data for table `directorioparrafo_archivo_idiomaweb`
--


--
-- Table structure for table `directorioparrafo_idiomaweb`
--

CREATE TABLE `directorioparrafo_idiomaweb` (
  `id_directorioparrafo` int(11) NOT NULL,
  `id_idiomaweb` int(11) NOT NULL,
  `titulo_directorioparrafo_idiomaweb` varchar(255) DEFAULT NULL,
  `texto_directorioparrafo_idiomaweb` text,
  `titulo_textodestacado_directorioparrafo_idiomaweb` varchar(255) NOT NULL,
  `textodestacado_directorioparrafo_idiomaweb` varchar(255) DEFAULT NULL,
  `alineacion_textodestacado_directorioparrafo_idiomaweb` varchar(3) DEFAULT NULL,
  `activo_textodestacado_directorioparrafo_idiomaweb` int(11) NOT NULL,
  `orden_directorioparrafo_idiomaweb` int(11) NOT NULL,
  PRIMARY KEY (`id_directorioparrafo`,`id_idiomaweb`),
  KEY `id_idiomaweb` (`id_idiomaweb`),
  CONSTRAINT `directorioparrafo_idiomaweb_ibfk_1` FOREIGN KEY (`id_directorioparrafo`) REFERENCES `directorioparrafo` (`id_directorioparrafo`),
  CONSTRAINT `directorioparrafo_idiomaweb_ibfk_2` FOREIGN KEY (`id_idiomaweb`) REFERENCES `idiomaweb` (`id_idiomaweb`)
) ENGINE=InnoDB DEFAULT CHARSET=latin1;

--
-- Dumping data for table `directorioparrafo_idiomaweb`
--


--
-- Table structure for table `directorioparroquia`
--

CREATE TABLE `directorioparroquia` (
  `id_directorioparroquia` int(11) NOT NULL AUTO_INCREMENT,
  `ref_directorioconcello` int(11) NOT NULL,
  `descripcion_directorioparroquia` varchar(255) NOT NULL,
  `activo_directorioparroquia` int(11) NOT NULL,
  PRIMARY KEY (`id_directorioparroquia`)
) ENGINE=InnoDB AUTO_INCREMENT=7 DEFAULT CHARSET=latin1;

--
-- Dumping data for table `directorioparroquia`
--

INSERT INTO `directorioparroquia` VALUES (3,2,'',1),(4,2,'',1),(5,2,'',1),(6,2,'',1);

--
-- Table structure for table `directorioparroquia_idiomaweb`
--

CREATE TABLE `directorioparroquia_idiomaweb` (
  `id_directorioparroquia` int(11) NOT NULL,
  `id_idiomaweb` int(11) NOT NULL,
  `nombre_directorioparroquia_idiomaweb` varchar(255) DEFAULT NULL,
  PRIMARY KEY (`id_directorioparroquia`,`id_idiomaweb`),
  KEY `id_idiomaweb` (`id_idiomaweb`),
  CONSTRAINT `directorioparroquia_idiomaweb_ibfk_1` FOREIGN KEY (`id_directorioparroquia`) REFERENCES `directorioparroquia` (`id_directorioparroquia`) ON DELETE CASCADE ON UPDATE CASCADE,
  CONSTRAINT `directorioparroquia_idiomaweb_ibfk_2` FOREIGN KEY (`id_idiomaweb`) REFERENCES `idiomaweb` (`id_idiomaweb`) ON DELETE CASCADE ON UPDATE CASCADE
) ENGINE=InnoDB DEFAULT CHARSET=latin1 ROW_FORMAT=REDUNDANT;

--
-- Dumping data for table `directorioparroquia_idiomaweb`
--

INSERT INTO `directorioparroquia_idiomaweb` VALUES (3,1,'A Graña'),(3,2,'A Graña'),(3,3,'A GraÃ±a'),(4,1,'Anllóns'),(4,2,'Anllóns'),(4,3,'AnllÃ³ns'),(5,1,'Ponteceso'),(5,2,'Ponteceso'),(5,3,'Ponteceso'),(6,1,'Corme Porto'),(6,2,'Corme Porto'),(6,3,'Corme Porto');

--
-- Table structure for table `directoriosector`
--

CREATE TABLE `directoriosector` (
  `id_directoriosector` int(11) NOT NULL AUTO_INCREMENT,
  `descripcion_directoriosector` varchar(255) NOT NULL,
  `activo_directoriosector` int(11) NOT NULL,
  PRIMARY KEY (`id_directoriosector`)
) ENGINE=InnoDB AUTO_INCREMENT=5 DEFAULT CHARSET=latin1;

--
-- Dumping data for table `directoriosector`
--

INSERT INTO `directoriosector` VALUES (4,'',1);

--
-- Table structure for table `directoriosector_idiomaweb`
--

CREATE TABLE `directoriosector_idiomaweb` (
  `id_directoriosector` int(11) NOT NULL,
  `id_idiomaweb` int(11) NOT NULL,
  `nombre_directoriosector_idiomaweb` varchar(255) DEFAULT NULL,
  PRIMARY KEY (`id_directoriosector`,`id_idiomaweb`),
  KEY `id_idiomaweb` (`id_idiomaweb`),
  CONSTRAINT `directoriosector_idiomaweb_ibfk_1` FOREIGN KEY (`id_directoriosector`) REFERENCES `directoriosector` (`id_directoriosector`) ON DELETE CASCADE ON UPDATE CASCADE,
  CONSTRAINT `directoriosector_idiomaweb_ibfk_2` FOREIGN KEY (`id_idiomaweb`) REFERENCES `idiomaweb` (`id_idiomaweb`) ON DELETE CASCADE ON UPDATE CASCADE
) ENGINE=InnoDB DEFAULT CHARSET=latin1 ROW_FORMAT=REDUNDANT;

--
-- Dumping data for table `directoriosector_idiomaweb`
--

INSERT INTO `directoriosector_idiomaweb` VALUES (4,1,'Empresas'),(4,2,'Empresa'),(4,3,'Empresas');

--
-- Table structure for table `directoriovideo_idiomaweb`
--

CREATE TABLE `directoriovideo_idiomaweb` (
  `id_directoriovideo_idiomaweb` int(11) NOT NULL AUTO_INCREMENT,
  `ref_directorio` int(11) NOT NULL,
  `ref_idiomaweb` int(11) NOT NULL,
  `titulo_directoriovideo_idiomaweb` varchar(255) DEFAULT NULL,
  `url_directoriovideo_idiomaweb` text,
  `title_directoriovideo_idiomaweb` varchar(255) DEFAULT NULL,
  `blank_directoriovideo_idiomaweb` int(1) NOT NULL DEFAULT '1',
  `activo_directoriovideo_idiomaweb` int(11) NOT NULL,
  `orden_directoriovideo_idiomaweb` int(11) NOT NULL,
  PRIMARY KEY (`id_directoriovideo_idiomaweb`),
  KEY `ref_directorio` (`ref_directorio`),
  KEY `ref_idiomaweb` (`ref_idiomaweb`)
) ENGINE=InnoDB DEFAULT CHARSET=latin1;

--
-- Dumping data for table `directoriovideo_idiomaweb`
--


--
-- Table structure for table `enlace`
--

CREATE TABLE `enlace` (
  `id_enlace` int(11) NOT NULL AUTO_INCREMENT,
  `desc_enlace` varchar(200) DEFAULT NULL,
  `activo_enlace` tinyint(1) NOT NULL DEFAULT '1',
  PRIMARY KEY (`id_enlace`)
) ENGINE=InnoDB AUTO_INCREMENT=17 DEFAULT CHARSET=latin1;

--
-- Dumping data for table `enlace`
--

INSERT INTO `enlace` VALUES (1,'',1),(2,'',1),(3,'',1),(4,'',1),(5,'',1),(7,'',1),(8,'',1),(9,'',1),(10,'',1),(11,'',1),(12,'',1),(13,'',1),(14,'',1),(15,'',1),(16,'',1);

--
-- Table structure for table `enlace_archivo_idiomaweb`
--

CREATE TABLE `enlace_archivo_idiomaweb` (
  `id_enlace` int(11) NOT NULL,
  `id_archivo` int(11) NOT NULL,
  `id_idiomaweb` int(11) NOT NULL,
  `tags_enlace_archivo_idiomaweb` varchar(255) DEFAULT NULL,
  `titulo_enlace_archivo_idiomaweb` varchar(150) DEFAULT NULL,
  `descripcion_enlace_archivo_idiomaweb` text,
  `pie_enlace_archivo_idiomaweb` text NOT NULL,
  `alt_enlace_archivo_idiomaweb` varchar(255) NOT NULL,
  `enlace_archivo_cabecera_idiomaweb` int(11) NOT NULL,
  `activo_enlace_archivo_idiomaweb` tinyint(1) NOT NULL DEFAULT '1',
  PRIMARY KEY (`id_enlace`,`id_archivo`,`id_idiomaweb`),
  KEY `id_archivo` (`id_archivo`),
  KEY `id_idiomaweb` (`id_idiomaweb`),
  CONSTRAINT `enlace_archivo_idiomaweb_ibfk_1` FOREIGN KEY (`id_enlace`) REFERENCES `enlace` (`id_enlace`) ON UPDATE CASCADE,
  CONSTRAINT `enlace_archivo_idiomaweb_ibfk_2` FOREIGN KEY (`id_archivo`) REFERENCES `archivo` (`id_archivo`) ON UPDATE CASCADE,
  CONSTRAINT `enlace_archivo_idiomaweb_ibfk_3` FOREIGN KEY (`id_idiomaweb`) REFERENCES `idiomaweb` (`id_idiomaweb`) ON UPDATE CASCADE
) ENGINE=InnoDB DEFAULT CHARSET=latin1;

--
-- Dumping data for table `enlace_archivo_idiomaweb`
--

INSERT INTO `enlace_archivo_idiomaweb` VALUES (1,21,1,NULL,'BOP da Coru&ntilde;a','','','',1,1),(1,21,2,NULL,'BOP de A Coru&ntilde;a','','','',1,1),(2,22,1,NULL,'BOE','','','',1,1),(2,22,2,NULL,'BOE','','','',1,1),(3,23,1,NULL,'DOUE','','','',1,1),(3,23,2,NULL,'DOUE','','','',1,1),(4,35,1,NULL,'Facebook','','','',1,1),(4,35,2,NULL,'Facebook','','','',1,1),(5,37,1,NULL,'Twitter','','','',1,1),(5,37,2,NULL,'Twitter','','','',1,1),(7,2592,1,NULL,'Relaci&oacute;ns coa cidadan&iacute;a','','','',1,1),(7,2592,2,NULL,'Relaciones con la ciudadan&iacute;a','','','',1,1),(8,2594,1,NULL,'Contrataci&oacute;n Municipal','','','',1,1),(8,2594,2,NULL,'Contrataci&oacute;n Municipal','','','',1,1),(9,2593,1,NULL,'Corporaci&oacute;n e organizaci&oacute;n municipal','','','',1,1),(9,2593,2,NULL,'Corporaci&oacute;n y organizaci&oacute;n municipal','','','',1,1),(10,2597,1,NULL,'Informaci&oacute;n econ&oacute;mica e financieira','','','',1,1),(10,2597,2,NULL,'Informaci&oacute;n econ&oacute;mica y financiera','','','',1,1);

--
-- Table structure for table `enlace_categoria`
--

CREATE TABLE `enlace_categoria` (
  `id_enlace` int(11) NOT NULL,
  `id_categoria` int(11) NOT NULL,
  `orden_enlace` int(11) NOT NULL,
  `activo_enlace_categoria` tinyint(1) NOT NULL DEFAULT '1',
  PRIMARY KEY (`id_enlace`,`id_categoria`),
  KEY `id_categoria` (`id_categoria`),
  CONSTRAINT `enlace_categoria_ibfk_1` FOREIGN KEY (`id_enlace`) REFERENCES `enlace` (`id_enlace`) ON UPDATE CASCADE,
  CONSTRAINT `enlace_categoria_ibfk_2` FOREIGN KEY (`id_categoria`) REFERENCES `categoria` (`id_categoria`) ON UPDATE CASCADE
) ENGINE=InnoDB DEFAULT CHARSET=latin1;

--
-- Dumping data for table `enlace_categoria`
--

INSERT INTO `enlace_categoria` VALUES (1,8,0,1),(2,8,0,1),(3,8,0,1),(4,11,0,1),(5,11,0,1),(7,2,0,1),(8,2,0,1),(9,2,0,1),(10,2,0,1),(11,468,0,1),(12,564,0,1),(13,579,0,1),(14,579,0,1),(15,580,0,1),(16,580,0,1);

--
-- Table structure for table `enlace_idiomaweb`
--

CREATE TABLE `enlace_idiomaweb` (
  `id_enlace` int(11) NOT NULL,
  `id_idiomaweb` int(11) NOT NULL,
  `fecha_enlace_idiomaweb` date NOT NULL,
  `hora_enlace_idiomaweb` varchar(255) NOT NULL,
  `titulo_enlace_idiomaweb` varchar(255) DEFAULT NULL,
  `texto_enlace_idiomaweb` text,
  `tags_enlace_idiomaweb` varchar(255) DEFAULT NULL,
  `url_enlace_idiomaweb` varchar(255) NOT NULL,
  `title_enlace_idiomaweb` varchar(255) NOT NULL,
  `orden_enlace_idiomaweb` int(11) NOT NULL,
  `activo_enlace_idiomaweb` int(11) NOT NULL,
  `autor_enlace_idiomaweb` varchar(255) NOT NULL,
  `mostrar_autor_enlace_idiomaweb` int(11) NOT NULL,
  PRIMARY KEY (`id_enlace`,`id_idiomaweb`),
  KEY `id_idiomaweb` (`id_idiomaweb`),
  CONSTRAINT `enlace_idiomaweb_ibfk_1` FOREIGN KEY (`id_enlace`) REFERENCES `enlace` (`id_enlace`) ON UPDATE CASCADE,
  CONSTRAINT `enlace_idiomaweb_ibfk_2` FOREIGN KEY (`id_idiomaweb`) REFERENCES `idiomaweb` (`id_idiomaweb`) ON UPDATE CASCADE
) ENGINE=InnoDB DEFAULT CHARSET=latin1;

--
-- Dumping data for table `enlace_idiomaweb`
--

INSERT INTO `enlace_idiomaweb` VALUES (1,1,'2016-01-25','15:03:36','BOP da Coru&ntilde;a','','','http://bop.dicoruna.es/bopportal/','BOP da Coru&ntilde;a',0,1,'Iñaki Villaverde Dosil',0),(1,2,'2016-01-25','15:03:36','BOP de A Coru&ntilde;a','','','http://bop.dicoruna.es/bopportal/','BOP de A Coru&ntilde;a',4,1,'Iñaki Villaverde Dosil',0),(2,1,'2016-01-25','15:06:23','BOE','','','http://www.boe.es/','BOE',1,1,'Iñaki Villaverde Dosil',0),(2,2,'2016-01-25','15:06:23','BOE','','','http://www.boe.es/','BOE',5,1,'Iñaki Villaverde Dosil',0),(3,1,'2016-01-25','15:09:06','DOUE','','','http://eur-lex.europa.eu/oj/direct-access.html?locale=es','DOUE',2,1,'Iñaki Villaverde Dosil',0),(3,2,'2016-01-25','15:09:06','DOUE','','','http://eur-lex.europa.eu/oj/direct-access.html?locale=es','DOUE',6,1,'Iñaki Villaverde Dosil',0),(4,1,'2016-01-25','15:25:01','Facebook','','','https://www.facebook.com/pages/Pazo-de-Raxoi/275048712633045','Facebook',7,1,'Iñaki Villaverde Dosil',0),(4,2,'2016-01-25','15:25:01','Facebook','','','https://www.facebook.com/pages/Pazo-de-Raxoi/275048712633045','Facebook',9,1,'Iñaki Villaverde Dosil',0),(5,1,'2016-01-25','15:27:54','Twitter','','','https://twitter.com/PazodeRaxoi','Twitter',8,1,'Iñaki Villaverde Dosil',0),(5,2,'2016-01-25','15:27:54','Twitter','','','https://twitter.com/PazodeRaxoi','Twitter',10,1,'Iñaki Villaverde Dosil',0),(7,1,'2016-02-19','12:36:27','Relaci&oacute;ns coa cidadan&iacute;a','Queixas e suxesti&oacute;ns, comunicaci&oacute;n de incidencias, li&ntilde;a directa cos departamentos e co alcalde, solicitude de informaci&oacute;n, informaci&oacute;n administrativa, tr&aacute;mites e impresos, anuncios municipais...<br /><br /><br /><br /><br>','','contacto-concello/gl','Relaci&oacute;ns coa cidadan&iacute;a',0,1,'',0),(7,2,'2016-02-19','12:36:27','Relaciones con la ciudadan&iacute;a','Quejas y&nbsp;sugerencias, comunicaci&oacute;n de incidencias, l&iacute;nea directa con los departamentos y&nbsp;con el alcalde, solicitud de informaci&oacute;n, informaci&oacute;n administrativa, tr&aacute;mites e impresos, anuncios municipales...<br>','','contacto-concello/es','Relaciones con la ciudadan&iacute;a',12,1,'',0),(8,1,'2016-02-19','12:43:11','Contrataci&oacute;n Municipal','Perfil do contratante, relaci&oacute;n de contratos menores, contratos plurianuais,&nbsp;licitaci&oacute;ns de obras p&uacute;blicas...<br>','','relacion-contratos-menores/gl','Contrataci&oacute;n Municipal',1,1,'',0),(8,2,'2016-02-19','12:43:11','Contrataci&oacute;n Municipal','Perfil del contratante, relaci&oacute;n de contratos menores, contratos plurianuales,&nbsp;licitaciones de obras p&uacute;blicas...<br>','','relacion-contratos-menores/es','Contrataci&oacute;n Municipal',14,1,'',0),(9,1,'2016-02-19','12:47:34','Corporaci&oacute;n e organizaci&oacute;n municipal','&Oacute;rganos de goberno, concellar&iacute;as,&nbsp;grupos municipais, comisi&oacute;n informativas, actas dos&nbsp;plenos, ordes do d&iacute;a,&nbsp;resumo das xuntas de goberno local, informaci&oacute;n persoal municipal e rexistro de intereses.<br>','','organos-goberno/gl','Corporaci&oacute;n e organizaci&oacute;n municipal',2,1,'',0),(9,2,'2016-02-19','12:47:34','Corporaci&oacute;n y organizaci&oacute;n municipal','&Oacute;rganos de gobierno, concellal&iacute;as,&nbsp;grupos municipales, comisi&oacute;n informativas, actas de los&nbsp;plenos, &oacute;rdenes del d&iacute;a,&nbsp;resumen de las juntas de gobierno local, informaci&oacute;n personal municipal y&nbsp;registro de intereses.<br>','','organos-goberno/es','Corporaci&oacute;n y organizaci&oacute;n municipal',16,1,'Iñaki Villaverde Dosil',0),(10,1,'2016-02-19','12:56:26','Informaci&oacute;n econ&oacute;mica e financeira','Orzamentos e liquidaci&oacute;ns orzamentarias, cancelaci&oacute;n Plan de Axuste, informes e documentos, informaci&oacute;n per&iacute;odo medio de pago, contas anuais, estado da d&eacute;beda e&nbsp;situaci&oacute;n das finanzas locais.<br>','','liquidacions-orzamentarias/gl','Informaci&oacute;n econ&oacute;mica e financieira',3,1,'',0),(10,2,'2016-02-19','12:56:26','Informaci&oacute;n econ&oacute;mica y financiera','Presupuestos y&nbsp;liquidaciones presupuestarias, cancelaci&oacute;n Plan de Ajuste, informes y&nbsp;documentos, informaci&oacute;n per&iacute;odo medio de pago, cuentas anuales, estado de la deuda y&nbsp;situaci&oacute;n de las finanzas locales.<br>','','liquidacions-orzamentarias/es','Informaci&oacute;n econ&oacute;mica y financiera',18,1,'',0),(11,1,'2019-12-18','14:02:18','','<a title=\"Visor do &aacute;mbito de suspensi&oacute;n\" href=\"http://xeoportal.santiagodecompostela.gal/visores/AloxamentosTuristicos/\">Visor do &aacute;mbito de suspensi&oacute;n</a><br>','','http://xeoportal.santiagodecompostela.gal/visores/AloxamentosTuristicos/','',19,1,'xtasendef',0),(12,1,'2021-05-03','10:21:44','Visor','','','https://xeoportal.santiagodecompostela.gal/Visor/#/RegulacionUsos?lang=gl','Visor',20,0,'mcrodriguezi',0),(12,2,'2021-05-03','10:21:44','','','','http://xeoportal.santiagodecompostela.gal/visores/regulaciondosusos/','',21,1,'Abertal Networks',0),(13,1,'2021-09-16','09:25:02','Mercagalicia','','','https://mercagalicia.gal/gl/transparencia-2/','Mercagalicia',22,1,'mcrodriguezi',0),(14,1,'2021-09-16','09:27:50','Auditorio de Galicia','','','https://sede.compostelacultura.gal/opencms/gl/portal_transparencia','Auditorio de Galicia',23,1,'mcrodriguezi',0),(15,1,'2021-09-17','09:00:21','Mercagalicia','','','https://mercagalicia.gal/gl/transparencia-2/','',24,1,'mcrodriguezi',0),(16,1,'2021-09-17','09:01:18','Auditorio de Galicia','','','https://sede.compostelacultura.gal/opencms/gl/portal_transparencia','',25,1,'mcrodriguezi',0);

--
-- Table structure for table `enquisa`
--

CREATE TABLE `enquisa` (
  `id_enquisa` int(11) NOT NULL AUTO_INCREMENT,
  `activo_enquisa` int(11) NOT NULL,
  PRIMARY KEY (`id_enquisa`)
) ENGINE=InnoDB DEFAULT CHARSET=latin1;

--
-- Dumping data for table `enquisa`
--


--
-- Table structure for table `enquisa_idiomaweb`
--

CREATE TABLE `enquisa_idiomaweb` (
  `id_enquisa` int(11) NOT NULL,
  `id_idiomaweb` int(11) NOT NULL,
  `fecha_enquisa_idiomaweb` date NOT NULL,
  `hora_enquisa_idiomaweb` varchar(255) NOT NULL,
  `titulo_enquisa_idiomaweb` varchar(255) DEFAULT NULL,
  `tags_enquisa_idiomaweb` varchar(255) DEFAULT NULL,
  `activo_enquisa_idiomaweb` int(11) NOT NULL,
  `orden_enquisa_idiomaweb` int(11) NOT NULL,
  `autor_enquisa_idiomaweb` varchar(255) DEFAULT NULL,
  `mostrar_autor_enquisa_idiomaweb` int(11) NOT NULL,
  PRIMARY KEY (`id_enquisa`,`id_idiomaweb`),
  KEY `id_idiomaweb` (`id_idiomaweb`)
) ENGINE=InnoDB DEFAULT CHARSET=latin1;

--
-- Dumping data for table `enquisa_idiomaweb`
--


--
-- Table structure for table `enquisa_votacions`
--

CREATE TABLE `enquisa_votacions` (
  `id_enquisaopcion` int(11) NOT NULL,
  `ref_enquisa` int(11) NOT NULL,
  `votos` int(11) NOT NULL,
  `ip` varchar(20) NOT NULL,
  `data` date NOT NULL,
  PRIMARY KEY (`id_enquisaopcion`)
) ENGINE=InnoDB DEFAULT CHARSET=latin1;

--
-- Dumping data for table `enquisa_votacions`
--


--
-- Table structure for table `enquisaopcion`
--

CREATE TABLE `enquisaopcion` (
  `id_enquisaopcion` int(11) NOT NULL AUTO_INCREMENT,
  `ref_enquisa` int(11) NOT NULL,
  `votos` int(11) NOT NULL,
  `correcta` int(1) NOT NULL,
  PRIMARY KEY (`id_enquisaopcion`)
) ENGINE=InnoDB DEFAULT CHARSET=latin1;

--
-- Dumping data for table `enquisaopcion`
--


--
-- Table structure for table `enquisaopcion_idiomaweb`
--

CREATE TABLE `enquisaopcion_idiomaweb` (
  `id_enquisaopcion` int(11) NOT NULL,
  `id_idiomaweb` int(11) NOT NULL,
  `titulo_enquisaopcion_idiomaweb` varchar(255) DEFAULT NULL,
  PRIMARY KEY (`id_enquisaopcion`,`id_idiomaweb`),
  KEY `id_idiomaweb` (`id_idiomaweb`)
) ENGINE=InnoDB DEFAULT CHARSET=latin1;

--
-- Dumping data for table `enquisaopcion_idiomaweb`
--


--
-- Table structure for table `fonoteca`
--

CREATE TABLE `fonoteca` (
  `id_fonoteca` int(11) NOT NULL AUTO_INCREMENT,
  `desc_fonoteca` varchar(200) DEFAULT NULL,
  `activo_fonoteca` tinyint(1) NOT NULL DEFAULT '1',
  PRIMARY KEY (`id_fonoteca`)
) ENGINE=InnoDB DEFAULT CHARSET=latin1;

--
-- Dumping data for table `fonoteca`
--


--
-- Table structure for table `fonoteca_archivo_idiomaweb`
--

CREATE TABLE `fonoteca_archivo_idiomaweb` (
  `id_fonoteca` int(11) NOT NULL DEFAULT '0',
  `id_archivo` int(11) NOT NULL DEFAULT '0',
  `id_idiomaweb` int(11) NOT NULL DEFAULT '0',
  `tags_fonoteca_archivo_idiomaweb` varchar(255) DEFAULT NULL,
  `titulo_fonoteca_archivo_idiomaweb` varchar(150) DEFAULT NULL,
  `descripcion_fonoteca_archivo_idiomaweb` text,
  `alt_fonoteca_archivo_idiomaweb` varchar(255) NOT NULL DEFAULT '',
  `fonoteca_archivo_cabecera_idiomaweb` int(11) NOT NULL DEFAULT '0',
  `activo_fonoteca_archivo_idiomaweb` tinyint(1) NOT NULL DEFAULT '1',
  PRIMARY KEY (`id_fonoteca`,`id_archivo`,`id_idiomaweb`),
  KEY `id_archivo` (`id_archivo`),
  KEY `id_idiomaweb` (`id_idiomaweb`)
) ENGINE=InnoDB DEFAULT CHARSET=latin1;

--
-- Dumping data for table `fonoteca_archivo_idiomaweb`
--


--
-- Table structure for table `fonoteca_categoria`
--

CREATE TABLE `fonoteca_categoria` (
  `id_fonoteca` int(11) NOT NULL DEFAULT '0',
  `id_categoria` int(11) NOT NULL DEFAULT '0',
  `orden_fonoteca` int(11) NOT NULL DEFAULT '0',
  `activo_fonoteca_categoria` tinyint(1) NOT NULL DEFAULT '1',
  PRIMARY KEY (`id_fonoteca`,`id_categoria`),
  KEY `id_categoria` (`id_categoria`)
) ENGINE=InnoDB DEFAULT CHARSET=latin1;

--
-- Dumping data for table `fonoteca_categoria`
--


--
-- Table structure for table `fonoteca_idiomaweb`
--

CREATE TABLE `fonoteca_idiomaweb` (
  `id_fonoteca` int(11) NOT NULL DEFAULT '0',
  `id_idiomaweb` int(11) NOT NULL DEFAULT '0',
  `fecha_fonoteca_idiomaweb` date NOT NULL DEFAULT '0000-00-00',
  `hora_fonoteca_idiomaweb` varchar(255) NOT NULL DEFAULT '',
  `titulo_fonoteca_idiomaweb` varchar(255) DEFAULT NULL,
  `texto_fonoteca_idiomaweb` text,
  `tags_fonoteca_idiomaweb` varchar(255) DEFAULT NULL,
  `orden_fonoteca_idiomaweb` int(11) NOT NULL DEFAULT '0',
  `activo_fonoteca_idiomaweb` int(11) NOT NULL DEFAULT '0',
  `autor_fonoteca_idiomaweb` varchar(255) NOT NULL DEFAULT '',
  `mostrar_autor_fonoteca_idiomaweb` int(11) NOT NULL DEFAULT '0',
  `permitir_comentarios_fonoteca_idiomaweb` int(11) NOT NULL DEFAULT '0',
  `permitir_valoracion_fonoteca_idiomaweb` int(11) NOT NULL DEFAULT '0',
  PRIMARY KEY (`id_fonoteca`,`id_idiomaweb`),
  KEY `id_idiomaweb` (`id_idiomaweb`)
) ENGINE=InnoDB DEFAULT CHARSET=latin1;

--
-- Dumping data for table `fonoteca_idiomaweb`
--


--
-- Table structure for table `galeria`
--

CREATE TABLE `galeria` (
  `id_galeria` int(11) NOT NULL AUTO_INCREMENT,
  `desc_galeria` varchar(200) DEFAULT NULL,
  `activo_galeria` tinyint(1) NOT NULL DEFAULT '1',
  PRIMARY KEY (`id_galeria`)
) ENGINE=InnoDB DEFAULT CHARSET=latin1;

--
-- Dumping data for table `galeria`
--


--
-- Table structure for table `galeria_archivo_idiomaweb`
--

CREATE TABLE `galeria_archivo_idiomaweb` (
  `id_galeria` int(11) NOT NULL,
  `id_archivo` int(11) NOT NULL,
  `id_idiomaweb` int(11) NOT NULL,
  `tags_galeria_archivo_idiomaweb` varchar(255) DEFAULT NULL,
  `titulo_galeria_archivo_idiomaweb` varchar(150) DEFAULT NULL,
  `descripcion_galeria_archivo_idiomaweb` text,
  `pie_galeria_archivo_idiomaweb` text NOT NULL,
  `alt_galeria_archivo_idiomaweb` varchar(255) NOT NULL,
  `galeria_archivo_cabecera_idiomaweb` int(11) NOT NULL,
  `activo_galeria_archivo_idiomaweb` tinyint(1) NOT NULL DEFAULT '1',
  PRIMARY KEY (`id_galeria`,`id_archivo`,`id_idiomaweb`),
  KEY `id_archivo` (`id_archivo`),
  KEY `id_idiomaweb` (`id_idiomaweb`),
  CONSTRAINT `galeria_archivo_idiomaweb_ibfk_1` FOREIGN KEY (`id_galeria`) REFERENCES `galeria` (`id_galeria`) ON UPDATE CASCADE,
  CONSTRAINT `galeria_archivo_idiomaweb_ibfk_2` FOREIGN KEY (`id_archivo`) REFERENCES `archivo` (`id_archivo`) ON UPDATE CASCADE,
  CONSTRAINT `galeria_archivo_idiomaweb_ibfk_3` FOREIGN KEY (`id_idiomaweb`) REFERENCES `idiomaweb` (`id_idiomaweb`) ON UPDATE CASCADE
) ENGINE=InnoDB DEFAULT CHARSET=latin1;

--
-- Dumping data for table `galeria_archivo_idiomaweb`
--


--
-- Table structure for table `galeria_categoria`
--

CREATE TABLE `galeria_categoria` (
  `id_galeria` int(11) NOT NULL,
  `id_categoria` int(11) NOT NULL,
  `orden_galeria` int(11) NOT NULL,
  `activo_galeria_categoria` tinyint(1) NOT NULL DEFAULT '1',
  PRIMARY KEY (`id_galeria`,`id_categoria`),
  KEY `id_categoria` (`id_categoria`),
  CONSTRAINT `galeria_categoria_ibfk_1` FOREIGN KEY (`id_galeria`) REFERENCES `galeria` (`id_galeria`) ON UPDATE CASCADE,
  CONSTRAINT `galeria_categoria_ibfk_2` FOREIGN KEY (`id_categoria`) REFERENCES `categoria` (`id_categoria`) ON UPDATE CASCADE
) ENGINE=InnoDB DEFAULT CHARSET=latin1;

--
-- Dumping data for table `galeria_categoria`
--


--
-- Table structure for table `galeria_idiomaweb`
--

CREATE TABLE `galeria_idiomaweb` (
  `id_galeria` int(11) NOT NULL,
  `id_idiomaweb` int(11) NOT NULL,
  `fecha_galeria_idiomaweb` date NOT NULL,
  `hora_galeria_idiomaweb` varchar(255) NOT NULL,
  `titulo_galeria_idiomaweb` varchar(255) DEFAULT NULL,
  `texto_galeria_idiomaweb` text,
  `tags_galeria_idiomaweb` varchar(255) DEFAULT NULL,
  `orden_galeria_idiomaweb` int(11) NOT NULL,
  `activo_galeria_idiomaweb` int(11) NOT NULL,
  `autor_galeria_idiomaweb` varchar(255) NOT NULL,
  `mostrar_autor_galeria_idiomaweb` int(11) NOT NULL,
  `permitir_comentarios_galeria_idiomaweb` int(11) NOT NULL,
  `permitir_valoracion_galeria_idiomaweb` int(11) NOT NULL,
  PRIMARY KEY (`id_galeria`,`id_idiomaweb`),
  KEY `id_idiomaweb` (`id_idiomaweb`),
  CONSTRAINT `galeria_idiomaweb_ibfk_1` FOREIGN KEY (`id_galeria`) REFERENCES `galeria` (`id_galeria`) ON UPDATE CASCADE,
  CONSTRAINT `galeria_idiomaweb_ibfk_2` FOREIGN KEY (`id_idiomaweb`) REFERENCES `idiomaweb` (`id_idiomaweb`) ON UPDATE CASCADE
) ENGINE=InnoDB DEFAULT CHARSET=latin1;

--
-- Dumping data for table `galeria_idiomaweb`
--


--
-- Table structure for table `idiomacontrol`
--

CREATE TABLE `idiomacontrol` (
  `id_idiomacontrol` int(11) NOT NULL AUTO_INCREMENT,
  `prefijo_idiomacontrol` varchar(20) DEFAULT NULL,
  `nombre_idiomacontrol` varchar(45) DEFAULT NULL,
  `predefinido_idiomacontrol` tinyint(1) NOT NULL DEFAULT '0',
  `activo_idiomacontrol` tinyint(1) NOT NULL DEFAULT '1',
  PRIMARY KEY (`id_idiomacontrol`)
) ENGINE=InnoDB AUTO_INCREMENT=4 DEFAULT CHARSET=latin1 ROW_FORMAT=COMPACT;

--
-- Dumping data for table `idiomacontrol`
--

INSERT INTO `idiomacontrol` VALUES (1,'gl','galego',1,1),(2,'es','castellano',0,1),(3,'en','english',0,0);

--
-- Table structure for table `idiomaweb`
--

CREATE TABLE `idiomaweb` (
  `id_idiomaweb` int(11) NOT NULL AUTO_INCREMENT,
  `prefijo_idiomaweb` varchar(20) DEFAULT NULL,
  `nombre_idiomaweb` varchar(45) DEFAULT NULL,
  `predefinido_idiomaweb` tinyint(1) NOT NULL DEFAULT '0',
  `activo_idiomaweb` tinyint(1) NOT NULL DEFAULT '1',
  PRIMARY KEY (`id_idiomaweb`)
) ENGINE=InnoDB AUTO_INCREMENT=10 DEFAULT CHARSET=latin1 ROW_FORMAT=COMPACT;

--
-- Dumping data for table `idiomaweb`
--

INSERT INTO `idiomaweb` VALUES (1,'gl','galego',1,1),(2,'es','castellano',0,1),(3,'en','english',0,0),(4,'fr','Franc&eacute;s',0,0),(5,'it','Italiano',0,0),(6,'de','Alem&aacute;n',0,0),(7,'pt','Portugu&eacute;s',0,0),(8,'eu','Eskera',0,0),(9,'ca','catal&aacute;n',0,0);

--
-- Table structure for table `info`
--

CREATE TABLE `info` (
  `id_info` int(11) NOT NULL AUTO_INCREMENT,
  `descr_info` varchar(255) DEFAULT NULL,
  `activo_info` int(11) NOT NULL,
  PRIMARY KEY (`id_info`)
) ENGINE=InnoDB AUTO_INCREMENT=49 DEFAULT CHARSET=latin1;

--
-- Dumping data for table `info`
--

INSERT INTO `info` VALUES (1,'',0),(2,'',0),(3,'',0),(4,'',0),(5,'',0),(6,'',0),(8,'',0),(9,'',0),(10,'',0),(14,'',0),(15,'',0),(16,'',0),(17,'',0),(18,'',0),(19,'',0),(20,'',0),(21,'',0),(22,'',0),(23,'',0),(24,'',0),(25,'',0),(27,'',0),(28,'',0),(29,'',0),(30,'',0),(31,'',0),(34,'',0),(35,'',0),(39,'',0),(40,'',0),(41,'',0),(42,'',0),(43,'',0),(44,'',0),(46,'',0),(48,'',0);

--
-- Table structure for table `info_archivo_idiomaweb`
--

CREATE TABLE `info_archivo_idiomaweb` (
  `id_info` int(11) NOT NULL,
  `id_archivo` int(11) NOT NULL,
  `id_idiomaweb` int(11) NOT NULL,
  `titulo_info_archivo_idiomaweb` varchar(255) DEFAULT NULL,
  `descripcion_info_archivo_idiomaweb` text,
  `pie_info_archivo_idiomaweb` text,
  `alt_info_archivo_idiomaweb` varchar(255) DEFAULT NULL,
  `alineacion_info_archivo_idiomaweb` char(5) NOT NULL,
  `activo_info_archivo_idiomaweb` int(11) NOT NULL,
  PRIMARY KEY (`id_info`,`id_archivo`,`id_idiomaweb`),
  KEY `id_archivo` (`id_archivo`),
  KEY `id_idiomaweb` (`id_idiomaweb`),
  CONSTRAINT `info_archivo_idiomaweb_ibfk_1` FOREIGN KEY (`id_info`) REFERENCES `info` (`id_info`),
  CONSTRAINT `info_archivo_idiomaweb_ibfk_2` FOREIGN KEY (`id_archivo`) REFERENCES `archivo` (`id_archivo`),
  CONSTRAINT `info_archivo_idiomaweb_ibfk_3` FOREIGN KEY (`id_idiomaweb`) REFERENCES `idiomaweb` (`id_idiomaweb`)
) ENGINE=InnoDB DEFAULT CHARSET=latin1;

--
-- Dumping data for table `info_archivo_idiomaweb`
--


--
-- Table structure for table `info_idiomaweb`
--

CREATE TABLE `info_idiomaweb` (
  `id_info` int(11) NOT NULL,
  `id_idiomaweb` int(11) NOT NULL,
  `fecha_info_idiomaweb` date NOT NULL,
  `hora_info_idiomaweb` varchar(255) NOT NULL,
  `titulo_info_idiomaweb` varchar(255) DEFAULT NULL,
  `subtitulo_info_idiomaweb` varchar(255) DEFAULT NULL,
  `textopresentacion_info_idiomaweb` text,
  `tags_info_idiomaweb` varchar(255) DEFAULT NULL,
  `activo_info_idiomaweb` int(11) NOT NULL,
  `orden_info_idiomaweb` int(11) NOT NULL,
  `autor_info_idiomaweb` varchar(255) DEFAULT NULL,
  `mostrar_autor_info_idiomaweb` int(11) NOT NULL,
  PRIMARY KEY (`id_info`,`id_idiomaweb`),
  KEY `id_idiomaweb` (`id_idiomaweb`),
  CONSTRAINT `info_idiomaweb_ibfk_1` FOREIGN KEY (`id_info`) REFERENCES `info` (`id_info`),
  CONSTRAINT `info_idiomaweb_ibfk_2` FOREIGN KEY (`id_idiomaweb`) REFERENCES `idiomaweb` (`id_idiomaweb`)
) ENGINE=InnoDB DEFAULT CHARSET=latin1;

--
-- Dumping data for table `info_idiomaweb`
--

INSERT INTO `info_idiomaweb` VALUES (1,1,'2016-01-25','16:50:53','Contacto co Concello','','','',1,1,'',0),(1,2,'2016-01-25','16:50:53','Contacto con el Ayuntamiento','','','',1,5,'',0),(2,1,'2016-01-26','17:55:55','Contrataci&oacute;n Municipal','','','',1,2,'',0),(3,1,'2016-01-26','23:01:09','Plans de urbanismo e obras p&uacute;blicas','','','',1,3,'',0),(4,1,'2016-01-26','23:13:12','Aviso legal','','','',1,4,'',0),(4,2,'2016-01-26','23:13:12','Aviso legal','','','',1,10,'',0),(5,1,'2016-02-10','16:42:33','Rexistro de intereses ','Declaración de bens patrimonais e declaración de causas de posible incompatibilidade (Corporación 2023/2027)','','',1,6,'',0),(5,2,'2016-02-10','16:42:33','Registro de intereses ','Declaración de bienes patrimoniales y declaración de causas de posible incompatibilidad (Corporación 2023/2027)','','',1,7,'',0),(6,1,'2016-02-11','12:25:13','Organigrama municipal','','','',1,8,'',0),(6,2,'2016-02-11','12:25:13','Organigrama municipal','','','',1,36,'',0),(8,1,'2016-02-22','13:32:30','Accesibilidade','','','',1,11,'',0),(8,2,'2016-02-22','13:32:30','Accesibilidad','','','',1,12,'',0),(9,1,'2016-02-24','15:41:10','Preguntas frecuentes','','','',1,13,'',0),(9,2,'2016-02-24','15:41:10','Preguntas frecuentes','','','',1,14,'',0),(10,1,'2017-01-16','12:33:01','','','','',0,15,'',0),(14,1,'2017-01-24','10:08:24','','','','',0,16,'',0),(14,2,'2017-01-24','10:08:24','','','','',0,17,'',0),(15,1,'2017-01-25','16:25:12','CIAC','','','',1,18,'',0),(15,2,'2017-01-25','16:25:12','CIAC','','','',1,19,'',0),(16,1,'2017-01-25','16:51:00','Servizo de Lacería','','','',1,20,'',0),(16,2,'2017-01-25','16:51:00','Servicio de Perrera','','','',1,21,'',0),(17,1,'2017-01-26','13:11:26','Plans urbanísticos','','<a title=\"PXOM\" href=\"http://www.santiagodecompostela.gal/medi/Urbanismo/pxom2008/INDICE_XERAL_PXOM.pdf\">Plan xeral de ordenaci&oacute;n municipal de Santiago de Compostela (PXOM)</a><br /><a href=\"http://www.santiagodecompostela.gal/medi/Urbanismo/normativa_tomo_I.pdf\">Plan especial de protecci&oacute;n e de rehabilitaci&oacute;n da Cidade hist&oacute;rica. Tomo I</a><br /><a href=\"http://www.santiagodecompostela.gal/medi/Urbanismo/normativa_tomo_II.pdf\">Plan especial de protecci&oacute;n e de rehabilitaci&oacute;n da Cidade hist&oacute;rica. Tomo II</a><br /><a title=\"Modificaci&oacute;n PE-1\" href=\"http://www.santiagodecompostela.gal/medi/departamento/atencion_cidadan/Urbanismo/Publicacion_normativa_no_BOP.pdf\">Publicaci&oacute;n en el BOP de la normativa de la modificaci&oacute;n puntual del Plan especial de protecci&oacute;n y rehabilitaci&oacute;n de la ciudad hist&oacute;rica (PE-1) para limitar los alojamientos de car&aacute;cter temporal en su tejido residencial</a><br /><a title=\"Xeoportal\" href=\"http://xeoportal.santiagodecompostela.gal/xeoportalsantiago/#/Inicio\">Xeoportal</a><br>','',1,22,'',0),(17,2,'2017-01-26','13:11:26','Planes urbanísticos','','','',1,23,'',0),(18,1,'2017-01-26','15:48:03','Punto Limpo','','','',1,24,'',0),(18,2,'2017-01-26','15:48:03','Punto Limpio','','','',1,25,'',0),(19,1,'2017-01-26','16:16:04','Consello de Medio Ambiente','','','',1,26,'',0),(19,2,'2017-01-26','16:16:04','Consejo de Medio Ambiente','','','',1,27,'',0),(20,1,'2017-01-26','16:29:38','Zonas verdes','','','',1,28,'',0),(20,2,'2017-01-26','16:29:38','Zonas verdes','','','',1,29,'',0),(21,1,'2017-01-27','13:57:55','Itinerario Verde','','','',1,30,'',0),(21,2,'2017-01-27','13:57:55','Itinerario Verde','','','',1,31,'',0),(22,1,'2017-01-27','14:38:57','Parques','','','',1,32,'',0),(22,2,'2017-01-27','14:38:57','Parques','','','',1,33,'',0),(23,1,'2017-01-27','14:54:21','Áreas Deportivas','','','',1,34,'',0),(23,2,'2017-01-27','14:54:21','Áreas Deportivas','','','',1,35,'',0),(24,1,'2017-02-16','14:42:35','Dereito de acceso á información','','','',1,37,'',0),(24,2,'2017-02-16','14:42:35','Derecho de acceso a la información pública','','','',1,40,'',0),(25,1,'2017-02-16','14:46:28','Catálogo de procedementos','','','',1,38,'',0),(25,2,'2017-02-16','14:46:28','Catálogo de procedimientos','','','',1,39,'',0),(27,1,'2017-03-02','13:00:58','Estatísticas sobre consultas e suxestións da cidadanía ou organizacións','','','',1,41,'',0),(28,2,'2017-03-02','14:11:56','Estatísticas sobre consultas y sugerencias de la cidadanía o de organizaciones','','','',1,43,'',0),(29,1,'2017-03-31','17:20:50','Composición das mesas de contratación','','','',1,44,'',0),(29,2,'2017-03-31','17:20:50','Composición de las mesas de contratación','','','',1,45,'',0),(30,1,'2019-06-14','13:56:42','Oferta de emprego','','','',1,46,'',0),(30,2,'2019-06-14','13:56:42','Oferta de empleo','','','',1,47,'',0),(31,1,'2019-07-17','13:09:42','Declaracións de bens patrimonais concelleiros de anteriores corporacións','','','',1,48,'',0),(31,2,'2019-07-17','13:09:42','Declaraciones de bienes patrimoniales concejales de anteriores corporaciones','','','',1,49,'',0),(34,1,'2019-08-02','12:40:03','Claudio Montiel Carracedo','','','',1,50,'',0),(35,1,'2019-08-02','12:41:57','Corporación 2015-2019','','','',1,51,'',0),(35,2,'2019-08-02','12:41:57','Corporación 2015-2019','','','',1,52,'',0),(39,1,'2019-12-27','09:30:07','Visor do ámbito de suspensión','','<a title=\"http://xeoportal.santiagodecompostela.gal/visores/AloxamentosTuristicos/\" href=\"http://xeoportal.santiagodecompostela.gal/visores/AloxamentosTuristicos/\">http://xeoportal.santiagodecompostela.gal/visores/AloxamentosTuristicos/</a><br>','',1,53,'',0),(40,1,'2020-07-17','13:20:06','Cita Previa','','','',1,54,'',0),(41,1,'2020-07-17','14:40:00','SISTEMA DE SOLICITUDE DE CITA PREVIA','','','',1,55,'',0),(42,1,'2020-07-17','14:56:23','Cita Previa','','','',1,56,'',0),(42,2,'2020-07-17','14:56:23','Cita Previa','','','',1,57,'',0),(43,1,'2021-01-18','13:07:47','4 de xaneiro de 2021 (Orde do día da Xunta de Goberno Local) ','4 de enero de 2021 (Orden del día de la Junta de Gobierno Local) ','','',1,58,'',0),(44,1,'2022-03-08','13:10:20','Integridade','','Neste apartado pode acceder &aacute; canle de denuncias sobre irregularidades en materia de integridade institucional prevista no <a href=\"../../../media/documentos/Plan_de_Prevencion_de_Riscos_e_Medidas_contra_a_Fraude.pdf\">Plan de Prevenci&oacute;n de Riscos de Xesti&oacute;n e Medidas Antifraude do Concello de Santiago de Compostela</a>.<br>','',1,59,'',0),(44,2,'2022-03-08','13:10:20','Integridad','','En este apartado puede acceder al canal de denuncias sobre irregularidades en materia de integridad institucional prevista en el Plan de Prevenci&oacute;n de Riesgos de Gesti&oacute;n y Medidas Antifraude del Ayuntamiento de Santiago de Compostela.<br>','',1,60,'',0),(46,1,'2022-03-25','11:36:02','CANLE DE DENUNCIAS','','','',1,62,'',0),(46,2,'2022-03-25','11:36:02','CANAL DE DENUNCIAS','','','',1,63,'',0),(48,1,'2023-06-21','13:30:39','Declaración de bens patrimonais e de causas de posible incompatibilidade. Corporación 2019/2023','','','',1,65,'',0),(48,2,'2023-06-21','13:30:39','Declaración de bienes patrimoniales y de causas de posible incompatibilidad. Corporación 2019/2023','','','',1,66,'',0);

--
-- Table structure for table `infoenlace_idiomaweb`
--

CREATE TABLE `infoenlace_idiomaweb` (
  `id_infoenlace_idiomaweb` int(11) NOT NULL AUTO_INCREMENT,
  `ref_info` int(11) NOT NULL,
  `ref_idiomaweb` int(11) NOT NULL,
  `titulo_infoenlace_idiomaweb` varchar(255) DEFAULT NULL,
  `url_infoenlace_idiomaweb` text,
  `title_infoenlace_idiomaweb` varchar(255) DEFAULT NULL,
  `blank_infoenlace_idiomaweb` int(1) NOT NULL DEFAULT '1',
  `activo_infoenlace_idiomaweb` int(11) NOT NULL,
  `orden_infoenlace_idiomaweb` int(11) NOT NULL,
  PRIMARY KEY (`id_infoenlace_idiomaweb`),
  KEY `ref_info` (`ref_info`),
  KEY `ref_idiomaweb` (`ref_idiomaweb`),
  CONSTRAINT `infoenlace_idiomaweb_ibfk_1` FOREIGN KEY (`ref_info`) REFERENCES `info` (`id_info`) ON DELETE CASCADE ON UPDATE CASCADE,
  CONSTRAINT `infoenlace_idiomaweb_ibfk_2` FOREIGN KEY (`ref_idiomaweb`) REFERENCES `idiomaweb` (`id_idiomaweb`) ON DELETE CASCADE ON UPDATE CASCADE
) ENGINE=InnoDB DEFAULT CHARSET=latin1;

--
-- Dumping data for table `infoenlace_idiomaweb`
--


--
-- Table structure for table `infoparrafo`
--

CREATE TABLE `infoparrafo` (
  `id_infoparrafo` int(11) NOT NULL AUTO_INCREMENT,
  `ref_info` int(11) NOT NULL,
  PRIMARY KEY (`id_infoparrafo`),
  KEY `ref_info` (`ref_info`),
  CONSTRAINT `infoparrafo_ibfk_1` FOREIGN KEY (`ref_info`) REFERENCES `info` (`id_info`) ON DELETE CASCADE ON UPDATE CASCADE
) ENGINE=InnoDB AUTO_INCREMENT=3293 DEFAULT CHARSET=latin1;

--
-- Dumping data for table `infoparrafo`
--

INSERT INTO `infoparrafo` VALUES (524,1),(525,1),(526,1),(527,1),(528,1),(529,1),(530,1),(531,1),(532,1),(533,1),(534,1),(535,1),(8,2),(9,3),(335,4),(336,4),(3276,5),(3277,5),(3278,5),(3279,5),(3280,5),(3281,5),(3282,5),(3288,5),(3289,5),(3290,5),(3291,5),(3292,5),(1564,6),(1565,6),(1566,6),(1567,6),(1568,6),(1569,6),(1570,6),(1571,6),(1572,6),(1573,6),(1574,6),(1575,6),(1576,6),(1577,6),(1578,6),(1579,6),(1580,6),(1581,6),(1582,6),(1583,6),(1584,6),(1585,6),(1586,6),(1587,6),(1588,6),(1589,6),(1590,6),(1591,6),(536,8),(537,8),(432,9),(433,9),(434,9),(435,9),(436,9),(437,9),(438,9),(439,9),(440,9),(441,9),(442,9),(443,9),(444,9),(445,9),(509,9),(510,9),(511,9),(512,9),(513,9),(514,9),(515,9),(516,9),(517,9),(518,9),(519,9),(520,9),(521,9),(522,9),(523,9),(546,10),(576,14),(611,15),(612,15),(3272,16),(3273,16),(3274,16),(3275,16),(1612,17),(1614,17),(3262,18),(3263,18),(3264,18),(3265,18),(3266,18),(3267,18),(3268,18),(3269,18),(3270,18),(3271,18),(653,19),(654,19),(692,20),(693,20),(694,20),(701,20),(702,20),(703,20),(786,21),(787,21),(788,21),(789,21),(790,21),(791,21),(810,21),(811,21),(812,21),(813,21),(814,21),(815,21),(818,22),(819,22),(824,23),(825,23),(2623,24),(2731,24),(2599,25),(2600,25),(2601,25),(2602,25),(2603,25),(2604,25),(2605,25),(2606,25),(2607,25),(2608,25),(2609,25),(2610,25),(2611,25),(2612,25),(2613,25),(2614,25),(1436,27),(1437,28),(1451,29),(1452,29),(2823,30),(2824,30),(1905,31),(1906,31),(1907,31),(1908,31),(1909,31),(1910,31),(1911,31),(1912,31),(1913,31),(1914,31),(1915,31),(1916,31),(1917,31),(1931,31),(1932,31),(1933,31),(1934,31),(1935,31),(1936,31),(1937,31),(1938,31),(1939,31),(1940,31),(1941,31),(1942,31),(1943,31),(1963,34),(2278,35),(2279,35),(2280,35),(2281,35),(2282,35),(2283,35),(2284,35),(2285,35),(2286,35),(2287,35),(2288,35),(2289,35),(2290,35),(2291,35),(2292,35),(2293,35),(2294,35),(2295,35),(2296,35),(2297,35),(2298,35),(2299,35),(2300,35),(2301,35),(2302,35),(2303,35),(2304,35),(2305,35),(2347,39),(2391,40),(2392,40),(2393,40),(2394,40),(2395,40),(2429,41),(2430,41),(2431,41),(2432,41),(2433,41),(2520,42),(2521,42),(2522,42),(2523,42),(2524,42),(2755,42),(2756,42),(2757,42),(2758,42),(2759,42),(2615,43),(2720,44),(2730,44),(2719,46),(2729,46),(3175,48),(3176,48),(3177,48),(3178,48),(3179,48),(3180,48),(3249,48),(3250,48),(3251,48),(3252,48),(3253,48),(3254,48),(3255,48),(3256,48);

--
-- Table structure for table `infoparrafo_archivo_idiomaweb`
--

CREATE TABLE `infoparrafo_archivo_idiomaweb` (
  `id_infoparrafo` int(11) NOT NULL,
  `id_idiomaweb` int(11) NOT NULL,
  `id_archivo` int(11) NOT NULL,
  `titulo_infoparrafo_archivo_idiomaweb` varchar(255) DEFAULT NULL,
  `descripcion_infoparrafo_archivo_idiomaweb` varchar(255) NOT NULL,
  `texto_infoparrafo_archivo_idiomaweb` text,
  `alt_infoparrafo_archivo_idiomaweb` varchar(255) DEFAULT NULL,
  `url_infoparrafo_archivo_idiomaweb` varchar(255) DEFAULT NULL,
  `alineacion_infoparrafo_archivo_idiomaweb` char(5) NOT NULL,
  `activo_infoparrafo_archivo_idiomaweb` int(11) NOT NULL,
  PRIMARY KEY (`id_infoparrafo`,`id_idiomaweb`,`id_archivo`),
  KEY `id_idiomaweb` (`id_idiomaweb`),
  KEY `id_archivo` (`id_archivo`),
  CONSTRAINT `infoparrafo_archivo_idiomaweb_ibfk_1` FOREIGN KEY (`id_infoparrafo`) REFERENCES `infoparrafo` (`id_infoparrafo`),
  CONSTRAINT `infoparrafo_archivo_idiomaweb_ibfk_2` FOREIGN KEY (`id_idiomaweb`) REFERENCES `idiomaweb` (`id_idiomaweb`),
  CONSTRAINT `infoparrafo_archivo_idiomaweb_ibfk_3` FOREIGN KEY (`id_archivo`) REFERENCES `archivo` (`id_archivo`)
) ENGINE=InnoDB DEFAULT CHARSET=latin1;

--
-- Dumping data for table `infoparrafo_archivo_idiomaweb`
--

INSERT INTO `infoparrafo_archivo_idiomaweb` VALUES (611,2,3548,'','','','','','r',1),(612,1,3548,'','','','','','r',1),(786,1,3636,'Itinerario Verde','','','','','r',1),(787,1,3637,'','','','','','r',1),(788,1,3638,'','','','','','r',1),(789,1,3639,'','','','','','r',1),(790,1,3640,'','','','','','r',1),(791,1,3643,'Proyecto cofinanciado por el Fondo Europeo de Desarrollo Regional','','','','','',1),(810,2,3636,'Itinerario Verde','','','','','r',1),(811,2,3637,'','','','','','r',1),(812,2,3638,'','','','','','r',1),(813,2,3639,'','','','','','r',1),(814,2,3640,'','','','','','r',1),(815,2,3643,'Proyecto cofinanciado por el Fondo Europeo de Desarrollo Regional','','','','','',1),(2393,1,6534,'','','','','','c',1),(2431,1,6534,'QR cita previa','','','','','c',1),(2522,2,6534,'QR cita previa','','','','','c',1),(2757,1,6534,'QR cita previa','','','','','c',1);

--
-- Table structure for table `infoparrafo_idiomaweb`
--

CREATE TABLE `infoparrafo_idiomaweb` (
  `id_infoparrafo` int(11) NOT NULL,
  `id_idiomaweb` int(11) NOT NULL,
  `titulo_infoparrafo_idiomaweb` varchar(255) DEFAULT NULL,
  `texto_infoparrafo_idiomaweb` text,
  `titulo_textodestacado_infoparrafo_idiomaweb` varchar(255) NOT NULL,
  `textodestacado_infoparrafo_idiomaweb` varchar(255) DEFAULT NULL,
  `alineacion_textodestacado_infoparrafo_idiomaweb` varchar(3) DEFAULT NULL,
  `activo_textodestacado_infoparrafo_idiomaweb` int(11) NOT NULL,
  `orden_infoparrafo_idiomaweb` int(11) NOT NULL,
  PRIMARY KEY (`id_infoparrafo`,`id_idiomaweb`),
  KEY `id_idiomaweb` (`id_idiomaweb`),
  CONSTRAINT `infoparrafo_idiomaweb_ibfk_1` FOREIGN KEY (`id_infoparrafo`) REFERENCES `infoparrafo` (`id_infoparrafo`),
  CONSTRAINT `infoparrafo_idiomaweb_ibfk_2` FOREIGN KEY (`id_idiomaweb`) REFERENCES `idiomaweb` (`id_idiomaweb`)
) ENGINE=InnoDB DEFAULT CHARSET=latin1;

--
-- Dumping data for table `infoparrafo_idiomaweb`
--

INSERT INTO `infoparrafo_idiomaweb` VALUES (8,1,'','Contrataci&oacute;n Municipal<br>','','','',0,1),(9,1,'','<ul><li class=\"last\">Plans de urbanismo e obras p&uacute;blicas</li></ul>&nbsp;','','','',0,1),(335,1,'Aviso legal e de responsabilidade','<p>Os dereitos de propiedade intelectual do portal <strong>transparencia.santiagodecompostela.org</strong> e dos elementos nel engadidos son titulariedade do Concello de Santiago de Compostela, reserv&aacute;ndose a facultade de efectuar modificaci&oacute;ns e actualizaci&oacute;ns sobre a informaci&oacute;n contida no portal, en calquera momento, e sen necesidade de previo aviso.<br /> <br /> O uso non autorizado da informaci&oacute;n e demais elementos contidos neste portal, as&iacute; como os prexu&iacute;zos ocasionados nos dereitos de propiedade intelectual e industrial do Concello de Santiago de Compostela, dar&aacute; lugar ao exercicio das acci&oacute;ns que legalmente lle correspondan a esta Administraci&oacute;n e, no seu caso, &aacute;s responsabilidades que dese dereito se puidesen derivar.<br /> <br /> O contido facilitado a trav&eacute;s desta web em&iacute;tese para efectos simplemente informativos e non substit&uacute;e a publicidade legal das leis, das disposici&oacute;ns e dos actos que te&ntilde;an que ser publicados formalmente nun bolet&iacute;n oficial. A&iacute;nda que se efectuar&aacute;n os esforzos precisos para que a informaci&oacute;n contida sexa exacta e actualizada, o Concello de Santiago non garante a inexistencia de erros no contido deste sitio, nin que se encontre totalmente actualizado. Unicamente os textos publicados nas edici&oacute;ns impresas do DOG ou doutros bolet&iacute;nes oficiais te&ntilde;en car&aacute;cter aut&eacute;ntico e validez oficial.<br /> <br /> O Concello de Santiago de Compostela non se fai responsable dos danos e das perdas que puidera ocasionar o uso ilex&iacute;timo ou inadecuado das ferramentas e informaci&oacute;ns contidas na web, con excepci&oacute;n de todas aquelas actuaci&oacute;ns que resulten da aplicaci&oacute;n das disposici&oacute;ns legais a que deba someterse no estricto exercicio das s&uacute;as competencias.<br /> <br /> Est&aacute; prohibido o env&iacute;o de correo masivo non solicitado ou de correo non solicitado dirixido a contas de correo electr&oacute;nico utilizadas nesta web.<br /> <br /> Est&aacute; prohibido utilizar esta web con fins comerciais ou de maneira inadecuada atendendo &aacute; s&uacute;a propia finalidade.<br /> <br /> Tanto o acceso ao portal, como ao uso que poida facerse da informaci&oacute;n contida no mesmo son da exclusiva responsabilidade do usuario.<br /> <br /> O Concello de Santiago de Compostela non asume ningunha responsabilidade derivada da conexi&oacute;n aos contidos dos enlaces a terceiros que poida conter o portal. Reco&ntilde;ece que os dereitos de propiedade intelectual e industrial das p&aacute;xinas enlazadas, pert&eacute;ncenlles aos seus respectivos autores e propietarios e a petici&oacute;n de calquera deles, o enlace ou enlaces retiraranse de xeito inmediato.<br /> <br /> O tratamento dos datos de car&aacute;cter persoal que se realice a trav&eacute;s deste sitio web estar&aacute; suxeito ao establecido na Lei org&aacute;nica 15/1999, de protecci&oacute;n de datos de car&aacute;cter persoal, e no resto da normativa de aplicaci&oacute;n.</p>','','','',0,1),(336,2,'Aviso legal y de responsabilidad','<p>Los derechos de propiedad intelectual del portal&nbsp;<strong>transparencia.santiagodecompostela.org</strong>&nbsp;y de los elementos en &eacute;l a&ntilde;adidos son titularidad del Ayuntamiento de Santiago de Compostela, reserv&aacute;ndose la facultad de efectuar modificaciones y actualizaciones sobre la informaci&oacute;n contenida en el portal, en cualquier momento, y sin necesidad de previo aviso.<br /> <br /> El uso no autorizado de la informaci&oacute;n y de los dem&aacute;s elementos contenidos en este portal, as&iacute; como los perjuicios ocasionados en los derechos de la propiedad intelectual e industrial del Ayuntamiento de Santiago de Compostela, dar&aacute; lugar al ejercicio de las acciones que legalmente le correspondan a esta Administraci&oacute;n y, en su caso, a las responsabilidades que de ese derecho se pudiesen derivar.<br /> <br /> El contenido facilitado a trav&eacute;s de esta web se emite para efectos simplemente informativos y no sustituye a la publicidad legal de las leyes, de las disposiciones y de los actos que tengan que ser publicados formalmente en un bolet&iacute;n oficial. Aunque se efectuar&aacute;n los esfuerzos precisos para que la informaci&oacute;n contenida sea exacta y actualizada, el Ayuntamiento no garantiza la inexistencia de errores en el contenido de este sitio, ni que se encuentre totalmente actualizado. &Uacute;nicamente los textos publicados en las ediciones impresas del DOG o de otros boletines oficiales tienen car&aacute;cter aut&eacute;ntico y validez oficial.<br /> <br /> El Ayuntamiento de Santiago de Compostela no se hace responsable de los da&ntilde;os y p&eacute;rdidas que pudiera ocasionar el uso ileg&iacute;timo o inadecuado de las herramientas e informaciones contenidas en la web, con excepci&oacute;n de todas aquellas actuaciones que resulten de la aplicaci&oacute;n de las disposiciones legales a que deba someterse en el estricto ejercicio de sus competencias.<br /> <br /> Est&aacute; prohibido el env&iacute;o de correo masivo no solicitado o de correo no solicitado a las cuentas de correo electr&oacute;nico utilizadas en esta web.<br /> Est&aacute; prohibido utilizar esta web con fines comerciales o de manera inadecuada atendiendo a su propia finalidad.<br /> <br /> Tanto el acceso al portal, como el uso que pueda hacerse de la informaci&oacute;n contenida en el mismo son de la exclusiva responsabilidad del usuario.<br /> <br /> El Ayuntamiento de Santiago de Compostela no asume ninguna responsabilidad derivada de la conexi&oacute;n a los contenidos de los enlaces a terceros que pueda contener el portal. Reconoce que los derechos de la propiedad intelectual e industrial de las p&aacute;ginas enlazadas les pertenecen a sus respectivos autores y propietarios, y a la petici&oacute;n de cualquiera de ellos, el enlace o enlaces se retirar&aacute;n de modo inmediato.<br /> <br /> El tratamiento de los datos de car&aacute;cter personal que se realice a trav&eacute;s de este sitio web estar&aacute; sujeto a lo establecido en la Ley org&aacute;nica 15/1999, de protecci&oacute;n de datos de car&aacute;cter personal, y en el resto de la normativa de aplicaci&oacute;n.</p>','','','',0,1),(432,1,'Lei de Transparencia','<p>A Lei 19/2013, do 9 de decembro, de Transparencia, Acceso &aacute; Informaci&oacute;n P&uacute;blica e Bo Goberno, ten por obxecto ampliar e reforzar a transparencia da actividade p&uacute;blica, regular e garantir o dereito de acceso &aacute; informaci&oacute;n relativa a aquela actividade e establecer as obrigaci&oacute;ns de bo goberno que deben cumprir os responsables p&uacute;blicos.</p>\r\n<p>A Lei apl&iacute;case a todas as Administraci&oacute;ns p&uacute;blicas e a todo o sector p&uacute;blico estatal, as&iacute; como a outras instituci&oacute;ns, como son a Casa da s&uacute;a Maxestade o Rei, o Consello Xeral do Poder Xudicial, o Tribunal Constitucional, o Congreso dos Deputados, o Senado, o Banco de Espa&ntilde;a, o Defensor do Pobo, o Tribunal de Contas, o Consello Econ&oacute;mico e Social e as instituci&oacute;ns auton&oacute;micas an&aacute;logas, en relaci&oacute;n coas actividades suxeitas a Dereito Administrativo.</p>\r\n<p>A Lei establece as obrigaci&oacute;ns de publicaci&oacute;n que afectan &aacute;s entidades p&uacute;blicas para garantir a transparencia na s&uacute;a actividade e regula o dereito de acceso dos cidad&aacute;ns &aacute; informaci&oacute;n p&uacute;blica.</p>\r\n<p>O artigo 28, letras f) e n), foi modificado pola disposici&oacute;n final terceira da Lei Org&aacute;nica 9/2013, do 20 de decembro, de control da d&eacute;beda comercial no sector p&uacute;blico.</p>\r\n<ul>\r\n<li><a title=\"Descargar Lei de Transparencia en galego (texto orixinal) BOE-A-2013-12887-G\" href=\"https://www.boe.es/boe_gallego/dias/2013/12/10/pdfs/BOE-A-2013-12887-G.pdf\" target=\"_blank\">Descargar Lei de Transparencia en galego</a>&nbsp;(texto orixinal) BOE-A-2013-12887-G</li>\r\n</ul>','','','',0,0),(433,1,'Que regula a Lei de Transparencia?','<p>A Lei de Transparencia, Acceso &aacute; Informaci&oacute;n P&uacute;blica e Bo Goberno (LTBG) prev&eacute; que informaci&oacute;n deben publicar as Administraci&oacute;ns P&uacute;blicas para co&ntilde;ecemento dos cidad&aacute;ns, como poden pedir a cidad&aacute;ns informaci&oacute;n &aacute;s Administraci&oacute;ns e cales son as regras de Bo Goberno que deben respectar os responsables p&uacute;blicos.</p>','','','',0,1),(434,1,'Que &eacute; o Portal da Transparencia do Concello de Santiago de Compostela?','<p>&Eacute; a plataforma pola que se poder&aacute; acceder &aacute; informaci&oacute;n p&uacute;blica do Concello de Santiago en cumprimento do disposto na Lei 19/2013 de Transparencia, Acceso &aacute; Informaci&oacute;n P&uacute;blica e Bo Goberno. Tam&eacute;n conter&aacute; a informaci&oacute;n que os cidad&aacute;ns soliciten con maior frecuencia en exercicio do dereito de acceso &aacute; informaci&oacute;n p&uacute;blica. &nbsp;Accedese a trav&eacute;s do portal web municipal <a title=\"www.santiagodecompostela.gal\" href=\"http://www.santiagodecompostela.gal\" target=\"_blank\">www.santiagodecompostela.gal</a>&nbsp;</p>','','','',0,2),(435,1,'Cal &eacute; o obxectivo  deste Portal?','<p>O Portal, de acordo co disposto pola Lei 19/2013, do 9 de decembro, de Transparencia, Acceso &aacute; Informaci&oacute;n P&uacute;blica e Bo Goberno, ten por obxecto ampliar e reforzar a transparencia da actividade p&uacute;blica, regular e garantir o dereito de acceso &aacute; informaci&oacute;n relativa a aquela actividade e establecer as obrigaci&oacute;ns de bo goberno que deben cumprir os responsables p&uacute;blicos do Concello de Santiago de Compostela.</p>','','','',0,3),(436,1,'Que &eacute; a Publicidade Activa?','<p>&Eacute; unha informaci&oacute;n agrupada nas categor&iacute;as definidas na lei, que o Concello deber&aacute; publicar de forma peri&oacute;dica e actualizada para garantir a transparencia da s&uacute;a actividade.</p>\r\n<p>Neste Portal da Transparencia facil&iacute;tase o acceso dos cidad&aacute;ns a toda a informaci&oacute;n do Concello de Santiago: institucional, organizativa, de planificaci&oacute;n, de relevancia xur&iacute;dica, econ&oacute;mica, orzamentaria e estat&iacute;stica, prevista na Lei.</p>','','','',0,4),(437,1,'Que informaci&oacute;n publ&iacute;case no Portal?','<p>Publ&iacute;case a informaci&oacute;n esixida na normativa de aplicaci&oacute;n e outra que se considere de interese para a cidadan&iacute;a, en concreto, as seguintes categor&iacute;as de informaci&oacute;n no que se co&ntilde;ece como Publicidade Activa:</p>\r\n<p><strong>Informaci&oacute;n organizativa</strong></p>\r\n<ul>\r\n<li>Funci&oacute;ns que se desenvolven nos diferentes departamentos municipais.</li>\r\n<li>Normativa de aplicaci&oacute;n.</li>\r\n<li>Plans e programas anuais, obxectivos, grao de cumprimento e resultados</li>\r\n</ul>\r\n<p><strong>Informaci&oacute;n de relevancia xur&iacute;dica</strong></p>\r\n<ul>\r\n<li>Directrices, instruci&oacute;ns, acordos, circulares, respostas a consultas (que supo&ntilde;an unha interpretaci&oacute;n do Dereito ou produzan efectos xur&iacute;dicos)</li>\r\n<li>Documentos que deban ser sometidos a informaci&oacute;n p&uacute;blica</li>\r\n</ul>\r\n<p><strong>Informaci&oacute;n de contido econ&oacute;mico</strong></p>\r\n<ul>\r\n<li>Contratos</li>\r\n<li>Convenios e encomendas de xesti&oacute;n</li>\r\n<li>Retribuci&oacute;ns de altos cargos</li>\r\n<li>Subvenci&oacute;ns e axudas p&uacute;blicas</li>\r\n<li>Orzamentos</li>\r\n<li>Contas anuais. Informes de auditor&iacute;a de contas e de fiscalizaci&oacute;n</li>\r\n<li>Bens inmobles de propiedade municipal</li>\r\n</ul>','','','',0,5),(438,1,'Existe algunha restrici&oacute;n &aacute; publicaci&oacute;n da informaci&oacute;n?','<p>Cando afecte a cuesti&oacute;ns sensibles como a seguridade nacional, a defensa ou a protecci&oacute;n de datos persoais. Nestes casos, deber&aacute; comprobarse se, verdadeiramente, a publicaci&oacute;n afecta os l&iacute;mites que a Lei prev&eacute; ou, para o caso dos datos persoais, se estes poden eliminarse do documento que se publique.</p>','','','',0,6),(439,1,'Que ocorre se non atopo informaci&oacute;n no Portal?','<p>En principio, a informaci&oacute;n m&aacute;is relevante para o cidad&aacute;n e de frecuente acceso estar&aacute; dispo&ntilde;ible no Portal de maneira accesible, reutilizable e interoperable. Se o interesado necesita m&aacute;is informaci&oacute;n ou necesita m&aacute;is detalle pode acceder ao servizo de solicitude de informaci&oacute;n p&uacute;blica que &eacute; un dereito regulado pola lei de transparencia e bo goberno.&nbsp;</p>','','','',0,7),(440,1,'Que ocorre se non se cumpre coas obrigaci&oacute;ns de transparencia e non se publica a informaci&oacute;n?','<p>O incumprimento poder&aacute; dar lugar a procedementos disciplinarios, e a imposici&oacute;n das sanci&oacute;ns previstas na normativa de aplicaci&oacute;n.&nbsp;</p>','','','',0,8),(441,1,'Que &eacute; o dereito de acceso &aacute; informaci&oacute;n p&uacute;blica?','<p>&Eacute; o dereito de acceso a acceder a informaci&oacute;n p&uacute;blica nos termos previstos na Constituci&oacute;n artigo 105.b), entend&eacute;ndose como informaci&oacute;n p&uacute;blica os contidos ou documentos, calquera que sexa o seu soporte ou formato, que obren en poder da administraci&oacute;n e que fosen elaborados ou adquiridos no exercicio das s&uacute;as funci&oacute;ns.</p>','','','',0,9),(442,1,'P&oacute;dese pedir calquera informaci&oacute;n?','<p>Os l&iacute;mites ve&ntilde;en marcados pola lei e xustif&iacute;canse en evitar o dano dunha persoa ou do interese p&uacute;blico. &Eacute; o &oacute;rgano ao que se lle solicita unha informaci&oacute;n o que deber&aacute; valorar se, efectivamente, facilitar esa informaci&oacute;n pode provocar o dano.</p>\r\n<p>A Lei establece os seguinte l&iacute;mites:</p>\r\n<ul>\r\n<li>A seguridade nacional</li>\r\n<li>A defensa</li>\r\n<li>As relaci&oacute;ns exteriores</li>\r\n<li>A seguridade p&uacute;blica</li>\r\n<li>A prevenci&oacute;n, investigaci&oacute;n e sanci&oacute;n dos il&iacute;citos penais, administrativos ou disciplinarios</li>\r\n<li>A igualdade das partes nos procesos xudiciais e a tutela xudicial efectiva</li>\r\n<li>As funci&oacute;ns administrativas de vixilancia, inspecci&oacute;n e control</li>\r\n<li>Os intereses econ&oacute;micos e comerciais</li>\r\n<li>A pol&iacute;tica econ&oacute;mica e monetaria</li>\r\n<li>O segredo profesional e a propiedade intelectual e industrial</li>\r\n<li>A garant&iacute;a do segredo requirido en procesos de toma de decisi&oacute;n</li>\r\n<li>A protecci&oacute;n do medio ambiente</li>\r\n</ul>','','','',0,10),(443,1,'Como debe procederse en relaci&oacute;n &aacute; protecci&oacute;n de datos persoais?','<p>Se a informaci&oacute;n solicitada tivera datos especialmente protexidos, o acceso unicamente se poder&aacute; autorizar no caso de que se contase con el consentimento expreso y por escrito do afectado.</p>','','','',0,11),(444,1,'Que &eacute; o acceso parcial?','<p>Nos casos nos que se solicite informaci&oacute;n na que parte da mesma estea sometida a algunha causa de l&iacute;mite do dereito, admitirase parcialmente a solicitude e indicarase ao solicitante a informaci&oacute;n que foi omitida. Se a informaci&oacute;n solicitada contivese datos especialmente protexidos, o acceso unicamente poderase autorizar no caso de que se contase co consentimento expreso e por escrito do afectado.</p>','','','',0,12),(445,1,'En  que  casos  non procede utilizar este procedemento?','<p>Naqueles casos ou materias para os que exista un r&eacute;xime xur&iacute;dico espec&iacute;fico de acceso (apartados 2 e 3 da disposici&oacute;n adicional primeira da Lei 19/2013, do 9 de decembro, de transparencia, acceso &aacute; informaci&oacute;n p&uacute;blica e bo goberno). &Eacute; o caso, por exemplo, das solicitudes de acceso a informaci&oacute;n p&uacute;blica ambiental (neste suposto, aplicar&iacute;ase a Lei 27/2006, do 18 de xullo, pola que se regulan os dereitos de acceso &aacute; informaci&oacute;n, de participaci&oacute;n p&uacute;blica e de acceso &aacute; xustiza en materia de medio ambiente).</p>\r\n<p>Cando se queira acceder a un contido ou documento dun procedemento administrativo no que o solicitante te&ntilde;a a condici&oacute;n de interesado. En tales casos, e de acordo co que establece o apartado 1 da disposici&oacute;n adicional primeira da Lei 19/2013, do 9 de decembro, de transparencia, acceso &aacute; informaci&oacute;n p&uacute;blica e bo goberno, non se aplicar&aacute; o procedemento que contempla esta lei, sen&oacute;n a normativa reguladora do correspondente procedemento administrativo.</p>\r\n<p>Para suxesti&oacute;ns e reclamaci&oacute;ns, para este fin existe outra canle e procedemento no Concello de Santiago.</p>\r\n<p>Para consultas xur&iacute;dicas ou solicitar interpretaci&oacute;ns sobre a aplicaci&oacute;n de normativa municipal. Este tipo de petici&oacute;ns xerar&iacute;an unha informaci&oacute;n p&uacute;blica nova e, por tanto, non existente &aacute; data da solicitude.</p>\r\n<p>En solicitudes de informaci&oacute;n sobre xesti&oacute;ns ou tr&aacute;mites municipais, instalaci&oacute;ns, dependencias e servizos que presta o Concello de Santiago, horarios, etc. Esta informaci&oacute;n pode obtela a trav&eacute;s das distintas canles, canles e ferramentas de Atenci&oacute;n &aacute; cidadan&iacute;a.&nbsp;</p>','','','',0,13),(509,2,'Ley de Transparencia','<p>La Ley 19/2013, de 9 de diciembre, de Transparencia, Acceso a la Informaci&oacute;n P&uacute;blica y Buen Gobierno, tiene por objeto ampliar y reforzar la transparencia de la actividad p&uacute;blica, regular y garantizar el derecho de acceso a la informaci&oacute;n relativa a aquella actividad y establecer las obligaciones de buen gobierno que deben cumplir los responsables p&uacute;blicos.</p>\r\n<p>La Ley se aplica a todas las Administraciones p&uacute;blicas y a todo el sector p&uacute;blico estatal, as&iacute; como a otras instituciones, como son la Casa de Su Majestad el Rey, el Consejo General del Poder Judicial, el Tribunal Constitucional, el Congreso de los Diputados, el Senado, el Banco de Espa&ntilde;a, el Defensor del Pueblo, el Tribunal de Cuentas, el Consejo Econ&oacute;mico y Social y las instituciones auton&oacute;micas an&aacute;logas, en relaci&oacute;n con las actividades sujetas a Derecho Administrativo.</p>\r\n<p>La Ley establece las obligaciones de publicaci&oacute;n que afectan a las entidades p&uacute;blicas para garantizar la transparencia en su actividad y regula el derecho de acceso de los ciudadanos a la informaci&oacute;n p&uacute;blica.</p>\r\n<p>El art&iacute;culo 28, letras f) y n), ha sido modificado por la disposici&oacute;n final tercera de la Ley Org&aacute;nica 9/2013, de 20 de diciembre, de control de la deuda comercial en el sector p&uacute;blico.</p>\r\n<ul>\r\n<li><span style=\"text-decoration: underline;\"><a title=\"Descargar Ley de Transparencia en Espa&ntilde;ol (texto original) BOE-A-2013-12887\" href=\"http://www.boe.es/boe/dias/2013/12/10/pdfs/BOE-A-2013-12887.pdf\" target=\"_blank\">Descargar Ley de Transparencia en Espa&ntilde;ol</a></span>&nbsp;(texto original) BOE-A-2013-12887</li>\r\n</ul>','','','',0,1),(510,2,'&iquest;Qu&eacute; regula la Ley de Transparencia?','<p>La Ley de Transparencia, Acceso a la Informaci&oacute;n P&uacute;blica y Buen Gobierno (LTBG) regula la informaci&oacute;n que deben publicar las Administraciones P&uacute;blicas para conocimiento de los ciudadanos, c&oacute;mo pueden pedir los ciudadanos informaci&oacute;n.</p>','','','',0,2),(511,2,'&iquest;Qu&eacute; es el Portal de la Transparencia del ayuntamiento de Santiago de Compostela?','<p>Es la plataforma por la que se podr&aacute; acceder a la informaci&oacute;n p&uacute;blica del ayuntamiento de Santiago. Tambi&eacute;n contendr&aacute; la informaci&oacute;n que los ciudadanos soliciten con mayor frecuencia en ejercicio del derecho de acceso a la informaci&oacute;n p&uacute;blica. Se accede a trav&eacute;s de la web&nbsp;<a title=\"www.santiagodecompostela.gal\" href=\"http://www.santiagodecompostela.gal\" target=\"_blank\">www.santiagodecompostela.gal</a></p>','','','',0,3),(512,2,'&iquest;Qu&eacute; objetivo tiene este Portal?','<p>El Portal, de acuerdo con lo dispuesto por la Ley 19/2013, de 9 de diciembre, de Transparencia, Acceso a la Informaci&oacute;n P&uacute;blica y Buen Gobierno, tiene por objeto ampliar y reforzar la transparencia de la actividad p&uacute;blica, regular y garantizar el derecho de acceso a la informaci&oacute;n relativa a aquella actividad y establecer las obligaciones de buen gobierno que deben cumplir los responsables p&uacute;blicos.</p>','','','',0,4),(513,2,'&iquest;Qu&eacute; es la Publicidad Activa?','<p>Es una informaci&oacute;n agrupada en las categor&iacute;as definidas en la ley, que las administraciones p&uacute;blicas deber&aacute;n publicar de forma peri&oacute;dica y actualizada para garantizar la transparencia de su actividad.</p>\r\n<p><br />En este Portal de la Transparencia del Gobierno de Santiago de Compostela se facilita el acceso de los ciudadanos a toda la informaci&oacute;n institucional, organizativa, de planificaci&oacute;n, de relevancia jur&iacute;dica, econ&oacute;mica, presupuestaria y estad&iacute;stica prevista en la Ley.</p>','','','',0,5),(514,2,'&iquest;Qu&eacute; informaci&oacute;n se publica en el Portal?','<p>La Ley regula la publicaci&oacute;n de las siguientes categor&iacute;as de informaci&oacute;n en lo que se conoce como Publicidad Activa:</p>\r\n<p><strong>Informaci&oacute;n organizativa</strong></p>\r\n<ul>\r\n<li>Funciones que se desarrollan en los organismos</li>\r\n<li>&nbsp;Normativa de aplicaci&oacute;n</li>\r\n<li>Planes y programas anuales, objetivos, grado de cumplimiento y resultados</li>\r\n</ul>\r\n<p><strong>Informaci&oacute;n de relevancia jur&iacute;dica</strong></p>\r\n<ul>\r\n<li>Directrices, instrucciones, acuerdos, circulares, respuestas a consultas (que supongan una interpretaci&oacute;n del Derecho o produzcan efectos jur&iacute;dicos)</li>\r\n<li>Documentos que deban ser sometidos a informaci&oacute;n p&uacute;blica</li>\r\n</ul>\r\n<p><strong>Informaci&oacute;n de contenido econ&oacute;mico</strong></p>\r\n<ul>\r\n<li>Contratos</li>\r\n<li>Convenios y encomiendas de gesti&oacute;n</li>\r\n<li>Retribuciones de altos cargos</li>\r\n<li>Subvenciones y ayudas p&uacute;blicas</li>\r\n<li>Presupuestos</li>\r\n<li>Cuentas anuales. Informes de auditor&iacute;a de cuentas y de fiscalizaci&oacute;n</li>\r\n<li>Bienes inmuebles de propiedad municipal</li>\r\n</ul>','','','',0,6),(515,2,'&iquest;Existe alguna restricci&oacute;n a la publicaci&oacute;n de la informaci&oacute;n?','<p>Puede que la informaci&oacute;n no pueda publicarse porque afecte a cuestiones sensibles como la seguridad nacional, la defensa o la protecci&oacute;n de datos personales. En estos casos, deber&aacute; comprobarse si, verdaderamente, la publicaci&oacute;n afecta a los l&iacute;mites que la Ley prev&eacute; o, para el caso de los datos personales, si &eacute;stos pueden eliminarse del documento que se publique.</p>','','','',0,7),(516,2,'&iquest;Qu&eacute; ocurre si no encuentro informaci&oacute;n en el Portal?','<p>En principio, la informaci&oacute;n m&aacute;s relevante para el ciudadano y de frecuente acceso estar&aacute; disponible en el Portal de manera accesible, reutilizable e interoperable. Si el interesado necesita m&aacute;s informaci&oacute;n o necesita m&aacute;s detalle, entonces, se podr&aacute; acceder al servicio de solicitud de informaci&oacute;n p&uacute;blica que es un derecho regulado por la ley de transparencia y buen gobierno. Este servicio se encuentra disponible en el Portal.</p>','','','',0,8),(517,2,'&iquest;Qu&eacute; ocurre si no se cumple con las obligaciones de transparencia y no se publica la informaci&oacute;n?','<p>El Consejo de Transparencia y Buen Gobierno velar&aacute; por el cumplimiento de las disposiciones de la Ley y el incumplimiento podr&aacute; dar lugar a procedimientos disciplinarios.</p>','','','',0,9),(518,2,'&iquest;Qu&eacute; es el derecho de acceso a la informaci&oacute;n p&uacute;blica?','<p>Es el derecho de acceso a acceder a informaci&oacute;n p&uacute;blica en los t&eacute;rminos previstos en la Constituci&oacute;n art&iacute;culo 105.b), entendi&eacute;ndose como informaci&oacute;n p&uacute;blica los contenidos o documentos, cualquiera que sea su soporte o formato, que obren en poder de la administraci&oacute;n y que hayan sido elaborados o adquiridos en el ejercicio de sus funciones.</p>','','','',0,10),(519,2,'&iquest;Se puede pedir cualquier informaci&oacute;n?','<p>El derecho de acceso a la informaci&oacute;n est&aacute; sujeto a ciertos l&iacute;mites que tienen como objetivo proteger otros bienes jur&iacute;dicos que pueden quedar desprotegidos si se da la informaci&oacute;n. Es decir, los l&iacute;mites existen para proteger informaci&oacute;n que no debe ser p&uacute;blica porque, si lo fuera, podr&iacute;a da&ntilde;ar a una persona o al inter&eacute;s p&uacute;blico.</p>\r\n<p>Estos l&iacute;mites est&aacute;n tasados en la Ley y son los siguientes:</p>\r\n<ul>\r\n<li>La seguridad nacional</li>\r\n<li>La defensa</li>\r\n<li>Las relaciones exteriores</li>\r\n<li>La seguridad p&uacute;blica</li>\r\n<li>La prevenci&oacute;n, investigaci&oacute;n y sanci&oacute;n de los il&iacute;citos penales, administrativos o disciplinarios</li>\r\n<li>La igualdad de las partes en los procesos judiciales y la tutela judicial efectiva</li>\r\n<li>Las funciones administrativas de vigilancia, inspecci&oacute;n y control</li>\r\n<li>Los intereses econ&oacute;micos y comerciales</li>\r\n<li>La pol&iacute;tica econ&oacute;mica y monetaria</li>\r\n<li>El secreto profesional y la propiedad intelectual e industrial</li>\r\n<li>La garant&iacute;a de la confidencialidad o el secreto requerido en procesos de toma de decisi&oacute;n</li>\r\n<li>La protecci&oacute;n del medio ambiente</li>\r\n</ul>','','','',0,11),(520,2,'&iquest;C&oacute;mo se aplican los l&iacute;mites?','<p>El &oacute;rgano al que se le solicita una informaci&oacute;n cuya publicaci&oacute;n considera que puede perjudicar a alguno de los l&iacute;mites deber&aacute; valorar si, efectivamente, se produce un da&ntilde;o si se provee esa informaci&oacute;n.</p>','','','',0,12),(521,2,'&iquest;C&oacute;mo debe procederse en relaci&oacute;n a la protecci&oacute;n de datos personales?','<p>Si la informaci&oacute;n solicitada contuviera datos especialmente protegidos, el acceso &uacute;nicamente se podr&aacute; autorizar en caso de que se contase con el consentimiento expreso y por escrito del afectado.</p>','','','',0,13),(522,2,'&iquest;Qu&eacute; es el acceso parcial?','<p>En los casos en los que se solicite informaci&oacute;n en la que parte de la misma est&eacute; sometida a alguna causa de l&iacute;mite del derecho, se admitir&aacute; parcialmente la solicitud y se indicar&aacute; al solicitante la informaci&oacute;n que ha sido omitida.</p>','','','',0,14),(523,2,'&iquest;En qu&eacute; casos no procede utilizar este procedimiento?','<p>En aquellos casos o materias para los que exista un r&eacute;gimen jur&iacute;dico espec&iacute;fico de acceso (apartados 2 y 3 de la disposici&oacute;n adicional primera de la Ley 19/2013, de 9 de diciembre, de transparencia, acceso a la informaci&oacute;n p&uacute;blica y buen gobierno). Es el caso, por ejemplo, de las solicitudes de acceso a informaci&oacute;n p&uacute;blica medioambiental (en este supuesto, se aplicar&iacute;a la Ley 27/2006, de 18 de julio, por la que se regulan los derechos de acceso a la informaci&oacute;n, de participaci&oacute;n p&uacute;blica y de acceso a la justicia en materia de medio ambiente).</p>\r\n<p>Cuando se quiera acceder a un contenido o documento de un procedimiento administrativo en el que el solicitante tenga la condici&oacute;n de interesado. En tales casos, y de acuerdo con lo que establece el apartado 1 de la disposici&oacute;n adicional primera de la Ley 19/2013, de 9 de diciembre, de transparencia, acceso a la informaci&oacute;n p&uacute;blica y buen gobierno, no se aplicar&aacute; el procedimiento que contempla esta ley, sino la normativa reguladora del correspondiente procedimiento administrativo.</p>\r\n<p>Para sugerencias y reclamaciones, para este fin existe otro cauce y procedimiento en el Ayuntamiento de Santiago.</p>\r\n<p>Para consultas jur&iacute;dicas o solicitar interpretaciones sobre la aplicaci&oacute;n de normativa municipal. Este tipo de peticiones generar&iacute;an una informaci&oacute;n p&uacute;blica nueva y, por tanto, no existente a la fecha de la solicitud.</p>\r\n<p>En solicitudes de informaci&oacute;n sobre gestiones o tr&aacute;mites municipales, instalaciones, dependencias y servicios que presta el Ayuntamiento de Santiago, horarios, etc. Esta informaci&oacute;n puede obtenerla a trav&eacute;s de los distintos cauces, canales y herramientas de atenci&oacute;n al ciudadano. </p>','','','',0,15),(524,1,'Queixas e suxesti&oacute;ns','<p>Pode indicarnos de xeito formal as deficiencias e/ou as propostas de mellora sobre o funcionamento de calquera servizo municipal. A Oficina de Queixas e suxesti&oacute;ns traballa para que a <strong>Comisi&oacute;ns especial de Reclamaci&oacute;ns e Suxesti&oacute;ns</strong> analice e resolva as deficiencias nos servizos municipais.</p>\r\n<ul>\r\n<li><strong><a title=\"Queixas e suxesti&oacute;ns\" href=\"https://seguro.santiagodecompostela.org/?&amp;lg=gal\" target=\"_blank\">Queixas e suxesti&oacute;ns</a></strong></li>\r\n</ul>\r\n<p><em>(*)Debe identificarse a trav&eacute;s do seu DNI electr&oacute;nico ou utilizando a clave de acceso &aacute; Carpeta Cidad&aacute;.</em><br /><em>(*)Non te&ntilde;en a consideraci&oacute;n de recurso administrativo, nin interrompe prazos para a tramitaci&oacute;n de procedementos administrativos.</em></p>\r\n<ul>\r\n<li><strong><a title=\"Preguntas frecuentes\" href=\"http://santiagodecompostela.org/faq.php?txt=faq_queixas&amp;lg=gal\" target=\"_blank\">Preguntas frecuentes</a></strong></li>\r\n</ul>','','','',0,1),(525,1,'Comunicaci&oacute;n de incidencias','<p>Pode avisarnos da necesidade de calquera arranxo puntual ou deficiencia de calquera servicio municipal.<br /> <br /> Non &eacute; obrigatoria a identificaci&oacute;n expresa. &Eacute; aconsellable establecer un tel&eacute;fono de contacto</p>\r\n<ul>\r\n<li><strong><a title=\"Comunicaci&oacute;n de incidencias\" href=\"http://www.lineaverdesantiagodecompostela.org/lv/incidencias_online.asp\" target=\"_blank\">Comunicaci&oacute;n de incidencias</a></strong></li>\r\n<li><strong><a title=\"M&aacute;is informaci&oacute;n\" href=\"http://santiagodecompostela.org/faq.php?txt=faq_informacion&amp;lg=gal\" target=\"_blank\">M&aacute;is informaci&oacute;n</a></strong></li>\r\n</ul>','','','',0,2),(526,1,'Li&ntilde;a directa cos Departamentos','<p>Pode solicitar informaci&oacute;n espec&iacute;fica ou dirixir comentarios a un departamento municipal.</p>\r\n<ul>\r\n<li><strong><a class=\"\" title=\"Li&ntilde;a directa cos Departamentos\" href=\"http://www.santiagodecompostela.org/contacto_dpto.php?&amp;lg=gal\" target=\"_blank\">Li&ntilde;a directa cos Departamentos</a></strong></li>\r\n</ul>','','','',0,3),(527,1,'Li&ntilde;a directa co seu Alcalde','<p>Pode dirixirse directamente ao Alcalde para solicitarlle audiencia, consultarlle asuntos que afecten a toda a cidade ou para dar a s&uacute;a opini&oacute;n sobre calquera tema que afecte ao noso municipio.</p>\r\n<ul>\r\n<li><strong><a class=\"\" title=\"Li&ntilde;a directa co seu Alcalde\" href=\"http://www.santiagodecompostela.org/contacto_p.php?&amp;lg=gal\" target=\"_blank\">Li&ntilde;a directa co seu Alcalde</a></strong></li>\r\n</ul>','','','',0,4),(528,1,'Solicitude de informaci&oacute;n ','<p>Informaci&oacute;n xeral sobre tramitaci&oacute;n administrativa do Concello de Santiago, normativa municipal, convocatorias, anuncios municipais...</p>\r\n<ul>\r\n<li><strong><a title=\"Solicitude de informaci&oacute;n\" href=\"http://www.santiagodecompostela.org/contacto_informacion.php?&amp;lg=gal\" target=\"_blank\">Solicitude de informaci&oacute;n </a></strong></li>\r\n</ul>','','','',0,5),(529,1,'','<p><em>*Os datos de car&aacute;cter persoal que se faciliten por correo electr&oacute;nico, mediante este formulario, quedar&aacute;n rexistrados nos ficheiros do Concello de Santiago de Compostela de usuarios de servizos web e/ou de usuarios do Libro de Queixas e Suxesti&oacute;ns, coa finalidade de contestar &aacute;s consultas, resolver as queixas e suxesti&oacute;ns&nbsp;e obter datos estat&iacute;sticos das mesmas. En calquera momento, poder&aacute; exercitar os dereitos de acceso, rectificaci&oacute;n, cancelaci&oacute;n e oposici&oacute;n, present&aacute;ndoo por escrito no Rexistro Xeral deste Concello. </em></p>','','','',0,6),(530,2,'Quejas y sugerencias','<p>Puede indicarnos de manera formal las deficiencias y/o las propuestas de mejora sobre el funcionamiento de cualquier servicio municipal. La Oficina de Quejas y Sugerencias trabaja para que la <strong>Comisi&oacute;n especial de Reclamaciones y Sugerencias</strong> analice y resuelva las deficiencias en los servicios municipales. .</p>\r\n<ul>\r\n<li><strong><a title=\"Quejas y sugerencias\" href=\"https://seguro.santiagodecompostela.org/?&amp;lg=cas\" target=\"_blank\">Quejas y sugerencias</a></strong></li>\r\n</ul>\r\n<p><em>(*)Debe identificarse a trav&eacute;s do seu DNI electr&oacute;nico ou utilizando a clave de acceso &aacute; Carpeta Cidad&aacute;.</em><br /><em>(*)Non te&ntilde;en a consideraci&oacute;n de recurso administrativo, nin interrompe prazos para a tramitaci&oacute;n de procedementos administrativos.</em></p>\r\n<ul>\r\n<li><strong><a title=\"Preguntas frecuentes\" href=\"http://santiagodecompostela.org/faq.php?txt=faq_queixas&amp;lg=cas\" target=\"_blank\">Preguntas frecuentes</a></strong></li>\r\n</ul>','','','',0,1),(531,2,'Comunicaci&oacute;n de incidencias','<p>Puede avisarnos de la necesidad de cualquier arreglo puntual o deficiencia de cualquier servicio municipal.<br /> <br /> No es obligatoria la identificaci&oacute;n expresa. Es aconsejable establecer un tel&eacute;fono de contacto.</p>\r\n<ul>\r\n<li><strong><a title=\"Comunicaci&oacute;n de incidencias\" href=\"http://www.lineaverdesantiagodecompostela.org/lv/incidencias_online.asp\" target=\"_blank\">Comunicaci&oacute;n de incidencias</a></strong></li>\r\n<li><strong><a title=\"M&aacute;s informaci&oacute;n\" href=\"http://santiagodecompostela.org/faq.php?txt=faq_informacion&amp;lg=cas\" target=\"_blank\">M&aacute;s informaci&oacute;n</a></strong></li>\r\n</ul>','','','',0,2),(532,2,'L&iacute;nea directa con los Departamentos','<p>Puede solicitar informaci&oacute;n espec&iacute;fica o dirigir comentarios a un departamento municipal.</p>\r\n<ul>\r\n<li><strong><a title=\"L&iacute;nea directa con los Departamentos\" href=\"http://www.santiagodecompostela.org/contacto_dpto.php?&amp;lg=cas\" target=\"_blank\">L&iacute;nea directa con los Departamentos</a></strong></li>\r\n</ul>','','','',0,3),(533,2,'L&iacute;nea directa con su Alcalde','<p>Puede dirigirse directamente al Alcalde para solicitarle audiencia, consultarle sobre asuntos que afecten a toda la ciudad o para dar su opini&oacute;n sobre cualquier tema que afecte a nuestro municipio.</p>\r\n<ul>\r\n<li><strong><a title=\"L&iacute;nea directa con su Alcalde\" href=\"http://www.santiagodecompostela.org/contacto_p.php?&amp;lg=cas\" target=\"_blank\">L&iacute;nea directa con su Alcalde</a></strong></li>\r\n</ul>','','','',0,4),(534,2,'Solicitud de informaci&oacute;n ','<p>Informaci&oacute;n general sobre tramitaci&oacute;n administrativa del Ayuntamiento de Santiago, normativa municipal, convocatorias, anuncios municipales...</p>\r\n<ul>\r\n<li><strong><a title=\"Solicitud de informaci&oacute;n\" href=\"http://www.santiagodecompostela.org/contacto_informacion.php?&amp;lg=cas\" target=\"_blank\">Solicitud de informaci&oacute;n </a></strong></li>\r\n</ul>','','','',0,5),(535,2,'','<p><em>*Los datos de car&aacute;cter personal que se faciliten por correo electr&oacute;nico, mediante este formulario, quedar&aacute;n registrados en los ficheros del Ayuntamiento de Santiago de Compostela de usuarios de servicios web y/o de usuarios del Libro de Quejas y Sugerencias, con la finalidad de contestar las consultas, resolver las quejas y sugerencias&nbsp;y obtener datos estad&iacute;sticos de las mismas. En cualquier momento, podr&aacute; ejercitar los derechos de acceso, rectificaci&oacute;n, cancelaci&oacute;n y oposici&oacute;n, present&aacute;ndolo por escrito en Registro General de este Ayuntamiento. </em></p>','','','',0,6),(536,1,'','<p>O Concello de Santiago procura que a presentaci&oacute;n de todos os contidos e funcionalidades esenciais da s&uacute;a web sexan independentes dos dispositivos f&iacute;sicos e dos navegadores web empregados para tal fin, codificados con est&aacute;ndares t&eacute;cnicos de uso libre e gratu&iacute;to, e accesibles para navegadores adaptados a persoas con eivas ou limitaci&oacute;ns sensoriais, motoras ou cognitivas.<br /><br />A Uni&oacute;n Europea, na resoluci&oacute;n do Consello de 25 de marzo de 2002, anima os Estados membros a ter en conta a necesidade de que os contidos dixitais sexan accesibles e, seguindo esta recomendaci&oacute;n, a Lei 34/2002, de 11 de xullo, de Servizos da Sociedade da Informaci&oacute;n e de Comercio Electr&oacute;nico, disp&oacute;n que as Administraci&oacute;ns P&uacute;blicas adoptar&aacute;n as medidas necesarias para que a informaci&oacute;n dispo&ntilde;ible nas s&uacute;as p&aacute;xinas de internet sexa accesible a persoas con discapacidades e de idade avanzada, de acordo cos criterios de accesibilidade ao contido xeralmente reco&ntilde;ecidos, antes do 31 de decembro de 2005.<br /><br />En coherencia con este obxectivo, o dese&ntilde;o da web do Concello de Santiago realizouse tendo en conta as recomendaci&oacute;ns de accesibilidade para o primeiro nivel de prioridade das directrices WAI (Web Accessibility Initiative) do W3C. </p>','','','',0,1),(537,2,'','<p>El Ayuntamiento de Santiago procura que la presentaci&oacute;n de todos los contenidos y funcionalidades esenciales de su web sean independientes de los dispositivos f&iacute;sicos y de los navegadores web empleados para tal fin, codificados con est&aacute;ndares t&eacute;cnicos de uso libre y gratuito, y accesibles para navegadores adaptados a personas con discapacidades o limitaciones sensoriales, motoras o cognitivas.<br /><br />La Uni&oacute;n Europea, en la resoluci&oacute;n del Consejo de 25 de marzo de 2002, anima a los Estados miembros a tener en cuenta la necesidad de que los contenidos digitales sean accesibles y, siguiendo esta recomendaci&oacute;n, la Ley 34/2002, de 11 de julio, de Servicios de la Sociedad de la Informaci&oacute;n y de Comercio Electr&oacute;nico, dispone que las Administraciones P&uacute;blicas adoptar&aacute;n las medidas necesarias para que la informaci&oacute;n disponible en sus p&aacute;ginas de internet sea accesible a personas con discapacidades y de edad avanzada, de acuerdo con los criterios de accesibilidade al contenido generalmente reconocidos, antes del 31 de diciembre de 2005.<br /><br />En coherencia con este objetivo, el dise&ntilde;o de la web del Ayuntamiento de Santiago se ha realizado teniendo en cuenta las recomendaciones de accesibilidad para el primer nivel de prioridad de las directrices WAI (Web Accessibility Initiative) del W3C.</p>','','','',0,1),(546,1,'','','','','',0,1),(576,1,'','','','','',0,1),(576,2,'','','','','',0,1),(611,2,'Centro de Interpretación Ambiental de Compostela','<div>Desde el&nbsp;&aacute;rea de Medio Ambiente y&nbsp;Sanidad&nbsp;seadministra&nbsp;el control y&nbsp;coordinaci&oacute;n de las actividades realizadas en el CIAC, publicaciones, talleres ambientales, visitas guiadas ofertadas a los centros de ense&ntilde;anza, rutas&nbsp;explicativas, etc.<br /> <br /><strong>Presupuesto: 29.000.00 &euro;</strong></div>','','','',0,1),(612,1,'Centro de Interpretación Ambiental de Compostela','<div>Desde a &aacute;rea de Medio Ambiente e Sanidade administrase o control e coordinaci&oacute;n das actividades realizadas no CIAC, publicaci&oacute;ns, obradoiros ambientais, visitas guiadas ofertadas aos centros de ensino, roteiros explicativos, etc.<br /> <br /><strong>Presuposto: 29.000.00 &euro;</strong></div>','','','',0,1),(653,1,'Guía Sogama para a aplicación do principio dos tres erres (Redución, Reutilización e Reciclaxe)','<p>O obxectivo desta iniciativa &eacute; axudar aos concellos a que alcancen os beneficios ambientais e econ&oacute;micos que trae consigo a menor produci&oacute;n de lixo, o m&aacute;ximo aproveitamente dos produtos e a activa participaci&oacute;n da veci&ntilde;anza no sistema de recollida selectiva.</p>','','','',0,1),(654,2,'Guía Sogama para la aplicación del principio de las tres erres (Redución, Reutilización y Reciclaje)','<p>El objetivo de esta iniciativa es ayudar a los ayuntamientos a que alcancen los beneficios ambientales y econ&oacute;micos que trae consigo la menor produci&oacute;n de basura, el m&aacute;ximo aprovechamiento de los productos y la activa participaci&oacute;n de los vecinos en el sistema de recogida selectiva.</p>','','','',0,1),(692,1,'','<p>Cos datos de 2013 o Concello de Santiago de Compostela conta con 2.276.500 metros cuadrados de superficie con Zonas Verdes. Presentamos un listado co nome das zonas e a superficie que ocupan.</p>','','','',0,1),(693,1,'ZONAS VERDES MUNICIPAIS','<p><strong>TOTALES m<sup>2</sup>&nbsp;2.276.500</strong></p>\r\n<ul>\r\n<li>Parque de barrio CAMALL&Oacute;NS: 2.739 m<sup>2</sup></li>\r\n<li>Xard&iacute;n de contorno CTRA. STA COMBA - P. TORREIRA: 251&nbsp;m<sup>2</sup></li>\r\n<li>Xard&iacute;n de contorno MANCOMUNIDADE: 350 m<sup>2</sup></li>\r\n<li>Xard&iacute;n de contorno MONTE P&Iacute;O: 17.572&nbsp;m<sup>2&nbsp;</sup></li>\r\n<li>Xard&iacute;n de contorno CARMEN DE ABAIXO: 7.748&nbsp;m<sup>2</sup></li>\r\n<li>Parque de barrio GALERAS: 33.889&nbsp;m<sup>2</sup></li>\r\n<li>Parque de barrio PADRE FEIJOO E PRAZA STA. ISABEL: 3.223&nbsp;m<sup>2</sup></li>\r\n<li>Xard&iacute;n hist&oacute;rico CASA EUROPA - FINCA SIME&Oacute;N: 32.443&nbsp;m<sup>2</sup></li>\r\n<li>Parque de barrio SAN XOAN: 13.980&nbsp;m<sup>2</sup></li>\r\n<li>Xard&iacute;n urbano CAMPO DAS HORTAS: 394&nbsp;m<sup>2</sup></li>\r\n<li>Parque de barrio M&Uacute;SICA EN COMPOSTELA: 27.403&nbsp;m<sup>2</sup></li>\r\n<li>Xard&iacute;n de contorno XES&Uacute;S CARRO - CARLOS MASIDE - &nbsp; DOMINGO ANDRADE: 12.920&nbsp;m<sup>2</sup></li>\r\n<li>Xard&iacute;n de contorno AVDA. DO CRUCEIRO DA CORU&Ntilde;A: 9.218&nbsp;m<sup>2</sup></li>\r\n<li>Xard&iacute;n de contorno TR&Eacute;BOL: 51.180&nbsp;m<sup>2</sup></li>\r\n<li>Xard&iacute;n de contorno R&Uacute;AS SALGUEIRI&Ntilde;OS DE ARRIBA E ABAIXO: 3.705&nbsp;m<sup>2</sup></li>\r\n<li>Parque de barrio AS CANCELAS (Parque e R&uacute;a das): 50.954&nbsp;m<sup>2</sup></li>\r\n<li>Xard&iacute;n de contorno ROTONDAS POL&Iacute;GONO COSTA VELLA: 1.195&nbsp;m<sup>2</sup></li>\r\n<li>Parque de barrio PELAMIOS: 5.291&nbsp;m<sup>2</sup></li>\r\n<li>Parque de barrio AVDA. DO BURGO: 12.688&nbsp;m<sup>2</sup></li>\r\n<li>Parque de barrio PARQUE XIX&Oacute;N: 14.449&nbsp;m<sup>2</sup></li>\r\n<li>Parque de barrio ALEXANDRE B&Oacute;VEDA: 22.537&nbsp;m<sup>2</sup></li>\r\n<li>Parque de barrio GUADALUPE: 3.361&nbsp;m<sup>2</sup></li>\r\n<li>Parque de barrio PABLO IGLESIAS: 19.079&nbsp;m<sup>2</sup></li>\r\n<li>Parque de barrio CELSO EMILIO FERREIRO: 2.148&nbsp;m<sup>2</sup></li>\r\n<li>Parque de barrio R&Uacute;A BLANCO AMOR: 10.187&nbsp;m<sup>2</sup></li>\r\n<li>Parque de barrio PONTE MANTIBLE: 10.158&nbsp;m<sup>2</sup></li>\r\n<li>Xard&iacute;n de contorno SALGUEIRI&Ntilde;OS - XELM&Iacute;REZ 2: 9.010&nbsp;m<sup>2</sup></li>\r\n<li>Praza PRAZA DE ESPA&Ntilde;A: 1.454&nbsp;m<sup>2</sup></li>\r\n<li>Praza A MU&Iacute;&Ntilde;A (Praza): 1.215&nbsp;m<sup>2</sup></li>\r\n<li>Xard&iacute;n urbano ULTREIA - AVDA. SALAMANCA: 1.936&nbsp;m<sup>2</sup></li>\r\n<li>Parque de barrio FERM&Iacute;N BOUZA BREI: 26.332&nbsp;m<sup>2</sup></li>\r\n<li>Praza PRAZA DA PAZ - PASTORIZA - &Aacute;NGEL CASAL: 3.106&nbsp;m<sup>2</sup></li>\r\n<li>Xard&iacute;n urbano SAN CAETANO: 13.928&nbsp;m<sup>2</sup></li>\r\n<li>Parque de barrio AVDA. DO CAMI&Ntilde;O FRANC&Eacute;S - RGUEZ. DE VIGURI: 2.734&nbsp;m<sup>2</sup></li>\r\n<li>Xard&iacute;n urbano VALI&Ntilde;O: 2.489&nbsp;m<sup>2</sup></li>\r\n<li>Xard&iacute;n de contorno R&Uacute;A SAN L&Aacute;ZARO: 1.552&nbsp;m<sup>2</sup></li>\r\n<li>Xard&iacute;n de contorno POL&Iacute;GONO DO TAMBRE: 25.786&nbsp;m<sup>2</sup></li>\r\n<li>Parque de barrio PALACIO DE CONGRESOS: 13.620&nbsp;m<sup>2</sup></li>\r\n<li>Xard&iacute;n de contorno ROTONDA TORRENTE BALLESTER - SAN L&Aacute;ZARO: 1.513&nbsp;m<sup>2</sup></li>\r\n<li>Xard&iacute;n de contorno TALUDES VARIANTE (TORRENTE BALLESTER): 15.550&nbsp;m<sup>2</sup></li>\r\n<li>Xard&iacute;n de contorno PALLOTE: 2.199&nbsp;m<sup>2</sup></li>\r\n<li>Xard&iacute;n de contorno ROTONDAS TORRENTE BALLESTER - AUTOPISTA: 3.944&nbsp;m<sup>2</sup></li>\r\n<li>Praza CAMILO D&Iacute;AZ VALI&Ntilde;O (ESTACI&Oacute;N DE AUTOBUSES): 4.132&nbsp;m<sup>2</sup></li>\r\n<li>Xard&iacute;n de contorno AVDA. RODR&Iacute;GUEZ DE VIGURI: 517&nbsp;m<sup>2</sup></li>\r\n<li>Parque de barrio URBANIZACION COMPOSTELA: 26.915&nbsp;m<sup>2</sup></li>\r\n<li>Parque de barrio COTAREDO: 35.166&nbsp;m<sup>2</sup></li>\r\n<li>Parque de barrio FONTI&Ntilde;AS (CARLOMAGNO): 183.750&nbsp;m<sup>2</sup></li>\r\n<li>Xard&iacute;n de contorno ESTADIO SAN L&Aacute;ZARO (Entornos): 10.868&nbsp;m<sup>2</sup></li>\r\n<li>Xard&iacute;n urbano D&Aacute;RSENA XOAN XXIII: 8.852&nbsp;m<sup>2</sup></li>\r\n<li>Parque de barrio AVDA. DE COIMBRA: 2.433&nbsp;m<sup>2</sup></li>\r\n<li>Xard&iacute;n urbano R&Uacute;A DE TEO: 529&nbsp;m<sup>2</sup></li>\r\n<li>Parque de barrio ALM&Aacute;CIGA: 37.447&nbsp;m<sup>2</sup></li>\r\n<li>Xard&iacute;n urbano R&Uacute;A DO HOME SANTO&nbsp;</li>\r\n<li>Xard&iacute;n urbano CONCHEIROS - TRIACASTELA - GLORIETA CONCHEIROS: 653&nbsp;m<sup>2</sup></li>\r\n<li>Xard&iacute;n urbano COSTA DO VEDOR&nbsp;</li>\r\n<li>Xard&iacute;n urbano SAN FRANCISCO - ENTRER&Iacute;OS: 894&nbsp;m<sup>2</sup></li>\r\n<li>Xard&iacute;n urbano COSTA VELLA: 5.868&nbsp;m<sup>2</sup></li>\r\n<li>Praza PRAZA DE SAN ROQUE</li>\r\n<li>Xard&iacute;n urbano STA. CLARA: 651&nbsp;m<sup>2</sup></li>\r\n<li>Parque de barrio VALLE INCL&Aacute;N: 2.996&nbsp;m<sup>2</sup></li>\r\n<li>Xard&iacute;n hist&oacute;rico SAN DOMINGOS DE BONAVAL: 37.047&nbsp;m<sup>2</sup></li>\r\n<li>Praza PRAZA DA ANGUSTIA: 31&nbsp;m<sup>2</sup></li>\r\n<li>Xard&iacute;n urbano R&Uacute;A DE SAN PEDRO E PORTA DO CAMI&Ntilde;O: 23&nbsp;m<sup>2</sup></li>\r\n<li>Xard&iacute;n urbano R&Uacute;A DO MEDIO: 611&nbsp;m<sup>2</sup></li>\r\n<li>Praza PRAZA DA INMACULADA: 860&nbsp;m<sup>2</sup></li>\r\n<li>Xard&iacute;n de contorno PONTE DE SAR: 3.613&nbsp;m<sup>2</sup></li>\r\n<li>Praza PRAZA MU&Iacute;&Ntilde;O DE SAR (PRAZA DE PEPE NOIA): 374&nbsp;m<sup>2</sup></li>\r\n<li>Xard&iacute;n urbano R&Uacute;A CRUCEIRO DO SAR: 285&nbsp;m<sup>2</sup></li>\r\n<li>Parque de barrio R&Uacute;A AGRA DAS BARREIRAS</li>\r\n<li>Xard&iacute;n de contorno LAMAS DE ABADE: 3.773&nbsp;m<sup>2</sup></li>\r\n<li>Xard&iacute;n de contorno CASTI&Ntilde;EIRI&Ntilde;O (SUNP 13 E 12): 56.921&nbsp;m<sup>2</sup></li>\r\n<li>Parque de barrio COMBARRO</li>\r\n<li>Xard&iacute;n de contorno AVDA. DE LUGO (Entre Torrente Ballester e Concheiros): 2.161&nbsp;m<sup>2</sup></li>\r\n<li>Xard&iacute;n de contorno AVDA. DE LUGO - AVDA. GONZALO TORRENTE BALLESTER (Glorietas): 3.732&nbsp;m<sup>2</sup></li>\r\n<li>Parque urbano VUELVA MA&Ntilde;ANA (Pontepedri&ntilde;a): 8.083&nbsp;m<sup>2</sup></li>\r\n<li>Xard&iacute;n urbano QUIROGA PALACIOS - PUENTE DE LA REINA - CLAVIXIO - BISPO TEODOMIRO - ESCALINATA DO CEBREIRO: 131&nbsp;m<sup>2</sup></li>\r\n<li>Praza TRISCA: 2.456&nbsp;m<sup>2</sup></li>\r\n<li>Xard&iacute;n urbano CASTR&Oacute;N DOURO: 457&nbsp;m<sup>2</sup></li>\r\n<li>Xard&iacute;n urbano CANCEL&Oacute;N DE SAR E LOPEZ FERREIRO: 8.301&nbsp;m<sup>2</sup></li>\r\n<li>Parque de barrio RAM&Oacute;N PI&Ntilde;EIRO: 1.242&nbsp;m<sup>2</sup></li>\r\n<li>Xard&iacute;n de contorno AVDA. DE LUGO E HORREO (Entre Cancel&oacute;n de Sar e Cornes): 297&nbsp;m<sup>2</sup></li>\r\n<li>Praza PRAZA DA CONSTITUCI&Oacute;N: 5.794&nbsp;m<sup>2</sup></li>\r\n<li>Parque de barrio BELV&Iacute;S: 74.488&nbsp;m<sup>2</sup></li>\r\n<li>Xard&iacute;n urbano VIRXE DA CERCA - SAN FIZ E PRAZA DO IRM&Aacute;N GOMEZ: 348&nbsp;m<sup>2</sup></li>\r\n<li>Praza PRAZA DE GALICIA: 867&nbsp;m<sup>2</sup></li>\r\n<li>Praza FONSECA: 1.496&nbsp;m<sup>2</sup></li>\r\n<li>Xard&iacute;n de contorno POZA REAL: 3.035&nbsp;m<sup>2</sup></li>\r\n<li>Xard&iacute;n urbano R&Uacute;A DOS FE&Aacute;NS: 219&nbsp;m<sup>2</sup></li>\r\n<li>Xard&iacute;n de contorno ROTONDAS DA ESTRADA DE NOIA: 688&nbsp;m<sup>2</sup></li>\r\n<li>Parque de barrio BEN&Eacute;FICA DE CONXO&nbsp;</li>\r\n<li>Xard&iacute;n de contorno ROCHA: 3.997&nbsp;m<sup>2</sup></li>\r\n<li>Xard&iacute;n de contorno CORNES: 4.136&nbsp;m<sup>2</sup></li>\r\n<li>Parque de barrio AURELIO AGUIRRE - PONTE PEREDA: 18.503&nbsp;m<sup>2</sup></li>\r\n<li>Parque de barrio CONXO DE ARRIBA: 5&nbsp;m<sup>2</sup></li>\r\n<li>Parque de barrio CHOUPANA -CAMPO DE STA. MARTA - P. DE JULIO REY - STA.MARTA: 11.433&nbsp;m<sup>2</sup></li>\r\n<li>Parque de barrio EUGENIO GRANELL: 127.868&nbsp;m<sup>2</sup></li>\r\n<li>Parque de barrio AVDA. DE GARC&Iacute;A PRIETO: 200&nbsp;m<sup>2</sup></li>\r\n<li>Parque de barrio LUIS PAS&Iacute;N - AVDA. DE FERROL - PRAZA MERCED: 18.992&nbsp;m<sup>2</sup></li>\r\n<li>Parque de barrio SANTA MARTA: 1.252&nbsp;m<sup>2</sup></li>\r\n<li>Parque de barrio PONTEPEDRI&Ntilde;A: 2.284&nbsp;m<sup>2</sup></li>\r\n<li>Parque de barrio DOUTOR MACEIRA: 1.120&nbsp;m<sup>2</sup></li>\r\n<li>Parque de barrio ROMERO DONALLO: 1.813&nbsp;m<sup>2</sup></li>\r\n</ul>','','','',0,2),(694,1,'','<ul>\r\n<li>Xard&iacute;n urbano R&Uacute;AS ENSANCHE: Rosalia de Castro, Nova de Abaixo, Santiago Estero, Montero R&iacute;os, Frei Rosendo Salvado, Rep. Salvador, Rep. Arxentina, Rosa, Antonio Casares. Vilagarc&iacute;a, Santiago de Chile, Ram&oacute;n Cabanillas, Fernando III o Santo, San Pedro Mezonzo, Alfredo Bra&ntilde;as, Xeral Pardi&ntilde;as, Dr. Teixeiro, Horreo. Santiago Le&oacute;n de Caracas, Antonio Casares, Manuel Murgu&iacute;a, Manuel Dolmeiro e R&uacute;a Ourense. Curros Enriquez, La Verde Ruiz, Neira Mosquera, Perez Constanti, Gomez Ulla, Santiago De Guayaquil: 320 m<sup>2</sup></li>\r\n<li>Praza PRAZA DE VIGO: 236 m<sup>2</sup></li>\r\n<li>Xard&iacute;n urbano PR. ROXA e PARQUE AGROS DE RAM&Iacute;REZ: 2.304 m<sup>2</sup></li>\r\n<li>Praza PRAZA PUENTE CASTRO: 285 m<sup>2</sup></li>\r\n<li>Xard&iacute;n urbano CARREIRA DO CONDE - CAMPO DA ESTRELA: 1.729 m<sup>2</sup></li>\r\n<li>Xard&iacute;n hist&oacute;rico SAN LOURENZO: 8.287 m<sup>2</sup></li>\r\n<li>Xard&iacute;n hist&oacute;rico ALAMEDA: &nbsp;86.264 m<sup>2</sup></li>\r\n<li>Xard&iacute;n urbano SAN CLEMENTE - RODR&Iacute;GUEZ DE PADR&Oacute;N: 1.766 m<sup>2</sup></li>\r\n<li>Xard&iacute;n de contorno PARQUE SAN L&Aacute;ZARO: 49.187 m<sup>2</sup></li>\r\n<li>Praza PRAZA CRUCEIRO DA CORU&Ntilde;A: 45 m<sup>2</sup></li>\r\n<li>Parque de barrio OUTEIRO DE SAR: 514 m<sup>2</sup></li>\r\n<li>Parque de barrio CALZADA DE SAR: 336 m<sup>2</sup></li>\r\n<li>Xard&iacute;n de contorno AVDA. MAESTRO MATEO: 4.463 m<sup>2</sup></li>\r\n<li>Xard&iacute;n hist&oacute;rico FINCA DE LOIS: &nbsp;10.336 m<sup>2</sup></li>\r\n<li>Xard&iacute;n urbano ASILO DE CARRETAS: 2.300 m<sup>2</sup></li>\r\n<li>Parque de barrio AVDA. BARCELONA: 29.063 m<sup>2</sup></li>\r\n<li>Xard&iacute;n de contorno MEIXONFR&Iacute;O (Gasolineira): 984 m<sup>2</sup></li>\r\n<li>Parque de barrio MEIXONFR&Iacute;O (Urbanizaci&oacute;n): 7.354 m<sup>2</sup></li>\r\n<li>Parque de barrio O AV&Iacute;O: 31.201 m<sup>2</sup></li>\r\n<li>Xard&iacute;n de contorno SAN MARCOS: 283 m<sup>2</sup></li>\r\n<li>Xard&iacute;n de contorno MULTIUSOS DO SAR: 31.392 m<sup>2</sup></li>\r\n<li>Parque de barrio VOLTA DO CASTRO: 70.106 m<sup>2</sup></li>\r\n<li>&Aacute;rea natural GRANXA DO XESTO: 95.000 m<sup>2</sup></li>\r\n<li>Xard&iacute;n de contorno AVDA. DE ASTURIAS: 21.443 m<sup>2</sup></li>\r\n<li>Campo de festa FIGUEIRAS (CENTRO SOCIAL): 1.541 m<sup>2</sup></li>\r\n<li>Campo de festa AMIO: 1.993 m<sup>2</sup></li>\r\n<li>&Aacute;rea natural ZONA NATURAL DE CHAI&Aacute;N: 10.000 m<sup>2</sup></li>\r\n<li>Parque de barrio AVIL&Eacute;S DE TARAMANCOS &nbsp; E PRAZA DE MALLOU: 44.865 m<sup>2</sup></li>\r\n<li>Xard&iacute;n urbano R&Uacute;AS AS CANCELAS: Salgueiri&ntilde;os de Abaixo, Calzada Cancelas, Queimada, Mallou, Ceo: 175 m<sup>2</sup></li>\r\n<li>Parque de barrio SAN IGNACIO DE LOIOLA: 7.354 m<sup>2</sup></li>\r\n<li>Campo de festa STA. LUC&Iacute;A: 10.250 m<sup>2</sup></li>\r\n<li>Campo de festa A BARCIELA: 2.007 m<sup>2</sup></li>\r\n<li>Campo de festa CESAR: 12.419 m<sup>2</sup></li>\r\n<li>Campo de festa A GRACIA: 2.640 m<sup>2</sup></li>\r\n<li>Campo de festa A PEREGRINA: 5.388 m<sup>2</sup></li>\r\n<li>Campo de festa AR&Iacute;NS: 1.965 m<sup>2</sup></li>\r\n<li>Campo de festa BANDO: 4.311 m<sup>2</sup></li>\r\n<li>Campo de festa BORNAIS: 437 m<sup>2</sup></li>\r\n<li>Campo de festa BUSTO (IGREXA): 2.056 m<sup>2</sup></li>\r\n<li>Campo de festa BUSTO (CAMPO DA FESTA): 8.779 m<sup>2</sup></li>\r\n<li>Campo de festa R&Uacute;A DE SAN LOURENZO</li>\r\n<li>&nbsp;Campo de festa GRIXOA: 4.056 m<sup>2</sup></li>\r\n<li>Campo de festa LAMASCAL: 3.025 m<sup>2</sup></li>\r\n<li>Campo de festa LARA&Ntilde;O: 1.387 m<sup>2</sup></li>\r\n<li>Campo de festa MARANTES: 3.875 m<sup>2</sup></li>\r\n<li>Campo de festa AGUALADA - MARANTES: 2.678 m<sup>2</sup></li>\r\n<li>Campo de festa MARROZOS (Campo da festa): 14.440 m<sup>2</sup></li>\r\n<li>Campo de festa ROXOS: 1.520 m<sup>2</sup></li>\r\n<li>Campo de festa SAN XULI&Aacute;N DE CARBALLAL: 848 m<sup>2</sup></li>\r\n<li>Campo de festa ANXO BALTAR: 499 m<sup>2</sup></li>\r\n<li>Campo de festa VILLESTRO (Campo da festa): 3.537 m<sup>2</sup></li>\r\n<li>Campo de festa ENFESTA (Campo da festa): 1.076 m<sup>2</sup></li>\r\n<li>Campo de festa ENFESTA (Centro Socio Cultural): 901 m<sup>2</sup></li>\r\n<li>Campo de festa LAVACOLLA - SABUGUEIRA: 943 m<sup>2</sup></li>\r\n<li>Campo de festa VERD&Iacute;A Campo da Festa: 2.098 m<sup>2</sup></li>\r\n<li>Parque de barrio AVDA. DE FERROL II: 4.405 m<sup>2</sup></li>\r\n<li>&Aacute;rea natural POZO DA NEVE: 5.164 m<sup>2</sup></li>\r\n<li>Parque de barrio MESTRA VICTORIA M&Iacute;GUEZ (Campo da festa): 1.041 m<sup>2</sup></li>\r\n<li>&Aacute;rea natural MOAS DE ARRIBA: 2.731 m<sup>2</sup></li>\r\n<li>&Aacute;rea natural &Aacute;rea natural MONTE DE DEUS (2&ordm; fase): 24.577 m<sup>2</sup></li>\r\n<li>&Aacute;rea natural MONTE DE DEUS (1&ordm; fase): 7.331 m<sup>2</sup></li>\r\n<li>&Aacute;rea natural SELVA NEGRA: 219.161 m<sup>2</sup></li>\r\n<li>Xard&iacute;n de contorno CEMITERIO (ZONA DIANTEIRA): 690 m<sup>2</sup></li>\r\n<li>Xard&iacute;n de contorno ROTONDAS AEROPORTO E ILLOTES AEROCLUBE: 2.000 m<sup>2</sup></li>\r\n<li>Parque de barrio HOSPITAL CL&Iacute;NICO (Zona parking): 4.927 m<sup>2</sup></li>\r\n<li>Campo de festa FIGUEIRAS (Campo da festa vello e zona do campo de f&uacute;tbol): 10.000 m<sup>2</sup></li>\r\n<li>Campo de festa FIGUEIRAS (Campo da festa novo Jos&eacute; Carballal): 1.000 m<sup>2</sup></li>\r\n<li>Xard&iacute;n de contorno A MU&Iacute;&Ntilde;A SUNP-5 (CU&Eacute;TARA): 15.822 m<sup>2</sup></li>\r\n<li>&Aacute;rea natural CARBALLEIRA DE MOURENT&Aacute;NS (LAVACOLLA): 780 m<sup>2</sup></li>\r\n<li>Xard&iacute;n de contorno SANTAS MARI&Ntilde;AS (U.X.16): 1.624 m<sup>2</sup></li>\r\n<li>&Aacute;rea natural VILAMAIOR (LAVACOLLA): 300 m<sup>2</sup></li>\r\n<li>Praza axardinada PRAZA DO OLVIDO (Marcial Villamor): 2.131 m<sup>2</sup></li>\r\n<li>Fontes e lavadoiros OS VILARES: 500 m<sup>2</sup></li>\r\n<li>Fontes e lavadoiros SAN XO&Aacute;S DE ARRIBA (AR&Iacute;NS): 700 m<sup>2</sup></li>\r\n<li>&Aacute;rea natural ILLA DO REFUXIO (R&iacute;o Tambre): 32.848 m<sup>2</sup></li>\r\n<li>&Aacute;rea natural GARABAL: 500 m<sup>2</sup></li>\r\n<li>Fontes e lavadoiros A SIONLLA: 500 m<sup>2</sup></li>\r\n<li>&Aacute;rea natural CARBALLEIRA DE NEMENZO: 7.450 m<sup>2</sup></li>\r\n<li>Parque de barrio PONTEPEDRI&Ntilde;A - TrasRestollal (SUNP-7): 4.297 m<sup>2</sup></li>\r\n<li>Praza axardinada PRAZA DE SAN FRUCTUOSO: 770 m<sup>2</sup></li>\r\n<li>Xard&iacute;n de contorno URBANIZACI&Oacute;N AS FLORES: 466 m<sup>2</sup></li>\r\n<li>Contorno AMANECIDA-SUNP 20: 8.844 m<sup>2</sup></li>\r\n<li>Xard&iacute;n urbano R&uacute;a Pilar Mir&oacute;: 1.012 m<sup>2</sup></li>\r\n<li>Xard&iacute;n hist&oacute;rico PAZO DE AMARANTE: 1.450 m<sup>2</sup></li>\r\n<li>&Aacute;rea natural CARBALLEIRA DE BELEN: 1.662 m<sup>2</sup></li>\r\n<li>&Aacute;rea natural CENTRO SOCIOCULTURAL SANTA CRISTINA DE FECHA: 1.265 m<sup>2</sup></li>\r\n<li>Xard&iacute;n de contorno VILAGUEIRA: 1.565 m<sup>2</sup></li>\r\n<li>&Aacute;rea natural CENTRO SOCIOCULTURAL DE LAVACOLLA: 1.436 m<sup>2</sup></li>\r\n<li>Xard&iacute;n de contorno CAMPUS SUR (Zona 1): 41.119 m<sup>2</sup></li>\r\n<li>Xard&iacute;n hist&oacute;rico ZECA AFONSO: 3.500 m<sup>2</sup></li>\r\n<li>Xard&iacute;n hist&oacute;rico FINCA DO ESPI&Ntilde;O: 24.635 m<sup>2</sup></li>\r\n</ul>\r\n<p><strong>TOTALES m<sup>2</sup>&nbsp;2.276.500</strong></p>','','','',0,3),(701,2,'','<p>Con datos del 2013 el Ayuntamiento de Santiago de Compostela cuenta con 2.276.500 metros cuadrados de superficie con Zonas Verdes. Presentamos un listado con el nombre de las zonas y la superficie que ocupan.</p>','','','',0,1),(702,2,'ZONAS VERDES MUNICIPAIS','<p><strong>TOTALES m<sup>2</sup>&nbsp;2.276.500</strong></p>\r\n<ul>\r\n<li>Parque de barrio CAMALL&Oacute;NS: 2.739 m<sup>2</sup></li>\r\n<li>Jard&iacute;n de contorno CTRA. STA COMBA - P. TORREIRA: 251&nbsp;m<sup>2</sup></li>\r\n<li>Jard&iacute;n de contorno MANCOMUNIDADE: 350 m<sup>2</sup></li>\r\n<li>Jard&iacute;n de contorno MONTE P&Iacute;O: 17.572&nbsp;m<sup>2&nbsp;</sup></li>\r\n<li>Jard&iacute;n de contorno CARMEN DE ABAIXO: 7.748&nbsp;m<sup>2</sup></li>\r\n<li>Parque de barrio GALERAS: 33.889&nbsp;m<sup>2</sup></li>\r\n<li>Parque de barrio PADRE FEIJOO E PRAZA STA. ISABEL: 3.223&nbsp;m<sup>2</sup></li>\r\n<li>Jard&iacute;n hist&oacute;rico CASA EUROPA - FINCA SIME&Oacute;N: 32.443&nbsp;m<sup>2</sup></li>\r\n<li>Parque de barrio SAN XOAN: 13.980&nbsp;m<sup>2</sup></li>\r\n<li>Jard&iacute;n urbano CAMPO DAS HORTAS: 394&nbsp;m<sup>2</sup></li>\r\n<li>Parque de barrio M&Uacute;SICA EN COMPOSTELA: 27.403&nbsp;m<sup>2</sup></li>\r\n<li>Jard&iacute;n de contorno XES&Uacute;S CARRO - CARLOS MASIDE - &nbsp; DOMINGO ANDRADE: 12.920&nbsp;m<sup>2</sup></li>\r\n<li>Jard&iacute;n de contorno AVDA. DO CRUCEIRO DA CORU&Ntilde;A: 9.218&nbsp;m<sup>2</sup></li>\r\n<li>Jard&iacute;n de contorno TR&Eacute;BOL: 51.180&nbsp;m<sup>2</sup></li>\r\n<li>Jard&iacute;n de contorno R&Uacute;AS SALGUEIRI&Ntilde;OS DE ARRIBA E ABAIXO: 3.705&nbsp;m<sup>2</sup></li>\r\n<li>Parque de barrio AS CANCELAS (Parque e R&uacute;a das): 50.954&nbsp;m<sup>2</sup></li>\r\n<li>Jard&iacute;n de contorno ROTONDAS POL&Iacute;GONO COSTA VELLA: 1.195&nbsp;m<sup>2</sup></li>\r\n<li>Parque de barrio PELAMIOS: 5.291&nbsp;m<sup>2</sup></li>\r\n<li>Parque de barrio AVDA. DO BURGO: 12.688&nbsp;m<sup>2</sup></li>\r\n<li>Parque de barrio PARQUE XIX&Oacute;N: 14.449&nbsp;m<sup>2</sup></li>\r\n<li>Parque de barrio ALEXANDRE B&Oacute;VEDA: 22.537&nbsp;m<sup>2</sup></li>\r\n<li>Parque de barrio GUADALUPE: 3.361&nbsp;m<sup>2</sup></li>\r\n<li>Parque de barrio PABLO IGLESIAS: 19.079&nbsp;m<sup>2</sup></li>\r\n<li>Parque de barrio CELSO EMILIO FERREIRO: 2.148&nbsp;m<sup>2</sup></li>\r\n<li>Parque de barrio R&Uacute;A BLANCO AMOR: 10.187&nbsp;m<sup>2</sup></li>\r\n<li>Parque de barrio PONTE MANTIBLE: 10.158&nbsp;m<sup>2</sup></li>\r\n<li>Jard&iacute;n de contorno SALGUEIRI&Ntilde;OS - XELM&Iacute;REZ 2: 9.010&nbsp;m<sup>2</sup></li>\r\n<li>Plaza PRAZA DE ESPA&Ntilde;A: 1.454&nbsp;m<sup>2</sup></li>\r\n<li>Plaza A MU&Iacute;&Ntilde;A (Praza): 1.215&nbsp;m<sup>2</sup></li>\r\n<li>Jard&iacute;n urbano ULTREIA - AVDA. SALAMANCA: 1.936&nbsp;m<sup>2</sup></li>\r\n<li>Parque de barrio FERM&Iacute;N BOUZA BREI: 26.332&nbsp;m<sup>2</sup></li>\r\n<li>Plaza PRAZA DA PAZ - PASTORIZA - &Aacute;NGEL CASAL: 3.106&nbsp;m<sup>2</sup></li>\r\n<li>Jard&iacute;n urbano SAN CAETANO: 13.928&nbsp;m<sup>2</sup></li>\r\n<li>Parque de barrio AVDA. DO CAMI&Ntilde;O FRANC&Eacute;S - RGUEZ. DE VIGURI: 2.734&nbsp;m<sup>2</sup></li>\r\n<li>Jard&iacute;n urbano VALI&Ntilde;O: 2.489&nbsp;m<sup>2</sup></li>\r\n<li>Jard&iacute;n de contorno R&Uacute;A SAN L&Aacute;ZARO: 1.552&nbsp;m<sup>2</sup></li>\r\n<li>Jard&iacute;n de contorno POL&Iacute;GONO DO TAMBRE: 25.786&nbsp;m<sup>2</sup></li>\r\n<li>Parque de barrio PALACIO DE CONGRESOS: 13.620&nbsp;m<sup>2</sup></li>\r\n<li>Jard&iacute;n de contorno ROTONDA TORRENTE BALLESTER - SAN L&Aacute;ZARO: 1.513&nbsp;m<sup>2</sup></li>\r\n<li>Jard&iacute;n de contorno TALUDES VARIANTE (TORRENTE BALLESTER): 15.550&nbsp;m<sup>2</sup></li>\r\n<li>Jard&iacute;n de contorno PALLOTE: 2.199&nbsp;m<sup>2</sup></li>\r\n<li>Jard&iacute;n de contorno ROTONDAS TORRENTE BALLESTER - AUTOPISTA: 3.944&nbsp;m<sup>2</sup></li>\r\n<li>Plaza CAMILO D&Iacute;AZ VALI&Ntilde;O (ESTACI&Oacute;N DE AUTOBUSES): 4.132&nbsp;m<sup>2</sup></li>\r\n<li>Jard&iacute;n de contorno AVDA. RODR&Iacute;GUEZ DE VIGURI: 517&nbsp;m<sup>2</sup></li>\r\n<li>Parque de barrio URBANIZACION COMPOSTELA: 26.915&nbsp;m<sup>2</sup></li>\r\n<li>Parque de barrio COTAREDO: 35.166&nbsp;m<sup>2</sup></li>\r\n<li>Parque de barrio FONTI&Ntilde;AS (CARLOMAGNO): 183.750&nbsp;m<sup>2</sup></li>\r\n<li>Jard&iacute;n de contorno ESTADIO SAN L&Aacute;ZARO (Entornos): 10.868&nbsp;m<sup>2</sup></li>\r\n<li>Jard&iacute;n urbano D&Aacute;RSENA XOAN XXIII: 8.852&nbsp;m<sup>2</sup></li>\r\n<li>Parque de barrio AVDA. DE COIMBRA: 2.433&nbsp;m<sup>2</sup></li>\r\n<li>Jard&iacute;n urbano R&Uacute;A DE TEO: 529&nbsp;m<sup>2</sup></li>\r\n<li>Parque de barrio ALM&Aacute;CIGA: 37.447&nbsp;m<sup>2</sup></li>\r\n<li>Jard&iacute;n urbano R&Uacute;A DO HOME SANTO&nbsp;</li>\r\n<li>Jard&iacute;n urbano CONCHEIROS - TRIACASTELA - GLORIETA CONCHEIROS: 653&nbsp;m<sup>2</sup></li>\r\n<li>Jard&iacute;n urbano COSTA DO VEDOR&nbsp;</li>\r\n<li>Jard&iacute;n urbano SAN FRANCISCO - ENTRER&Iacute;OS: 894&nbsp;m<sup>2</sup></li>\r\n<li>Jard&iacute;n urbano COSTA VELLA: 5.868&nbsp;m<sup>2</sup></li>\r\n<li>Plaza PRAZA DE SAN ROQUE</li>\r\n<li>Jard&iacute;n urbano STA. CLARA: 651&nbsp;m<sup>2</sup></li>\r\n<li>Parque de barrio VALLE INCL&Aacute;N: 2.996&nbsp;m<sup>2</sup></li>\r\n<li>Jard&iacute;n hist&oacute;rico SAN DOMINGOS DE BONAVAL: 37.047&nbsp;m<sup>2</sup></li>\r\n<li>Plaza PRAZA DA ANGUSTIA: 31&nbsp;m<sup>2</sup></li>\r\n<li>Jard&iacute;n urbano R&Uacute;A DE SAN PEDRO E PORTA DO CAMI&Ntilde;O: 23&nbsp;m<sup>2</sup></li>\r\n<li>Jard&iacute;n urbano R&Uacute;A DO MEDIO: 611&nbsp;m<sup>2</sup></li>\r\n<li>Plaza PRAZA DA INMACULADA: 860&nbsp;m<sup>2</sup></li>\r\n<li>Jard&iacute;n de contorno PONTE DE SAR: 3.613&nbsp;m<sup>2</sup></li>\r\n<li>Plaza PRAZA MU&Iacute;&Ntilde;O DE SAR (PRAZA DE PEPE NOIA): 374&nbsp;m<sup>2</sup></li>\r\n<li>Jard&iacute;n urbano R&Uacute;A CRUCEIRO DO SAR: 285&nbsp;m<sup>2</sup></li>\r\n<li>Parque de barrio R&Uacute;A AGRA DAS BARREIRAS</li>\r\n<li>Jard&iacute;n de contorno LAMAS DE ABADE: 3.773&nbsp;m<sup>2</sup></li>\r\n<li>Jard&iacute;n de contorno CASTI&Ntilde;EIRI&Ntilde;O (SUNP 13 E 12): 56.921&nbsp;m<sup>2</sup></li>\r\n<li>Parque de barrio COMBARRO</li>\r\n<li>Jard&iacute;n de contorno AVDA. DE LUGO (Entre Torrente Ballester e Concheiros): 2.161&nbsp;m<sup>2</sup></li>\r\n<li>Jard&iacute;n de contorno AVDA. DE LUGO - AVDA. GONZALO TORRENTE BALLESTER (Glorietas): 3.732&nbsp;m<sup>2</sup></li>\r\n<li>Parque urbano VUELVA MA&Ntilde;ANA (Pontepedri&ntilde;a): 8.083&nbsp;m<sup>2</sup></li>\r\n<li>Jard&iacute;n urbano QUIROGA PALACIOS - PUENTE DE LA REINA - CLAVIXIO - BISPO TEODOMIRO - ESCALINATA DO CEBREIRO: 131&nbsp;m<sup>2</sup></li>\r\n<li>Plaza TRISCA: 2.456&nbsp;m<sup>2</sup></li>\r\n<li>Jard&iacute;n urbano CASTR&Oacute;N DOURO: 457&nbsp;m<sup>2</sup></li>\r\n<li>Jard&iacute;n urbano CANCEL&Oacute;N DE SAR E LOPEZ FERREIRO: 8.301&nbsp;m<sup>2</sup></li>\r\n<li>Parque de barrio RAM&Oacute;N PI&Ntilde;EIRO: 1.242&nbsp;m<sup>2</sup></li>\r\n<li>Jard&iacute;n de contorno AVDA. DE LUGO E HORREO (Entre Cancel&oacute;n de Sar e Cornes): 297&nbsp;m<sup>2</sup></li>\r\n<li>Plaza PRAZA DA CONSTITUCI&Oacute;N: 5.794&nbsp;m<sup>2</sup></li>\r\n<li>Parque de barrio BELV&Iacute;S: 74.488&nbsp;m<sup>2</sup></li>\r\n<li>Jard&iacute;n urbano VIRXE DA CERCA - SAN FIZ E PRAZA DO IRM&Aacute;N GOMEZ: 348&nbsp;m<sup>2</sup></li>\r\n<li>Plaza PRAZA DE GALICIA: 867&nbsp;m<sup>2</sup></li>\r\n<li>Plaza FONSECA: 1.496&nbsp;m<sup>2</sup></li>\r\n<li>Jard&iacute;n de contorno POZA REAL: 3.035&nbsp;m<sup>2</sup></li>\r\n<li>Jard&iacute;n urbano R&Uacute;A DOS FE&Aacute;NS: 219&nbsp;m<sup>2</sup></li>\r\n<li>Jard&iacute;n de contorno ROTONDAS DA ESTRADA DE NOIA: 688&nbsp;m<sup>2</sup></li>\r\n<li>Parque de barrio BEN&Eacute;FICA DE CONXO&nbsp;</li>\r\n<li>Jard&iacute;n de contorno ROCHA: 3.997&nbsp;m<sup>2</sup></li>\r\n<li>Jard&iacute;n de contorno CORNES: 4.136&nbsp;m<sup>2</sup></li>\r\n<li>Parque de barrio AURELIO AGUIRRE - PONTE PEREDA: 18.503&nbsp;m<sup>2</sup></li>\r\n<li>Parque de barrio CONXO DE ARRIBA: 5&nbsp;m<sup>2</sup></li>\r\n<li>Parque de barrio CHOUPANA -CAMPO DE STA. MARTA - P. DE JULIO REY - STA.MARTA: 11.433&nbsp;m<sup>2</sup></li>\r\n<li>Parque de barrio EUGENIO GRANELL: 127.868&nbsp;m<sup>2</sup></li>\r\n<li>Parque de barrio AVDA. DE GARC&Iacute;A PRIETO: 200&nbsp;m<sup>2</sup></li>\r\n<li>Parque de barrio LUIS PAS&Iacute;N - AVDA. DE FERROL - PRAZA MERCED: 18.992&nbsp;m<sup>2</sup></li>\r\n<li>Parque de barrio SANTA MARTA: 1.252&nbsp;m<sup>2</sup></li>\r\n<li>Parque de barrio PONTEPEDRI&Ntilde;A: 2.284&nbsp;m<sup>2</sup></li>\r\n<li>Parque de barrio DOUTOR MACEIRA: 1.120&nbsp;m<sup>2</sup></li>\r\n<li>Parque de barrio ROMERO DONALLO: 1.813&nbsp;m<sup>2</sup></li>\r\n</ul>','','','',0,2),(703,2,'','<ul>\r\n<li>Jard&iacute;n urbano CALLES ENSANCHE: Rosalia de Castro, Nova de Abaixo, Santiago Estero, Montero R&iacute;os, Frei Rosendo Salvado, Rep. Salvador, Rep. Arxentina, Rosa, Antonio Casares. Vilagarc&iacute;a, Santiago de Chile, Ram&oacute;n Cabanillas, Fernando III o Santo, San Pedro Mezonzo, Alfredo Bra&ntilde;as, Xeral Pardi&ntilde;as, Dr. Teixeiro, Horreo. Santiago Le&oacute;n de Caracas, Antonio Casares, Manuel Murgu&iacute;a, Manuel Dolmeiro e R&uacute;a Ourense. Curros Enriquez, La Verde Ruiz, Neira Mosquera, Perez Constanti, Gomez Ulla, Santiago De Guayaquil: 320 m<sup>2</sup></li>\r\n<li>Plaza PRAZA DE VIGO: 236 m<sup>2</sup></li>\r\n<li>Jard&iacute;n urbano PR. ROXA e PARQUE AGROS DE RAM&Iacute;REZ: 2.304 m<sup>2</sup></li>\r\n<li>Plaza PRAZA PUENTE CASTRO: 285 m<sup>2</sup></li>\r\n<li>Jard&iacute;n urbano CARREIRA DO CONDE - CAMPO DA ESTRELA: 1.729 m<sup>2</sup></li>\r\n<li>Jard&iacute;n hist&oacute;rico SAN LOURENZO: 8.287 m<sup>2</sup></li>\r\n<li>Jard&iacute;n hist&oacute;rico ALAMEDA: &nbsp;86.264 m<sup>2</sup></li>\r\n<li>Jard&iacute;n urbano SAN CLEMENTE - RODR&Iacute;GUEZ DE PADR&Oacute;N: 1.766 m<sup>2</sup></li>\r\n<li>Jard&iacute;n de contorno PARQUE SAN L&Aacute;ZARO: 49.187 m<sup>2</sup></li>\r\n<li>Plaza PRAZA CRUCEIRO DA CORU&Ntilde;A: 45 m<sup>2</sup></li>\r\n<li>Parque de barrio OUTEIRO DE SAR: 514 m<sup>2</sup></li>\r\n<li>Parque de barrio CALZADA DE SAR: 336 m<sup>2</sup></li>\r\n<li>Jard&iacute;n de contorno AVDA. MAESTRO MATEO: 4.463 m<sup>2</sup></li>\r\n<li>Jard&iacute;n hist&oacute;rico FINCA DE LOIS: &nbsp;10.336 m<sup>2</sup></li>\r\n<li>Jard&iacute;n urbano ASILO DE CARRETAS: 2.300 m<sup>2</sup></li>\r\n<li>Parque de barrio AVDA. BARCELONA: 29.063 m<sup>2</sup></li>\r\n<li>Jard&iacute;n de contorno MEIXONFR&Iacute;O (Gasolinera): 984 m<sup>2</sup></li>\r\n<li>Parque de barrio MEIXONFR&Iacute;O (Urbanizaci&oacute;n): 7.354 m<sup>2</sup></li>\r\n<li>Parque de barrio O AV&Iacute;O: 31.201 m<sup>2</sup></li>\r\n<li>Jard&iacute;n de contorno SAN MARCOS: 283 m<sup>2</sup></li>\r\n<li>Jard&iacute;n de contorno MULTIUSOS DO SAR: 31.392 m<sup>2</sup></li>\r\n<li>Parque de barrio VOLTA DO CASTRO: 70.106 m<sup>2</sup></li>\r\n<li>&Aacute;rea natural GRANXA DO XESTO: 95.000 m<sup>2</sup></li>\r\n<li>Jard&iacute;n de contorno AVDA. DE ASTURIAS: 21.443 m<sup>2</sup></li>\r\n<li>Campo de fiesta FIGUEIRAS (CENTRO SOCIAL): 1.541 m<sup>2</sup></li>\r\n<li>Campo de fiesta AMIO: 1.993 m<sup>2</sup></li>\r\n<li>&Aacute;rea natural ZONA NATURAL DE CHAI&Aacute;N: 10.000 m<sup>2</sup></li>\r\n<li>Parque de barrio AVIL&Eacute;S DE TARAMANCOS &nbsp; E PRAZA DE MALLOU: 44.865 m<sup>2</sup></li>\r\n<li>Jard&iacute;n urbano R&Uacute;AS AS CANCELAS: Salgueiri&ntilde;os de Abaixo, Calzada Cancelas, Queimada, Mallou, Ceo: 175 m<sup>2</sup></li>\r\n<li>Parque de barrio SAN IGNACIO DE LOIOLA: 7.354 m<sup>2</sup></li>\r\n<li>Campo de fiesta STA. LUC&Iacute;A: 10.250 m<sup>2</sup></li>\r\n<li>Campo de fiesta A BARCIELA: 2.007 m<sup>2</sup></li>\r\n<li>Campo de fiesta CESAR: 12.419 m<sup>2</sup></li>\r\n<li>Campo de fiesta A GRACIA: 2.640 m<sup>2</sup></li>\r\n<li>Campo de fiesta A PEREGRINA: 5.388 m<sup>2</sup></li>\r\n<li>Campo de fiesta AR&Iacute;NS: 1.965 m<sup>2</sup></li>\r\n<li>Campo de fiesta BANDO: 4.311 m<sup>2</sup></li>\r\n<li>Campo de fiesta BORNAIS: 437 m<sup>2</sup></li>\r\n<li>Campo de fiesta BUSTO (IGREXA): 2.056 m<sup>2</sup></li>\r\n<li>Campo de fiesta BUSTO (CAMPO DA FIESTA): 8.779 m<sup>2</sup></li>\r\n<li>Campo de fiesta R&Uacute;A DE SAN LOURENZO</li>\r\n<li>&nbsp;Campo de fiesta GRIXOA: 4.056 m<sup>2</sup></li>\r\n<li>Campo de fiesta LAMASCAL: 3.025 m<sup>2</sup></li>\r\n<li>Campo de fiesta LARA&Ntilde;O: 1.387 m<sup>2</sup></li>\r\n<li>Campo de fiesta MARANTES: 3.875 m<sup>2</sup></li>\r\n<li>Campo de fiesta AGUALADA - MARANTES: 2.678 m<sup>2</sup></li>\r\n<li>Campo de fiesta MARROZOS (Campo da fiesta): 14.440 m<sup>2</sup></li>\r\n<li>Campo de fiesta ROXOS: 1.520 m<sup>2</sup></li>\r\n<li>Campo de fiesta SAN XULI&Aacute;N DE CARBALLAL: 848 m<sup>2</sup></li>\r\n<li>Campo de fiesta ANXO BALTAR: 499 m<sup>2</sup></li>\r\n<li>Campo de fiesta VILLESTRO (Campo da fiesta): 3.537 m<sup>2</sup></li>\r\n<li>Campo de fiesta ENFIESTA (Campo da fiesta): 1.076 m<sup>2</sup></li>\r\n<li>Campo de fiesta ENFIESTA (Centro Socio Cultural): 901 m<sup>2</sup></li>\r\n<li>Campo de fiesta LAVACOLLA - SABUGUEIRA: 943 m<sup>2</sup></li>\r\n<li>Campo de fiesta VERD&Iacute;A Campo da Fiesta: 2.098 m<sup>2</sup></li>\r\n<li>Parque de barrio AVDA. DE FERROL II: 4.405 m<sup>2</sup></li>\r\n<li>&Aacute;rea natural POZO DA NEVE: 5.164 m<sup>2</sup></li>\r\n<li>Parque de barrio MESTRA VICTORIA M&Iacute;GUEZ (Campo da fiesta): 1.041 m<sup>2</sup></li>\r\n<li>&Aacute;rea natural MOAS DE ARRIBA: 2.731 m<sup>2</sup></li>\r\n<li>&Aacute;rea natural &Aacute;rea natural MONTE DE DEUS (2&ordm; fase): 24.577 m<sup>2</sup></li>\r\n<li>&Aacute;rea natural MONTE DE DEUS (1&ordm; fase): 7.331 m<sup>2</sup></li>\r\n<li>&Aacute;rea natural SELVA NEGRA: 219.161 m<sup>2</sup></li>\r\n<li>Jard&iacute;n de contorno CEMITERIO (ZONA DIANTEIRA): 690 m<sup>2</sup></li>\r\n<li>Jard&iacute;n de contorno ROTONDAS AEROPORTO E ILLOTES AEROCLUBE: 2.000 m<sup>2</sup></li>\r\n<li>Parque de barrio HOSPITAL CL&Iacute;NICO (Zona parking): 4.927 m<sup>2</sup></li>\r\n<li>Campo de fiesta FIGUEIRAS (Campo de fiesta viejo y zona del campo de f&uacute;tbol): 10.000 m<sup>2</sup></li>\r\n<li>Campo de fiesta FIGUEIRAS (Campo de fiesta nuevo Jos&eacute; Carballal): 1.000 m<sup>2</sup></li>\r\n<li>Jard&iacute;n de contorno A MU&Iacute;&Ntilde;A SUNP-5 (CU&Eacute;TARA): 15.822 m<sup>2</sup></li>\r\n<li>&Aacute;rea natural CARBALLEIRA DE MOURENT&Aacute;NS (LAVACOLLA): 780 m<sup>2</sup></li>\r\n<li>Jard&iacute;n de contorno SANTAS MARI&Ntilde;AS (U.X.16): 1.624 m<sup>2</sup></li>\r\n<li>&Aacute;rea natural VILAMAIOR (LAVACOLLA): 300 m<sup>2</sup></li>\r\n<li>Plaza ajardinada PRAZA DO OLVIDO (Marcial Villamor): 2.131 m<sup>2</sup></li>\r\n<li>Fuentes y lavaderos OS VILARES: 500 m<sup>2</sup></li>\r\n<li>Fuentes y lavaderos SAN XO&Aacute;S DE ARRIBA (AR&Iacute;NS): 700 m<sup>2</sup></li>\r\n<li>&Aacute;rea natural ILLA DO REFUXIO (R&iacute;o Tambre): 32.848 m<sup>2</sup></li>\r\n<li>&Aacute;rea natural GARABAL: 500 m<sup>2</sup></li>\r\n<li>Fuentes y lavaderos A SIONLLA: 500 m<sup>2</sup></li>\r\n<li>&Aacute;rea natural CARBALLEIRA DE NEMENZO: 7.450 m<sup>2</sup></li>\r\n<li>Parque de barrio PONTEPEDRI&Ntilde;A - TrasRestollal (SUNP-7): 4.297 m<sup>2</sup></li>\r\n<li>Plaza ajardinada PRAZA DE SAN FRUCTUOSO: 770 m<sup>2</sup></li>\r\n<li>Jard&iacute;n de contorno URBANIZACI&Oacute;N AS FLORES: 466 m<sup>2</sup></li>\r\n<li>Contorno AMANECIDA-SUNP 20: 8.844 m<sup>2</sup></li>\r\n<li>Jard&iacute;n urbano R&uacute;a Pilar Mir&oacute;: 1.012 m<sup>2</sup></li>\r\n<li>Jard&iacute;n hist&oacute;rico PAZO DE AMARANTE: 1.450 m<sup>2</sup></li>\r\n<li>&Aacute;rea natural CARBALLEIRA DE BELEN: 1.662 m<sup>2</sup></li>\r\n<li>&Aacute;rea natural CENTRO SOCIOCULTURAL SANTA CRISTINA DE FECHA: 1.265 m<sup>2</sup></li>\r\n<li>Jard&iacute;n de contorno VILAGUEIRA: 1.565 m<sup>2</sup></li>\r\n<li>&Aacute;rea natural CENTRO SOCIOCULTURAL DE LAVACOLLA: 1.436 m<sup>2</sup></li>\r\n<li>Jard&iacute;n de contorno CAMPUS SUR (Zona 1): 41.119 m<sup>2</sup></li>\r\n<li>Jard&iacute;n hist&oacute;rico ZECA AFONSO: 3.500 m<sup>2</sup></li>\r\n<li>Jard&iacute;n hist&oacute;rico FINCA DO ESPI&Ntilde;O: 24.635 m<sup>2</sup></li>\r\n</ul>\r\n<p><strong>TOTALES m<sup>2</sup>&nbsp;2.276.500</strong></p>','','','',0,3),(786,1,'','<p>O Itinerario Verde &eacute; un proxecto que, unha vez completado, crerar&aacute; un gran corredor de m&aacute;is de 15 km de lonxitude que rodear&aacute; e comunicar&aacute; entre s&iacute; os principais espazos verdes urbanos, po&ntilde;endoos a s&uacute;a vez en relaci&oacute;n cas restantres zonas verdes existentes: con outros parques e xard&iacute;ns, cos cami&ntilde;os rurais e forestais e cos diferentes Cami&ntilde;os de Santiago, creando unha gran senda verde urbana que facilitar&aacute; a integraci&oacute;n e o di&aacute;logo da cidade co seu entorno natural.</p>','','','',0,1),(787,1,'Introducción Itinerario Verde','<p>Compostela &eacute; co&ntilde;ecida fundamentalmente polo se patrimonio cultural, que lle valeu o reco&ntilde;ecemento de Cidade Patrimonio da Humanidade. Menos reco&ntilde;ecido pero igualmente valioso &eacute; o seu patromino natural. Desenvolvida entre os r&iacute;os Sar e Sarela, hoxe config&uacute;rase entre amplas zonas verdes que contrib&uacute;en &aacute; calidade ambiental e calidade de vida.</p>\r\n<p>Os parques, regularmente distribu&iacute;dos, contan cunha rede de sendeiros &uacute;tiles para o paseo, o exercicio f&iacute;sico ou o achegamento a natureza, e poden servir de rutas alternativas para moverse pola cidade sen o acompa&ntilde;amento do tr&aacute;nsito motorizado.</p>\r\n<p>O Iitinerario Verde Urbano pretende aproveitar as potencialidades dos sendeiros dos parques como rutas urbanas, rutas saudables que sen d&uacute;bida permitir&aacute;n descubrir unha Compostela diferente, una <em>Compostela viva,</em> e gozar dos sons, das formas e das cores dunha natureza sempre cambiante.</p>\r\n<p>Sinaliz&aacute;ronse 3 rutas circulares, con inicio e remate na Alameda, tres rutas de distnta lonxitude identific&aacute;ndoas con cores. A sinalizacii&oacute;n horizontal marca o percorrido, sempre no sentido das agullas do reloxo; a sinalizaci&oacute;n vertical permite visualizar o conxunto do trazado, identificar a posici&oacute;n nel e reco&ntilde;ecer alternativas para continuar; tam&eacute;n informa dos quil&oacute;metros desde o punto de inicio e da pendente. Son, no seu conxunto, un convite ao paseo polos parques, que cada quen pode facer do xeito que m&aacute;is se adec&uacute;e aos seus h&aacute;bitos e aos seus intereses; un convite ao paseo, desde a convicci&oacute;n de que servir&aacute; para mellor co&ntilde;ecer e, por tanto, m&aacute;is valorar as zonas verdes p&uacute;blicas de Compostela.</p>','','','',0,2),(788,1,'Liña Violeta','<p>A li&ntilde;a violeta, de 14 Km, descorre por parques moi significativos de Compostela. Como as outras li&ntilde;as, o punto de inicio e o de regreso &eacute; a Alameda, parque emblem&aacute;tico da cidade, do que a s&uacute;a conformaci&oacute;n se iniciou a finais do s&eacute;culo XIX. Hoxe alberga especies arb&oacute;reas procedentes dos cinco continentes e exemplares singulares; conserva vivos os seus paseos e ben aproveitados os seus miradoiros, ademais de contar cun punto de informaci&oacute;n sobre as zonas verdes da cidade. &nbsp; O parque de Galeras onde o r&iacute;o Corgo se deita no Sarela, non ten m&aacute;is de 20 anos pero conta con algunha especie pouco habitual, como a tipuana; situado a escasos metros da catedral e rodeado de vivendas, &eacute; non obstante con asidiudade pola garza. Outro tipo de visitantes, alg&uacute;ns interesados pola moderna arquitectura, son os que recibe o parque de Vista Alegre, antiga finca se&ntilde;orial que conserva carballeira, froiteiras e bancos de mesas de pedra, adem&aacute;is de encherse de cor na floraci&oacute;n de azaleas e conservala coa das hortensias. &nbsp; O estanque que se forma coa auga do r&iacute;o Corgo caracteriza o parque Da M&uacute;sica en Compostela, a car&oacute;n do Auditorio de Galicia; as faias po&ntilde;en a nota de color encarnada &aacute; beira dos muros da antiga finca de Lois. E, cando chega o inverno e moitas &aacute;rbores se ispen de follas, os parques da Valgada de Vite ofrecen variedade de con&iacute;feras e vizosos acivros cheos de froitos encarnados. &nbsp; A Ponte Mantible, por onde vi&ntilde;a a auga para as fontes da cidade, &eacute; o punto de desencontro das tres rutas circulares. A violeta torna a cara o Monte da Alm&aacute;ciga, con moreiras no seu punto m&aacute;is alto, desde o que se avista a Catedral. E logo pasa por San Domingos de Bonaval, con mosteiro e antigo camposanto; na primavera chamar&aacute; a atenci&oacute;n, no xard&iacute;n dos frades, o casti&ntilde;eiro de Indias, cos seus ramos de flores rosadas, e en calquera &eacute;poca do ano a circulacion da auga que sae da mina escavada no propio parque. O de Belvis, ocupa a valgada do mesmo nome; diversidade de equipamentos, diversidade de espazos limitados por muros de pedra; hortas p&uacute;blicas, espazo de froiteiras (destaca a lustrosa folla dos caquis), p&eacute;rgola con glicina, miradoiro, &aacute;rea de xogo infantil, labirinto de camelias, Casa do Medio Ambiente... O regato vai ao r&iacute;o Sar, al&iacute; onde se desenvolven as Bra&ntilde;as. E pasando por diante da fonde dos Capit&aacute;ns, de lendaria historia, a ruta chega &aacute; Pontepedri&ntilde;a e entra no Parque Eugenio Granell para seguir polos parques de Conxo, e beireando o Campus Sur, voltar a Alameda pola&nbsp; Carballeira de San Lourenzo, restos dunha antiga carballeira a car&oacute;n do mosteiro de Trasoutos.</p>','','','',0,3),(789,1,'Liña azul','<p>O percorrido da li&ntilde;a azul nace e morre, como o das outras d&uacute;as na Alameda; a diferenza delas, percorre os parques m&aacute;is altos do nordeste da cidade: o parque Avil&eacute;s de Taramancos e o m&aacute;is recente das Cancelas.</p>\r\n<p>En Ponte Mantible o itinerario ate ent&oacute;n &uacute;nico, bif&uacute;rcase en tres: a li&ntilde;a azul ascende cara o parque Avil&eacute;s de Taramancos. &Aacute; altura da escultura \"Porta de Compostela\" (de Camilo Otero), deixando atr&aacute;s o vello acueduto av&iacute;stase o dep&oacute;sito de auga das Cancelas, no punto m&aacute;is elevado do parque Avil&eacute;s de Taramancos; a auga, indispensable para a vida, condicionante do desenvolvemento da cidade, antes e agora.</p>\r\n<p>Avil&eacute;s de Taramancos &eacute; un parque relativamente recente e a&iacute;nda con pouco arborado; un par de eucaliptos, alg&uacute;ns pi&ntilde;eiros, alg&uacute;ns carballos; destaca a cor branca da codia dos bidueiros, sobreo todo no outono,&nbsp; cando van perdendo as follas, ent&oacute;n amarelentas. Desde o alto, hai unha ampla vista da cidade precedida polos edificions que hoxe ocupa a Xunta de Galicia, unha vista que se vai reducindo no descenso a trav&eacute;s do parque das Cancelas, que conta na zona de estancia cunha escultura de Garmendia.</p>\r\n<p>Despois a ruta ad&eacute;ntrase no parque de Carlomagno, ao leste do barrio das Fonti&ntilde;as. O Cami&ntilde;o en pendente, beirado de chopos, pasa a car&oacute;n dun miradoiro con glicinia, de olorosas flores azuis; o cambio de rasante coincide co inicio das escaleiras de descenso que enlazan co paseo de acacias de Xap&oacute;n e hortensias.</p>\r\n<p>A ruta atravesa o r&iacute;o Sar pola r&uacute;a Fontes do Sar, e descorrendo pola base do Monte Gai&aacute;s atravase de novo o r&iacute;o Sar a car&oacute;n da Colexiata de Sar, do s&eacute;culo XII, para acceder logo &aacute;s Bra&ntilde;as e enlazar coas outras d&uacute;as li&ntilde;as a altura da fonte dos Capit&aacute;ns.</p>\r\n<p>A li&ntilde;a Aazul, como as outras d&uacute;as, contin&uacute;a polo parque Eugenio Granell, para retornar a Alameda despois de pasar polos parques de Conxo. No outono, Ponte Pereda &eacute;nchese da cor encarnada dos carballos americanos e a Carballeira de San Lourenzo.</p>\r\n<p>Desde a fonte dos capit&aacute;ns hai outra opci&oacute;n: regresar a Ponte Mantible a trav&eacute;s dos parques de Belv&iacute;s, Bonaval e a Alm&aacute;ciga seguindo a traza da li&ntilde;a violeta.</p>','','','',0,5),(790,1,'Liña Laranxa','<p>E ao chegar a Ponte Mantible que a li&ntilde;a laranxa se separa das outras d&uacute;as e prosegue cara o norte, direcci&oacute;n ao Parque dos Salgueiri&ntilde;os, onde o r&iacute;o Corgo inicia o seu curso acompa&ntilde;ado dun ronsel de ameneiros e salgueiros. Un curso curto que remata no Parque de Galeras e sen embargo moi expresivo do tratamento que se deu aos r&iacute;os cando deixaron de ser considerados arterias de vida; tramos soterrados, baixo o asfalto ou baixo os parques, tramos encaixados en cemento e s&oacute; de cando en vez, o r&iacute;o na s&uacute;a forma natural. Que por certo, recupera agora no espazo que ocupara a antiga feira de gando.</p>\r\n<p>Pozo da Neve &eacute; unha pequena &aacute;rea verde que se conserva no noma e na pedra a pegada un uso non moi lonxano; conservar a neve que se utilizaba na cidade para prover de fr&iacute;o alimentos ou medicamentos. As mimosas ven sendo substitu&iacute;das por outras &aacute;rbores como as sobreiras, de espesa cortiza; na primavera &eacute;nchese de color coas flores das azaleas, que se estenden ata o Cruceiro da Coru&ntilde;a.</p>\r\n<p>Despois a ruta segue pola Avenida de Asturias, entre humidais e bosques, ate o Mercado de Gando, onde toma unha decidida direcci&oacute;n sur para chegar ao Parque de San L&aacute;zaro, e, seguindo a traza do Cami&ntilde;o Franc&eacute;s, enlazar coa li&ntilde;a azul e entrar no Parque de Carlomagno para continuar conxuntamente ate a Alameda.</p>\r\n<p>Outra opci&oacute;n e seguir a sinalizaci&oacute;n da li&ntilde;a azul e, desde o inicio do Parque de Carlomagno, regresar a Ponte Mantible polos parques das Cancelas e Avil&eacute;s de Taramancos.</p>','','','',0,6),(791,1,'','<p>FACILITANDO SERVICIOS DEL AYUNTAMIENTO POR Y PARA LOS CIUDADANOS (n&ordm; solicitud 312-000111851)<br />Proyecto cofinanciado por el Fondo Europeo de Desarrollo Regional</p>','','','',0,7),(810,2,'','<p>El Itinerario Verde es un proyecto que, una vez completado, crear&aacute; un gran corredor de m&aacute;s de 15 km de longitud que rodear&aacute; la ciudad y comunicar&aacute; entre s&iacute; los principales espacios verdes urbanos, poni&eacute;ndolos a su vez en relaci&oacute;n con las restantes zonas verdes existentes: con otros parques y jardines, con los senderos rurales y forestales y con los diferentes Caminos de Santiago, creando una gran senda verde urbana que facilitar&aacute; la integraci&oacute;n y el di&aacute;logo de la ciudad con su entorno natural.</p>','','','',0,1),(811,2,'Introducción Itinerario Verde','<p>Compostela es conocida fundamentalmente por su patrimonio cultural, que le ha valido el reconocimiento de Ciudad Patrimonio de la Humanidad. Menos reconocido pero igualmente valioso es su patromino natural. Desarrollada entre los r&iacute;os Sar y Sarela, hoy se configura entre amplias zonas verdes que contribuyen a la calidad ambiental y calidad de vida.</p>\r\n<p>Los parques, regularmente distribu&iacute;dos, cuentan con una red de senderos &uacute;tiles para el paseo, o ejercicio f&iacute;sico o el acercamiento a la naturaleza, y pueden servir de rutas alternativas para moverse por la ciudad sin el acompa&ntilde;amiento del tr&aacute;nsito motorizado.</p>\r\n<p>El Iitinerario Verde Urbano pretende aprovechar las potencialidades de los senderos de los parques como rutas urbanas, rutas saludables que sin duda permitir&aacute;n descubrir una Compostela diferente, una <em>Compostela viva,</em> y gozar de los sonidos, de las formas y de los colores de una naturaleza siempre cambiante.</p>\r\n<p>Se han se&ntilde;alixado 3 rutas circulares, con inicio y fin en la Alameda, tres rutas de distnta longitud identific&aacute;ndolas con colores. La se&ntilde;alizaci&oacute;n horizontal marca el recorrido, siempre en el sentido de las agujas del reloj; la se&ntilde;alizaci&oacute;n vertical permite visualizar el conjunto del trazado, identificar la posici&oacute;n en &eacute;l y reconocer alternativas para continuar; tambi&eacute;n informa de los quil&oacute;metros desde el punto de inicio y de la pendiente. Son, en su conjunto, un convite al paseo por los parques, que cada quien puede hacer del modo que m&aacute;s se adec&uacute;e a sus h&aacute;bitos y a sus intereses; un convite al paseo, desde la convicci&oacute;n de que servir&aacute; para un mejor conocimiento, y, por tanto, valorar mas las zonas verdes p&uacute;blicas de Compostela.</p>','','','',0,2),(812,2,'Línea Violeta','<p>La l&iacute;nea violeta, de 14 Km, discurre por parques muy significativos de Compostela. Como las otras l&iacute;neas, el punto de inicio y de regreso es la Alameda, parque emblem&aacute;tico de la ciudad, del que su conformaci&oacute;n s inicio a finales del siglo XIX.</p>\r\n<div>Hoy alberga especies arb&oacute;reas procedentes de los cinco continentes y ejemplares singulares; conserva vivos sus paseos y bien aprovechados sus miradores, adem&aacute;s de contar con un punto de informaci&oacute;n sobre las zonas verdes de la ciudad.</div>\r\n<div>&nbsp;</div>\r\n<div>El parque de Galeras donde o r&iacute;o Corgo se acuesta en el Sarela, no tiene m&aacute;s de 20 a&ntilde;os pero cuenta con alguna especie poco habitual, como la tipuana; situado a escasos metros de la catedral y rodeado de viviendas, y no obstante con asiduidad por la garza. Otro tipo de visitantes, algunos interesados por la moderna arquitectura, son los que recibe el parque de Vista Alegre, antigua finca se&ntilde;orial que conserva carballeira, frutales y bancos de mesas de piedra, adem&aacute;s de llenarse de color en la floraci&oacute;n de azaleas y conserrvala con la de lashortensias.</div>\r\n<div>&nbsp;</div>\r\n<div>El estanque que se forma con el agua del r&iacute;o Corgo caracteriza el parque Da M&uacute;sica en Compostela, a lado del Auditorio de Galicia; las faias ponen la nota de color roja a la orilla de los muros de la antigua finca de Lois. y, cuando llega el invierno y muchas &aacute;rboles pierden las hojas, los parques de Valgada de Vite ofrecen variedad de con&iacute;feras y vizosos acivros llenos de frutos rojos.</div>\r\n<div>&nbsp;</div>\r\n<div>La Ponte Mantible, por donde ven&iacute;a el agua para las fuentes de la ciudad, es el punto de desencuentro de las tres rutas circulares. La violeta gira la cara al Monte da Alm&aacute;ciga, con moreiras en su punto m&aacute;s alto, desde donde se divisa la Catedral. Y despu&eacute;s pasa por San Domingos de Bonaval, con monasterio y antiguo cementerio; en primavera llamar&aacute; la atenci&oacute;n, en el jard&iacute;n dos frades, el casti&ntilde;eiro de Indias, con sus ramos de flores rosadas, y en cualquiera &eacute;poca del a&ntilde;o la circulacion da agua que sale de la mina escavada en el propio parque. El de Belvis, ocupa la valgada del mismo nombre; diversidad de equipamientos, diversidad de espacios limitados por muros de piedra; huertas p&uacute;blicas, espacio de frutales (destaca la lustrosa hoja de los caquis), p&eacute;rgola con glicina, mirador, &aacute;rea de juego infantil, laberinto de camelias, Casa del Medio Ambiente... El riachuelo desemboca en el r&iacute;o Sar, all&iacute; donde se desarrollan las Bra&ntilde;as. Y pasando por delante de la fuente dos Capit&aacute;ns, de legendaria historia, la ruta llega a la Pontepedri&ntilde;a y entra en el Parque Eugenio Granell para seguir por los parques de Conxo, y bordeando el Campus Sur, volver a la Alameda por la&nbsp; Carballeira de San Lourenzo, restos de una antigua carballeira a lado del mosteiro de Trasoutos.</div>\r\n<div>&nbsp;</div>','','','',0,3),(813,2,'Línea Azul','<p>El rercorrido de la l&iacute;nea azul nace y muere, como el de las otras dos en la Alameda; a diferencia de ellas, rercorre los parques m&aacute;s altos del nordeste de la ciudad: el parque Avil&eacute;s de Taramancos y el m&aacute;s reciente das Cancelas.</p>\r\n<p>En Ponte Mantible el itinerario hasta entonces &uacute;nico, se bifurca en tres: la l&iacute;nea azul asciende hacia el parque Avil&eacute;s de Taramancos. A la altura de la escultura \"Porta de Compostela\" (de Camilo Otero), dejando atr&aacute;s el viejo acueducto se divisa el dep&oacute;sito de agua das Cancelas, en el punto m&aacute;s elevado del parque Avil&eacute;s de Taramancos; el auga, indispensable para la vida, condicionante del desarriollo de la ciudad, antes y ahora.</p>\r\n<p>Avil&eacute;s de Taramancos es un parque relativamente reciente y a&uacute;n con poco arbolado; un par de eucaliptos, algunos pi&ntilde;eiros, algunos carballos; destaca el color blanco de la codia de los bidueros, sobre todo en oto&ntilde;o,&nbsp; cuando van perdiendo las hojas, entonces amarrillentas. Desde el alto, hay una amplia vista de la ciudad precedida por los edificios que hoy ocupa la Xunta de Galicia, una vista que se va reduciendo en el descenso a trav&eacute;s del parque das Cancelas, que cuenta en zona de estancia con una escultura de Garmendia.</p>\r\n<p>Despu&eacute;s la ruta se adentra en el parque de Carlomagno, a este del barrio das Fonti&ntilde;as. El Camino en pendiente, rodeado de chopos, pasa cerca de un miradoir con glicinia, de olorosas flores azules; el cambio de rasante coincide con el inicio de las escaleiras de descenso que enlazan con el paseo de acacias de Jap&oacute;n Y hortensias.</p>\r\n<p>La ruta atraviesa el r&iacute;o Sar por la calle Fontes do Sar, y discurriendo por la base del Monte Gai&aacute;s atraviesa de nuevo el r&iacute;o Sar cerca de la Colexiata de Sar, del siglo XII, para acceder luego a las Bra&ntilde;as y enlazar con las otras dos l&iacute;neas a la altura de la fuente dos Capit&aacute;ns.</p>\r\n<p>La l&iacute;nea Azul, como las otras dos, contin&uacute;a por el parque Eugenio Granell, para retornar a la Alameda despu&eacute;s de pasar por los parques de Conxo. En oto&ntilde;o, Ponte Pereda se llena del color rojo de los carballos americanos y la Carballeira de San Lourenzo.</p>\r\n<p>Desde la fuente dos capit&aacute;ns hay otra opci&oacute;n: regresar a la Ponte Mantible a trav&eacute;s de los parques de Belv&iacute;s, Bonaval y la Alm&aacute;ciga siguiendo el trazado de la l&iacute;nea violeta.</p>','','','',0,4),(814,2,'Línea Naranja','<p>Y al llegar a la Ponte Mantible que la l&iacute;nea narajna se separa de las otras dos y prosigue hacia el norte, direcci&oacute;n al Parque dos Salgueiri&ntilde;os, donde el r&iacute;o Corgo inicia su curso acompa&ntilde;ado de un ronsel de ameneiros y salgueiros. Un curso corto que acaba en el Parque de Galeras y sin embargo muy expresivo del tratamiento que se ha dado a los r&iacute;os cuando dejaron de ser considerados arterias de vida; tramos enterrados, bajo el asfalto o bajo los parques, tramos encajados en cemento y solo de cuando en vez, el r&iacute;o en su forma natural. Que por cierto, recupera ahora el espacio que ocupara la antigua feria del ganado.</p>\r\n<p>Pozo da Neve es una peque&ntilde;a &aacute;rea verde que se conserva en la loma y en la piedra un uso no muy lejano; conservar la nieve que se utilizaba en la ciudad para proveer de fr&iacute;o alimentos o medicamentos. Lass mimosas se sustituyen por otras &aacute;rboles como las sobreiras, de espesa corteza; en la primavera se llena de color con las flores de las azaleas, que se extienden hasta el Cruceiro da Coru&ntilde;a.</p>\r\n<p>Despu&eacute;s la ruta sigue por la Avenida de Asturias, entre humedales y bosques, hasta el Mercado de Gando, donde toma una decidida direcci&oacute;n sur para llegar al Parque de San L&aacute;zaro, y, siguiendo la traza del Cami&ntilde;o Franc&eacute;s, enlazar con la l&iacute;nea azul y entrar en el Parque de Carlomagno para continuar conjuntamente hasta la Alameda.</p>\r\n<p>Otra opci&oacute;n es seguir la se&ntilde;alizaci&oacute;n de la l&iacute;nea azul y, desde el inicio del Parque de Carlomagno, regresar a la Ponte Mantible por los parques de las Cancelas y Avil&eacute;s de Taramancos.</p>','','','',0,5),(815,2,'','<p>FACILITANDO SERVICIOS DEL AYUNTAMIENTO POR Y PARA LOS CIUDADANOS (n&ordm; solicitud 312-000111851)<br />Proyecto cofinanciado por el Fondo Europeo de Desarrollo Regional</p>','','','',0,6),(818,1,'Listado dos Parques Infatís situados nas Zonas Verdes','<p><strong>XOGOS INFANT&Iacute;S SITUADOS NOS ESPACIOS VERDES. 2004</strong></p>\r\n<ul>\r\n<li>A GRACIA</li>\r\n<li>A LAVACOLLA</li>\r\n<li>A PEREGRINA</li>\r\n<li>A TRISCA</li>\r\n<li>AGROS DE RAM&Iacute;REZ</li>\r\n<li>ALAMEDA</li>\r\n<li>ALEXANDRE B&Oacute;VEDA</li>\r\n<li>AMIO</li>\r\n<li>ARINS</li>\r\n<li>AS CANCELAS</li>\r\n<li>AVDA. DE COIMBRA</li>\r\n<li>AVIL&Eacute;S DE TARAMANCO</li>\r\n<li>BELV&Iacute;S</li>\r\n<li>BRAND&Iacute;A</li>\r\n<li>BORNAIS</li>\r\n<li>CAMALL&Oacute;NS</li>\r\n<li>CAMILO DIAZ BALI&Ntilde;O</li>\r\n<li>CASTI&Ntilde;EIRI&Ntilde;O</li>\r\n<li>CHOUPANA</li>\r\n<li>DR. MACEIRA</li>\r\n<li>FIGUEIRAS</li>\r\n<li>FONTI&Ntilde;AS I</li>\r\n<li>FONT&Ntilde;AS II</li>\r\n<li>FONTI&Ntilde;AS III</li>\r\n<li>GALERAS</li>\r\n<li>LAMAS DE ABADE</li>\r\n<li>LOPEZ FERREIRO</li>\r\n<li>MARANTES</li>\r\n<li>MARROZOS</li>\r\n<li>M&Uacute;SICA EN COMPOSTELA</li>\r\n<li>O VALI&Ntilde;O</li>\r\n<li>PABLO IGLESIAS</li>\r\n<li>PARQUE XIX&Oacute;N</li>\r\n<li>PONTE PEDRI&Ntilde;A</li>\r\n<li>PRAZA DE LE&Oacute;N</li>\r\n<li>PONTE PEREDA</li>\r\n</ul>','','','',0,1),(819,2,'Listado de los Parques Infatiles situados en las Zonas Verdes','<p><strong>JUEGOS INFANTILES SITUADOS EN LOS ESPACIOS VERDES. 2004</strong></p>\r\n<ul>\r\n<li>A GRACIA</li>\r\n<li>A LAVACOLLA</li>\r\n<li>A PEREGRINA</li>\r\n<li>A TRISCA</li>\r\n<li>AGROS DE RAM&Iacute;REZ</li>\r\n<li>ALAMEDA</li>\r\n<li>ALEXANDRE B&Oacute;VEDA</li>\r\n<li>AMIO</li>\r\n<li>ARINS</li>\r\n<li>AS CANCELAS</li>\r\n<li>AVDA. DE COIMBRA</li>\r\n<li>AVIL&Eacute;S DE TARAMANCO</li>\r\n<li>BELV&Iacute;S</li>\r\n<li>BRAND&Iacute;A</li>\r\n<li>BORNAIS</li>\r\n<li>CAMALL&Oacute;NS</li>\r\n<li>CAMILO DIAZ BALI&Ntilde;O</li>\r\n<li>CASTI&Ntilde;EIRI&Ntilde;O</li>\r\n<li>CHOUPANA</li>\r\n<li>DR. MACEIRA</li>\r\n<li>FIGUEIRAS</li>\r\n<li>FONTI&Ntilde;AS I</li>\r\n<li>FONT&Ntilde;AS II</li>\r\n<li>FONTI&Ntilde;AS III</li>\r\n<li>GALERAS</li>\r\n<li>LAMAS DE ABADE</li>\r\n<li>LOPEZ FERREIRO</li>\r\n<li>MARANTES</li>\r\n<li>MARROZOS</li>\r\n<li>M&Uacute;SICA EN COMPOSTELA</li>\r\n<li>O VALI&Ntilde;O</li>\r\n<li>PABLO IGLESIAS</li>\r\n<li>PARQUE XIX&Oacute;N</li>\r\n<li>PONTE PEDRI&Ntilde;A</li>\r\n<li>PRAZA DE LE&Oacute;N</li>\r\n<li>PONTE PEREDA</li>\r\n</ul>','','','',0,1),(824,1,'Áreas Deportivas descubertas situadas nos espazos verdes','<p><strong>POLIDEPORTIVAS DESCUBERTAS SITUADAS NOS ESPACIOS VERDES</strong></p>\r\n<p>A GRACIA</p>\r\n<ul>\r\n<li>Baloncesto: 1</li>\r\n</ul>\r\n<p>ALEX&Aacute;NDRE B&Oacute;VEDA</p>\r\n<ul>\r\n<li>Baloncesto: 1</li>\r\n</ul>\r\n<p>ALM&Aacute;CIGA</p>\r\n<ul>\r\n<li>Baloncesto: 1</li>\r\n<li>F&uacute;tbol: 1</li>\r\n</ul>\r\n<p>AR&Iacute;NS</p>\r\n<ul>\r\n<li>Baloncesto: 1</li>\r\n<li>F&uacute;tbol-sala: 1</li>\r\n</ul>\r\n<p>BRAND&Iacute;A</p>\r\n<ul>\r\n<li>Baloncesto: 1</li>\r\n</ul>\r\n<p>BELV&Iacute;S</p>\r\n<ul>\r\n<li>F&uacute;tbol: 1</li>\r\n</ul>\r\n<p>BORNAIS</p>\r\n<ul>\r\n<li>Baloncesto: 1</li>\r\n</ul>\r\n<p>BUSTO</p>\r\n<ul>\r\n<li>Baloncesto: 1</li>\r\n<li>F&uacute;tbol: 1</li>\r\n<li>F&uacute;tbol-sala: 1</li>\r\n</ul>\r\n<p>&nbsp;O CASTI&Ntilde;EIRI&Ntilde;O</p>\r\n<ul>\r\n<li>Baloncesto: 1</li>\r\n</ul>\r\n<p>FONTI&Ntilde;AS</p>\r\n<ul>\r\n<li>Baloncesto:&nbsp;3</li>\r\n<li>F&uacute;tbol-sala:&nbsp;2</li>\r\n</ul>\r\n<p>GALERAS</p>\r\n<ul>\r\n<li>Baloncesto:&nbsp;1</li>\r\n<li>F&uacute;tbol-sala:&nbsp;1</li>\r\n</ul>\r\n<p>MARROZOS</p>\r\n<ul>\r\n<li>Baloncesto: 1</li>\r\n<li>F&uacute;tbol: 1</li>\r\n<li>F&uacute;tbol-sala: 1</li>\r\n</ul>\r\n<p>PABLO IGLESIAS</p>\r\n<ul>\r\n<li>Baloncesto: 1</li>\r\n<li>F&uacute;tbol-sala: 1</li>\r\n</ul>\r\n<p>PARQUE XIX&Oacute;N</p>\r\n<ul>\r\n<li>Baloncesto: 1</li>\r\n<li>F&uacute;tbol-sala: 1</li>\r\n</ul>\r\n<p>PONTE PEDRI&Ntilde;A</p>\r\n<ul>\r\n<li>Baloncesto: 1</li>\r\n</ul>\r\n<p>PONTE PEDRI&Ntilde;A-2</p>\r\n<ul>\r\n<li>Baloncesto: 1</li>\r\n<li>F&uacute;tbol-sala: 1</li>\r\n</ul>\r\n<p>ROXOS</p>\r\n<ul>\r\n<li>Baloncesto: 1</li>\r\n<li>F&uacute;tbol-sala: 1</li>\r\n</ul>\r\n<p>R&Uacute;A HOME SANTO</p>\r\n<ul>\r\n<li>Baloncesto: 1</li>\r\n</ul>\r\n<p>SAN XOAN</p>\r\n<ul>\r\n<li>Baloncesto: 1</li>\r\n<li>F&uacute;tbol-sala: 1</li>\r\n</ul>\r\n<p>SANTA LUC&Iacute;A</p>\r\n<ul>\r\n<li>Baloncesto: 1</li>\r\n<li>F&uacute;tbol&nbsp;7: 1</li>\r\n</ul>\r\n<p>FERMIN BOUZA BREY</p>\r\n<ul>\r\n<li>Baloncesto: 1</li>\r\n<li>F&uacute;tbol-sala: 1</li>\r\n</ul>\r\n<p>CAMI&Ntilde;O FRANC&Eacute;S</p>\r\n<ul>\r\n<li>Tenis: 1</li>\r\n</ul>\r\n<p>PONTE PEREDA</p>\r\n<ul>\r\n<li>Baloncesto: 1</li>\r\n</ul>\r\n<p><strong>&nbsp;TOTAIS</strong></p>\r\n<ul>\r\n<li><strong>Tenis: 3</strong></li>\r\n<li><strong>Baloncesto:&nbsp;23</strong></li>\r\n<li><strong>F&uacute;tbol:&nbsp;4</strong></li>\r\n<li><strong>F&uacute;tbol-sala: 12</strong></li>\r\n<li><strong>F&uacute;tbol&nbsp;7: 1</strong></li>\r\n</ul>','','','',0,1),(825,2,'Áreas Deportivas descubiertas situadas en los espacios verdes ','<p><strong>POLIDEPORTIVAS DESCUBIERTAS SITUADAS EN LOS ESPACIOS VERDES</strong></p>\r\n<p>A GRACIA</p>\r\n<ul>\r\n<li>Baloncesto: 1</li>\r\n</ul>\r\n<p>ALEX&Aacute;NDRE B&Oacute;VEDA</p>\r\n<ul>\r\n<li>Baloncesto: 1</li>\r\n</ul>\r\n<p>ALM&Aacute;CIGA</p>\r\n<ul>\r\n<li>Baloncesto: 1</li>\r\n<li>F&uacute;tbol: 1</li>\r\n</ul>\r\n<p>AR&Iacute;NS</p>\r\n<ul>\r\n<li>Baloncesto: 1</li>\r\n<li>F&uacute;tbol-sala: 1</li>\r\n</ul>\r\n<p>BRAND&Iacute;A</p>\r\n<ul>\r\n<li>Baloncesto: 1</li>\r\n</ul>\r\n<p>BELV&Iacute;S</p>\r\n<ul>\r\n<li>F&uacute;tbol: 1</li>\r\n</ul>\r\n<p>BORNAIS</p>\r\n<ul>\r\n<li>Baloncesto: 1</li>\r\n</ul>\r\n<p>BUSTO</p>\r\n<ul>\r\n<li>Baloncesto: 1</li>\r\n<li>F&uacute;tbol: 1</li>\r\n<li>F&uacute;tbol-sala: 1</li>\r\n</ul>\r\n<p>&nbsp;O CASTI&Ntilde;EIRI&Ntilde;O</p>\r\n<ul>\r\n<li>Baloncesto: 1</li>\r\n</ul>\r\n<p>FONTI&Ntilde;AS</p>\r\n<ul>\r\n<li>Baloncesto:&nbsp;3</li>\r\n<li>F&uacute;tbol-sala:&nbsp;2</li>\r\n</ul>\r\n<p>GALERAS</p>\r\n<ul>\r\n<li>Baloncesto:&nbsp;1</li>\r\n<li>F&uacute;tbol-sala:&nbsp;1</li>\r\n</ul>\r\n<p>MARROZOS</p>\r\n<ul>\r\n<li>Baloncesto: 1</li>\r\n<li>F&uacute;tbol: 1</li>\r\n<li>F&uacute;tbol-sala: 1</li>\r\n</ul>\r\n<p>PABLO IGLESIAS</p>\r\n<ul>\r\n<li>Baloncesto: 1</li>\r\n<li>F&uacute;tbol-sala: 1</li>\r\n</ul>\r\n<p>PARQUE XIX&Oacute;N</p>\r\n<ul>\r\n<li>Baloncesto: 1</li>\r\n<li>F&uacute;tbol-sala: 1</li>\r\n</ul>\r\n<p>PONTE PEDRI&Ntilde;A</p>\r\n<ul>\r\n<li>Baloncesto: 1</li>\r\n</ul>\r\n<p>PONTE PEDRI&Ntilde;A-2</p>\r\n<ul>\r\n<li>Baloncesto: 1</li>\r\n<li>F&uacute;tbol-sala: 1</li>\r\n</ul>\r\n<p>ROXOS</p>\r\n<ul>\r\n<li>Baloncesto: 1</li>\r\n<li>F&uacute;tbol-sala: 1</li>\r\n</ul>\r\n<p>R&Uacute;A HOME SANTO</p>\r\n<ul>\r\n<li>Baloncesto: 1</li>\r\n</ul>\r\n<p>SAN XOAN</p>\r\n<ul>\r\n<li>Baloncesto: 1</li>\r\n<li>F&uacute;tbol-sala: 1</li>\r\n</ul>\r\n<p>SANTA LUC&Iacute;A</p>\r\n<ul>\r\n<li>Baloncesto: 1</li>\r\n<li>F&uacute;tbol&nbsp;7: 1</li>\r\n</ul>\r\n<p>FERMIN BOUZA BREY</p>\r\n<ul>\r\n<li>Baloncesto: 1</li>\r\n<li>F&uacute;tbol-sala: 1</li>\r\n</ul>\r\n<p>CAMI&Ntilde;O FRANC&Eacute;S</p>\r\n<ul>\r\n<li>Tenis: 1</li>\r\n</ul>\r\n<p>PONTE PEREDA</p>\r\n<ul>\r\n<li>Baloncesto: 1</li>\r\n</ul>\r\n<p><strong>&nbsp;TOTAIS</strong></p>\r\n<ul>\r\n<li><strong>Tenis: 3</strong></li>\r\n<li><strong>Baloncesto:&nbsp;23</strong></li>\r\n<li><strong>F&uacute;tbol:&nbsp;4</strong></li>\r\n<li><strong>F&uacute;tbol-sala: 12</strong></li>\r\n<li><strong>F&uacute;tbol&nbsp;7: 1</strong></li>\r\n</ul>','','','',0,1),(1436,1,'','<p>Informaci&oacute;n dispo&ntilde;ible na secci&oacute;n de <a title=\"Descargar (Atenci&oacute;n &aacute; Cidadan&iacute;a)\" href=\"http://santiagodecompostela.gal/casa_concello/servizo.php?txt=ser_aten_cidadan&amp;lg=gal&amp;c=31\" target=\"_blank\">enlaces</a>&nbsp;de Atenci&oacute;n &aacute; Cidadan&iacute;a.</p>','','','',0,1),(1437,2,'','Informaci&oacute;n disponible en la secci&oacute;n de <a title=\"Descargar (Atenci&oacute;n &aacute; Cidadan&iacute;a)\" href=\"http://santiagodecompostela.gal/casa_concello/servizo.php?txt=ser_aten_cidadan&amp;c=31&amp;lg=cas\" target=\"_blank\">ENLACES</a>&nbsp;DE ATENCI&Oacute;N A LA CIUDADAN&Iacute;A<br>','','','',0,1),(1451,1,'','','','','',0,1),(1452,2,'','','','','',0,1),(1564,2,'','<p>Comprende a estructura organizativa do Concello e a identificaci&oacute;n das persoas responsables dos diferentes &oacute;rganos de gobern&oacute;, as&iacute; coma as s&uacute;as funci&oacute;ns. P&oacute;dense consultar as competencias dos diferentes servizos de xeito m&aacute;is pormenorizado na secci&oacute;n de <a title=\"Servizos municipais, empresas e organismos\" href=\"http://www.santiagodecompostela.gal/casa_concello/servizos.php?txt=es_servizos&amp;lg=gal\" target=\"_blank\">Servizos municipais, empresas e organismos</a>&nbsp;da web do Concello de Santiago de Compostela.</p>','','','',0,1),(1565,2,'Alcaldía','<p><strong>Marti&ntilde;o Noriega S&aacute;nchez</strong>. Alcalde. Voceiro da Xunta de Goberno Local. Competencias directas en R&eacute;xime Interno (Persoal, Contrataci&oacute;n, Arquivo, Innovaci&oacute;n e Inform&aacute;tica), Lingua, Participaci&oacute;n e Relaci&oacute;ns Veci&ntilde;ais e Relaci&oacute;ns Institucionais.</p>\r\n<p><a title=\"alcaldia@santiagodecompostela.gal\" href=\"mailto:alcaldia@santiagodecompostela.gal\">alcaldia@santiagodecompostela.gal</a></p>\r\n<ul>\r\n<li>Gabinete da Alcald&iacute;a</li>\r\n<li>Protocolo e Relaci&oacute;ns P&uacute;blicas</li>\r\n<li>Comunicaci&oacute;n</li>\r\n<li>Lingua galega</li>\r\n<li>Inform&aacute;tica</li>\r\n<li>Innovaci&oacute;n</li>\r\n<li>Relaci&oacute;ns veci&ntilde;ais</li>\r\n</ul>\r\n<p><strong>Xaqu&iacute;n&nbsp; Enrique Monteguado</strong> <strong>Romero</strong>. Xefe de &aacute;rea de Persoal, Contrataci&oacute;n e Inform&aacute;tica e Director da Asesor&iacute;a Xur&iacute;dica.</p>\r\n<p><strong>Xesti&oacute;n de Persoal</strong></p>\r\n<p><strong>Contrataci&oacute;n, Servizos Comunitarios e Medio ambiente</strong></p>\r\n<ul>\r\n<li>Atenci&oacute;n ao consumidor</li>\r\n<li>Servizos b&aacute;sicos, mercados e transportes</li>\r\n<li>Contrataci&oacute;n</li>\r\n<li>Medio ambiente e sanidade</li>\r\n<li>Mercado Nacional de Gando</li>\r\n<li>Estaci&oacute;n de autobuses</li>\r\n</ul>','','','',0,2),(1566,2,'Administración Xeral e Réxime Interior. Secretaría Xeral.','<p><strong>Jos&eacute; Ram&oacute;n Alonso Fern&aacute;ndez. Secretario Xeral do Pleno</strong></p>\r\n<p>Asistencia a plenos</p>\r\n<ul>\r\n<li>Xunta de goberno</li>\r\n<li>Rexistro e certificaci&oacute;ns</li>\r\n<li>Informaci&oacute;n. Atenci&oacute;n &aacute; Cidadan&iacute;a</li>\r\n<li>Documentaci&oacute;n e arquivo</li>\r\n<li>Asesor&iacute;a xur&iacute;dica</li>\r\n<li>Estat&iacute;stica</li>\r\n<li>Padr&oacute;n municipal</li>\r\n<li>Parque m&oacute;bil</li>\r\n</ul>','','','',0,3),(1567,2,'Servizos Económicos','<p><strong>Mar&iacute;a Rozas P&eacute;rez</strong>. Concelleira responsable de Econom&iacute;a e Facenda, con competencias en Planificaci&oacute;n Econ&oacute;mica e Financeira, Xesti&oacute;n Tributaria, Xesti&oacute;n Orzamentaria, Pol&iacute;tica Fiscal e xesti&oacute;n de persoal. Primeira tenente de alcalde.<br /> <a href=\"mailto:mrozasp@santiagodecompostela.gal\">mrozasp@santiagodecompostela.gal</a></p>\r\n<p><strong>Inmaculada Vi&ntilde;a Carregal</strong><strong>. Interventora</strong></p>\r\n<ul class=\"lista\">\r\n<li>Intervenci&oacute;n\r\n<ul class=\"lista\">\r\n<li>Fiscalizaci&oacute;n</li>\r\n<li>Orzamentos e contabilidade</li>\r\n</ul>\r\n</li>\r\n</ul>\r\n<p><strong>Carlos Moure Vieiro. </strong><strong>Tesoureiro</strong></p>\r\n<ul class=\"lista\">\r\n<li>Tesourar&iacute;a\r\n<ul class=\"lista\">\r\n<li>Xesti&oacute;n de tesourar&iacute;a</li>\r\n<li>Xesti&oacute;n, recadaci&oacute;n e inspecci&oacute;n</li>\r\n<li>Atenci&oacute;n ao contribu&iacute;nte</li>\r\n</ul>\r\n</li>\r\n</ul>\r\n<p>Xesti&oacute;n de Persoal</p>\r\n<ul>\r\n<li>Administraci&oacute;n de persoal laboral</li>\r\n<li>Administraci&oacute;n de persoal funcionario</li>\r\n<li>Xesti&oacute;n de recursos humanos e relaci&oacute;ns laborais</li>\r\n<li>Prevenci&oacute;n de riscos laborais</li>\r\n</ul>','','','',0,4),(1568,2,'Urbanismo','<p>&nbsp;</p>\r\n<p><strong>Jorge Duarte V&aacute;zquez</strong>. Concelleiro responsable de Espazos Cidad&aacute;ns, Dereito &aacute; Vivenda e Mobilidade, con competencias en Urbanismo (Planeamento y licencias, disciplina urban&iacute;stica y Patrimonio), Cidade Hist&oacute;rica, Rehabilitaci&oacute;n, Vivenda, Mobilidade e Proxectos e Obras. Segundo tenente de alcalde.</p>\r\n<p><a title=\"jduartev@santiagodecompostela.gal\" href=\"mailto:jduartev@santiagodecompostela.gal\">jduartev@santiagodecompostela.gal</a></p>\r\n<p><strong>Ignacio Cerrada Gonzalo. </strong><strong>Director da &aacute;rea de Desenvolvemento Urbano e Sostible</strong></p>\r\n<p>Servizo de licenzas e disciplina urban&iacute;stica</p>\r\n<ul class=\"lista\">\r\n<li>Servizo de licenzas e disciplina urban&iacute;stica\r\n<ul class=\"lista\">\r\n<li>Licenzas de obras</li>\r\n<li>Licenzas de aperturas</li>\r\n<li>Disciplina urban&iacute;stica</li>\r\n<li>Oficina de rehabilitaci&oacute;n municipal</li>\r\n</ul>\r\n</li>\r\n<li>Servizo de planeamento e xesti&oacute;n urban&iacute;stica. Expropiaci&oacute;ns e patrimonio\r\n<ul class=\"lista\">\r\n<li>Planeamento</li>\r\n<li>Xesti&oacute;n</li>\r\n<li>Patrimonio</li>\r\n<li>Expropiaci&oacute;ns</li>\r\n</ul>\r\n</li>\r\n<li>Servizo de programaci&oacute;n e proxecci&oacute;n</li>\r\n<li>Servizo de obras e proxectos</li>\r\n</ul>','','','',0,5),(1569,2,'Circulación e Seguridade Cidadá. Parques e Xardíns. Medio Ambiente e Convivencia. Licenzas e Disciplina','<p><strong>Xan Duro Fern&aacute;ndez</strong>. Concelleiro responsable de Medio Ambiente e Convivencia, con competencias en Medio Ambiente (Residos S&oacute;lidos Urbanos, Auga, Enerx&iacute;a, Consumo e Cemiterios), Convivencia (Polic&iacute;a Local, Bombeiros, Protecci&oacute;n Civil, Tr&aacute;fico, Gr&uacute;a e ORA), Parques e Xard&iacute;ns. Secretario da Xunta de Goberno.</p>\r\n<p><a title=\"Circulaci&oacute;n e Seguridade Cidad&aacute;. Parques e Xard&iacute;ns. Medio Ambiente e Convivencia. Licenzas e Disciplina\" href=\"mailto:xdurof@santiagodecompostela.gal\">xdurof@santiagodecompostela.gal</a></p>\r\n<ul>\r\n<li>Tramitaci&oacute;n de denuncias e recursos</li>\r\n<li>Asesor&iacute;a xur&iacute;dica</li>\r\n<li>Circulaci&oacute;n</li>\r\n<li>Protecci&oacute;n Civil</li>\r\n<li>Extinci&oacute;n de incendios</li>\r\n<li>Polic&iacute;a Local</li>\r\n<li>Licenzas</li>\r\n<li>Disciplina Urban&iacute;stica</li>\r\n<li>Residuos S&oacute;lidos</li>\r\n<li>Outros servizos b&aacute;sicos: Auga, Enerx&iacute;a, Consumo e Cemiterios</li>\r\n</ul>','','','',0,6),(1570,2,'Contratación, Servizos Comunitarios e Medio ambiente','<ul>\r\n<li>Atenci&oacute;n ao consumidor</li>\r\n<li>Servizos b&aacute;sicos, mercados e transportes</li>\r\n<li>Contrataci&oacute;n</li>\r\n<li>Medio ambiente e sanidade</li>\r\n<li>Mercado Nacional de Gando</li>\r\n<li>Estaci&oacute;n de autobuses</li>\r\n</ul>','','','',0,7),(1571,2,'Políticas Sociais','<p><strong>Concepci&oacute;n Fern&aacute;ndez Fern&aacute;ndez</strong>. Concelleira responsable de Pol&iacute;ticas Sociais, Diversidade e Sa&uacute;de, con competencias en Pol&iacute;ticas Sociais, Diversidade, Econom&iacute;a Social, Maiores, Sa&uacute;de, UMAD, UAMI e Cooperaci&oacute;n.</p>\r\n<p><a title=\"cfernandezfe@santiagodecompostela.gal\" href=\"mailto:cfernandezfe@santiagodecompostela.gal\">cfernandezfe@santiagodecompostela.gal</a></p>\r\n<ul>\r\n<li>Muller e benestar social</li>\r\n<li>Servizos sociais</li>\r\n<li>Asesor&iacute;a xur&iacute;dica</li>\r\n<li>Umad</li>\r\n</ul>','','','',0,8),(1572,2,'Educación','<p><strong>Manuel Dios Diz</strong>. Concelleiro responsable de Educaci&oacute;n e Cidadan&iacute;a, con competencias en Educaci&oacute;n, Cidadan&iacute;a e Dereitos Humanos. Deputado provincial.</p>\r\n<p><a title=\"mdiosd@santiagodecompostela.gal\" href=\"mailto:mdiosd@santiagodecompostela.gal\">mdiosd@santiagodecompostela.gal</a></p>','','','',0,9),(1573,2,'Cultura. Centros Socioculturais e Festas','<p><strong>Branca Novoneyra</strong>. Concelleira responsable de Acci&oacute;n Cultural, con competencias en Cultura (Auditorio de Galicia, Teatro Principal e Zona C), Rede de Centros Socioculturais e Festas. Terceira tenente de alcalde.</p>\r\n<p><a title=\"bnovor@santiagodecompostela.gal\" href=\"mailto:bnovor@santiagodecompostela.gal\">bnovor@santiagodecompostela.gal</a></p>','','','',0,10),(1574,2,'Deportes. Mocidade e Benestar Animal','<p><strong>Noa Morales S&aacute;nchez</strong>. Concelleira responsable de Mocidade, Deporte e Benestar Animal, con competencias en Xuventude, Deportes e Refuxio de Animais.</p>\r\n<p><a title=\"nmoraless@santiagodecompostela.gal\" href=\"mailto:nmoraless@santiagodecompostela.gal\">nmoraless@santiagodecompostela.gal</a></p>','','','',0,11),(1575,2,'Promoción Económica.','<p><strong>Marta Lois Gonz&aacute;lez</strong>. Concelleira responsable de Igualdade, Desenvolvemento Econ&oacute;mico e Turismo, con competencias en Igualdade, Promoci&oacute;n Econ&oacute;mica, Emprego, Mercados, Comercio e Turismo.</p>\r\n<p><a title=\"mloisg@santiagodecompostela.gal\" href=\"mailto:mloisg@santiagodecompostela.gal\">mloisg@santiagodecompostela.gal</a></p>','','','',0,12),(1576,2,'Medio rural e equilibrio territorial','<p><strong>Rafael Pe&ntilde;a Vidal</strong>. Concelleiro responsable de Medio Rural e Equilibrio Territorial, con competencias en Medio Rural e Brigada de Obras.</p>\r\n<p><a title=\"rpenav@santiagodecompostela.gal\" href=\"mailto:rpenav@santiagodecompostela.gal\">rpenav@santiagodecompostela.gal</a></p>','','','',0,13),(1577,2,'Organismos externos','<ul>\r\n<li>Auditorio de Galicia</li>\r\n</ul>\r\n<p><strong>Branca Novoneyra</strong>. Concelleira</p>\r\n<ul>\r\n<li>Incolsa</li>\r\n</ul>\r\n<p><strong>Marta Lois Gonz&aacute;lez</strong>. Concelleira</p>\r\n<ul>\r\n<li>Mercagalicia, SA</li>\r\n<li>Tussa</li>\r\n</ul>\r\n<p><strong>Jorge Duarte V&aacute;zquez</strong>. Concelleiro</p>','','','',0,14),(1578,1,'','<p>Comprende a estructura organizativa do Concello e a identificaci&oacute;n das persoas responsables dos diferentes &oacute;rganos de gobern&oacute;, as&iacute; coma as s&uacute;as funci&oacute;ns. P&oacute;dense consultar as competencias dos diferentes servizos de xeito m&aacute;is pormenorizado na secci&oacute;n de <a title=\"Servizos municipais, empresas e organismos\" href=\"http://www.santiagodecompostela.gal/casa_concello/servizos.php?txt=es_servizos&amp;lg=gal\" target=\"_blank\">Servizos municipais, empresas e organismos</a>&nbsp;da web do Concello de Santiago de Compostela.</p>','','','',0,1),(1579,1,'Alcaldía','<p><strong>Marti&ntilde;o Noriega S&aacute;nchez</strong>. Alcalde. Voceiro da Xunta de Goberno Local. Competencias directas en R&eacute;xime Interno (Persoal, Contrataci&oacute;n, Arquivo, Innovaci&oacute;n e Inform&aacute;tica), Lingua, Participaci&oacute;n e Relaci&oacute;ns Veci&ntilde;ais e Relaci&oacute;ns Institucionais.</p>\r\n<p><a title=\"alcaldia@santiagodecompostela.gal\" href=\"mailto:alcaldia@santiagodecompostela.gal\">alcaldia@santiagodecompostela.gal</a></p>\r\n<ul>\r\n<li>Gabinete da Alcald&iacute;a</li>\r\n<li>Protocolo e Relaci&oacute;ns P&uacute;blicas</li>\r\n<li>Comunicaci&oacute;n</li>\r\n<li>Lingua galega</li>\r\n<li>Inform&aacute;tica</li>\r\n<li>Innovaci&oacute;n</li>\r\n<li>Relaci&oacute;ns veci&ntilde;ais</li>\r\n</ul>\r\n<p><strong>Xaqu&iacute;n&nbsp; Enrique Monteguado</strong> <strong>Romero</strong>. Xefe de &aacute;rea de Persoal, Contrataci&oacute;n e Inform&aacute;tica e Director da Asesor&iacute;a Xur&iacute;dica.</p>\r\n<p><strong>Xesti&oacute;n de Persoal</strong></p>\r\n<p><strong>Contrataci&oacute;n, Servizos Comunitarios e Medio ambiente</strong></p>\r\n<ul>\r\n<li>Atenci&oacute;n ao consumidor</li>\r\n<li>Servizos b&aacute;sicos, mercados e transportes</li>\r\n<li>Contrataci&oacute;n</li>\r\n<li>Medio ambiente e sanidade</li>\r\n<li>Mercado Nacional de Gando</li>\r\n<li>Estaci&oacute;n de autobuses</li>\r\n</ul>','','','',0,2),(1580,1,'Administración Xeral e Réxime Interior. Secretaría Xeral.','<p><strong>Jos&eacute; Ram&oacute;n Alonso Fern&aacute;ndez. Secretario Xeral do Pleno</strong></p>\r\n<p>Asistencia a plenos</p>\r\n<ul>\r\n<li>Xunta de goberno</li>\r\n<li>Rexistro e certificaci&oacute;ns</li>\r\n<li>Informaci&oacute;n. Atenci&oacute;n &aacute; Cidadan&iacute;a</li>\r\n<li>Documentaci&oacute;n e arquivo</li>\r\n<li>Asesor&iacute;a xur&iacute;dica</li>\r\n<li>Estat&iacute;stica</li>\r\n<li>Padr&oacute;n municipal</li>\r\n<li>Parque m&oacute;bil</li>\r\n</ul>','','','',0,3),(1581,1,'Servizos Económicos','<p><strong>Mar&iacute;a Rozas P&eacute;rez</strong>. Concelleira responsable de Econom&iacute;a e Facenda, con competencias en Planificaci&oacute;n Econ&oacute;mica e Financeira, Xesti&oacute;n Tributaria, Xesti&oacute;n Orzamentaria, Pol&iacute;tica Fiscal e xesti&oacute;n de persoal. Primeira tenente de alcalde.<br /> <a href=\"mailto:mrozasp@santiagodecompostela.gal\">mrozasp@santiagodecompostela.gal</a></p>\r\n<p><strong>Inmaculada Vi&ntilde;a Carregal</strong><strong>. Interventora</strong></p>\r\n<ul class=\"lista\">\r\n<li>Intervenci&oacute;n\r\n<ul class=\"lista\">\r\n<li>Fiscalizaci&oacute;n</li>\r\n<li>Orzamentos e contabilidade</li>\r\n</ul>\r\n</li>\r\n</ul>\r\n<p><strong>Carlos Moure Vieiro. </strong><strong>Tesoureiro</strong></p>\r\n<ul class=\"lista\">\r\n<li>Tesourar&iacute;a\r\n<ul class=\"lista\">\r\n<li>Xesti&oacute;n de tesourar&iacute;a</li>\r\n<li>Xesti&oacute;n, recadaci&oacute;n e inspecci&oacute;n</li>\r\n<li>Atenci&oacute;n ao contribu&iacute;nte</li>\r\n</ul>\r\n</li>\r\n</ul>\r\n<p>Xesti&oacute;n de Persoal</p>\r\n<ul>\r\n<li>Administraci&oacute;n de persoal laboral</li>\r\n<li>Administraci&oacute;n de persoal funcionario</li>\r\n<li>Xesti&oacute;n de recursos humanos e relaci&oacute;ns laborais</li>\r\n<li>Prevenci&oacute;n de riscos laborais</li>\r\n</ul>','','','',0,4),(1582,1,'Urbanismo','<p>&nbsp;<strong>Jorge Duarte V&aacute;zquez</strong>. Concelleiro responsable de Espazos Cidad&aacute;ns, Dereito &aacute; Vivenda e Mobilidade, con competencias en Urbanismo (Planeamento, licenzas, Disciplina urban&iacute;stica e Patrimonio), Cidade Hist&oacute;rica, Rehabilitaci&oacute;n, Vivenda, Mobilidade e Proxectos e Obras. Segundo tenente de alcalde.</p>\r\n<p><a title=\"jduartev@santiagodecompostela.gal\" href=\"mailto:jduartev@santiagodecompostela.gal\">jduartev@santiagodecompostela.gal</a></p>\r\n<p><strong>Ignacio Cerrada Gonzalo. </strong><strong>Director da &aacute;rea de Desenvolvemento Urbano e Sostible</strong></p>\r\n<p>Servizo de licenzas e disciplina urban&iacute;stica</p>\r\n<ul class=\"lista\">\r\n<li>Servizo de licenzas e disciplina urban&iacute;stica\r\n<ul class=\"lista\">\r\n<li>Licenzas de obras</li>\r\n<li>Licenzas de aperturas</li>\r\n<li>Disciplina urban&iacute;stica</li>\r\n<li>Oficina de rehabilitaci&oacute;n municipal</li>\r\n</ul>\r\n</li>\r\n<li>Servizo de planeamento e xesti&oacute;n urban&iacute;stica. Expropiaci&oacute;ns e patrimonio\r\n<ul class=\"lista\">\r\n<li>Planeamento</li>\r\n<li>Xesti&oacute;n</li>\r\n<li>Patrimonio</li>\r\n<li>Expropiaci&oacute;ns</li>\r\n</ul>\r\n</li>\r\n<li>Servizo de programaci&oacute;n e proxecci&oacute;n</li>\r\n<li>Servizo de obras e proxectos</li>\r\n</ul>','','','',0,5),(1583,1,'Circulación e Seguridade Cidadá. Parques e Xardíns. Medio Ambiente e Convivencia. Licenzas e Disciplina','<p><strong>Xan Duro Fern&aacute;ndez</strong>. Concelleiro responsable de Medio Ambiente e Convivencia, con competencias en Medio Ambiente (Residos S&oacute;lidos Urbanos, Auga, Enerx&iacute;a, Consumo e Cemiterios), Convivencia (Polic&iacute;a Local, Bombeiros, Protecci&oacute;n Civil, Tr&aacute;fico, Gr&uacute;a e ORA), Parques e Xard&iacute;ns. Secretario da Xunta de Goberno.</p>\r\n<p><a title=\"Circulaci&oacute;n e Seguridade Cidad&aacute;. Parques e Xard&iacute;ns. Medio Ambiente e Convivencia. Licenzas e Disciplina\" href=\"mailto:xdurof@santiagodecompostela.gal\">xdurof@santiagodecompostela.gal</a></p>\r\n<ul>\r\n<li>Tramitaci&oacute;n de denuncias e recursos</li>\r\n<li>Asesor&iacute;a xur&iacute;dica</li>\r\n<li>Circulaci&oacute;n</li>\r\n<li>Protecci&oacute;n Civil</li>\r\n<li>Extinci&oacute;n de incendios</li>\r\n<li>Polic&iacute;a Local</li>\r\n<li>Licenzas</li>\r\n<li>Disciplina Urban&iacute;stica</li>\r\n<li>Residuos S&oacute;lidos</li>\r\n<li>Outros servizos b&aacute;sicos: Auga, Enerx&iacute;a, Consumo e Cemiterios</li>\r\n</ul>','','','',0,6),(1584,1,'Contratación, Servizos Comunitarios e Medio ambiente','<ul>\r\n<li>Atenci&oacute;n ao consumidor</li>\r\n<li>Servizos b&aacute;sicos, mercados e transportes</li>\r\n<li>Contrataci&oacute;n</li>\r\n<li>Medio ambiente e sanidade</li>\r\n<li>Mercado Nacional de Gando</li>\r\n<li>Estaci&oacute;n de autobuses</li>\r\n</ul>','','','',0,7),(1585,1,'Políticas Sociais','<p><strong>Concepci&oacute;n Fern&aacute;ndez Fern&aacute;ndez</strong>. Concelleira responsable de Pol&iacute;ticas Sociais, Diversidade e Sa&uacute;de, con competencias en Pol&iacute;ticas Sociais, Diversidade, Econom&iacute;a Social, Maiores, Sa&uacute;de, UMAD, UAMI e Cooperaci&oacute;n.</p>\r\n<p><a title=\"cfernandezfe@santiagodecompostela.gal\" href=\"mailto:cfernandezfe@santiagodecompostela.gal\">cfernandezfe@santiagodecompostela.gal</a></p>\r\n<ul>\r\n<li>Muller e benestar social</li>\r\n<li>Servizos sociais</li>\r\n<li>Asesor&iacute;a xur&iacute;dica</li>\r\n<li>Umad</li>\r\n</ul>','','','',0,8),(1586,1,'Educación','<p><strong>Manuel Dios Diz</strong>. Concelleiro responsable de Educaci&oacute;n e Cidadan&iacute;a, con competencias en Educaci&oacute;n, Cidadan&iacute;a e Dereitos Humanos. Deputado provincial.</p>\r\n<p><a title=\"mdiosd@santiagodecompostela.gal\" href=\"mailto:mdiosd@santiagodecompostela.gal\">mdiosd@santiagodecompostela.gal</a></p>','','','',0,9),(1587,1,'Cultura. Centros Socioculturais e Festas','<p><strong>Branca Novoneyra</strong>. Concelleira responsable de Acci&oacute;n Cultural, con competencias en Cultura (Auditorio de Galicia, Teatro Principal e Zona C), Rede de Centros Socioculturais e Festas. Terceira tenente de alcalde.</p>\r\n<p><a title=\"bnovor@santiagodecompostela.gal\" href=\"mailto:bnovor@santiagodecompostela.gal\">bnovor@santiagodecompostela.gal</a></p>','','','',0,10),(1588,1,'Deportes. Mocidade e Benestar Animal','<p><strong>Noa Morales S&aacute;nchez</strong>. Concelleira responsable de Mocidade, Deporte e Benestar Animal, con competencias en Xuventude, Deportes e Refuxio de Animais.</p>\r\n<p><a title=\"nmoraless@santiagodecompostela.gal\" href=\"mailto:nmoraless@santiagodecompostela.gal\">nmoraless@santiagodecompostela.gal</a></p>','','','',0,11),(1589,1,'Promoción Económica.','<p><strong>Marta Lois Gonz&aacute;lez</strong>. Concelleira responsable de Igualdade, Desenvolvemento Econ&oacute;mico e Turismo, con competencias en Igualdade, Promoci&oacute;n Econ&oacute;mica, Emprego, Mercados, Comercio e Turismo.</p>\r\n<p><a title=\"mloisg@santiagodecompostela.gal\" href=\"mailto:mloisg@santiagodecompostela.gal\">mloisg@santiagodecompostela.gal</a></p>','','','',0,12),(1590,1,'Medio rural e equilibrio territorial','<p><strong>Rafael Pe&ntilde;a Vidal</strong>. Concelleiro responsable de Medio Rural e Equilibrio Territorial, con competencias en Medio Rural e Brigada de Obras.</p>\r\n<p><a title=\"rpenav@santiagodecompostela.gal\" href=\"mailto:rpenav@santiagodecompostela.gal\">rpenav@santiagodecompostela.gal</a></p>','','','',0,13),(1591,1,'Organismos externos','<ul>\r\n<li>Auditorio de Galicia</li>\r\n</ul>\r\n<p><strong>Branca Novoneyra</strong>. Concelleira</p>\r\n<ul>\r\n<li>Incolsa</li>\r\n</ul>\r\n<p><strong>Marta Lois Gonz&aacute;lez</strong>. Concelleira</p>\r\n<ul>\r\n<li>Mercagalicia, SA</li>\r\n<li>Tussa</li>\r\n</ul>\r\n<p><strong>Jorge Duarte V&aacute;zquez</strong>. Concelleiro</p>','','','',0,14),(1612,2,'','<ul>\r\n<li><a title=\"PGOM\" href=\"http://www.santiagodecompostela.gal/medi/Urbanismo/pxom2008/INDICE_XERAL_PXOM.pdf\">Plan general de ordenaci&oacute;n municipal de Santiago de Compostela (PGOM)</a></li>\r\n<li><a title=\"Plan especial de protecci&oacute;n y de rehabilitaci&oacute;n de la Ciudad hist&oacute;rica. &Iacute;ndice\" href=\"http://www.santiagodecompostela.gal/medi/Urbanismo/indice_normativa.pdf\" target=\"_blank\">Plan especial de protecci&oacute;n y&nbsp;de rehabilitaci&oacute;n de la Ciudad&nbsp;hist&oacute;rica. &Iacute;ndice</a></li>\r\n<li><a href=\"http://www.santiagodecompostela.gal/medi/Urbanismo/normativa_tomo_I.pdf\">Plan especial de protecci&oacute;n e de rehabilitaci&oacute;n da Cidade hist&oacute;rica. Tomo I</a></li>\r\n<li><a href=\"http://www.santiagodecompostela.gal/medi/Urbanismo/normativa_tomo_II.pdf\">Plan especial de protecci&oacute;n e de rehabilitaci&oacute;n da Cidade hist&oacute;rica. Tomo II</a></li>\r\n<li><a title=\"Modificaci&oacute;n PE-1\" href=\"http://www.santiagodecompostela.gal/medi/departamento/atencion_cidadan/Urbanismo/Publicacion_normativa_no_BOP.pdf\">Publicaci&oacute;n no BOP da normativa da modificaci&oacute;n puntual do Plan especial de protecci&oacute;n e rehabilitaci&oacute;n da cidade hist&oacute;rica (PE-1) para limitar os aloxamentos de car&aacute;cter temporal no seu tecido residencial</a></li>\r\n<li><a href=\"http://xeoportal.santiagodecompostela.gal/xeoportalsantiago/#/Inicio\">Xeoportal</a></li>\r\n</ul>','','','',0,1),(1614,1,'','<ul>\r\n<li><a title=\"PXOM\" href=\"http://www.santiagodecompostela.gal/medi/Urbanismo/pxom2008/INDICE_XERAL_PXOM.pdf\">Plan xeral de ordenaci&oacute;n municipal de Santiago de Compostela (PXOM)</a></li>\r\n<li><a title=\"Plan especial de protecci&oacute;n e de rehabilitaci&oacute;n da Cidade hist&oacute;rica. &Iacute;ndice\" href=\"http://www.santiagodecompostela.gal/medi/Urbanismo/indice_normativa.pdf\" target=\"_blank\">Plan especial de protecci&oacute;n e de rehabilitaci&oacute;n da Cidade hist&oacute;rica. &Iacute;ndice</a></li>\r\n<li><a href=\"http://www.santiagodecompostela.gal/medi/Urbanismo/normativa_tomo_I.pdf\">Plan especial de protecci&oacute;n e de rehabilitaci&oacute;n da Cidade hist&oacute;rica. Tomo I</a></li>\r\n<li><a href=\"http://www.santiagodecompostela.gal/medi/Urbanismo/normativa_tomo_II.pdf\">Plan especial de protecci&oacute;n e de rehabilitaci&oacute;n da Cidade hist&oacute;rica. Tomo II</a></li>\r\n<li><a title=\"Modificaci&oacute;n PE-1\" href=\"http://www.santiagodecompostela.gal/medi/departamento/atencion_cidadan/Urbanismo/Publicacion_normativa_no_BOP.pdf\">Publicaci&oacute;n no BOP da normativa da modificaci&oacute;n puntual do Plan especial de protecci&oacute;n e rehabilitaci&oacute;n da cidade hist&oacute;rica (PE-1) para limitar os aloxamentos de car&aacute;cter temporal no seu tecido residencial</a></li>\r\n<li><a href=\"http://xeoportal.santiagodecompostela.gal/xeoportalsantiago/#/Inicio\">Xeoportal</a></li>\r\n</ul>','','','',0,1),(1905,2,'Concelleiro Xan Duro Fernández','<ul>\r\n<li><a title=\"Declaraci&oacute;n inicial\" href=\"../../../media/documentos/DeclaracionInicialXanDuroFernandez2019.pdf\" target=\"_blank\">Declaraci&oacute;n inicial</a></li>\r\n<li><a title=\"Declaraci&oacute;n final\" href=\"../../../media/documentos/DeclaracionfinalXanDuro2019.pdf\" target=\"_blank\">Declaraci&oacute;n final</a></li>\r\n</ul>','','','',0,1),(1906,2,'Concelleira Concepción Fernández Fernández','<ul>\r\n<li><a title=\"Declaraci&oacute;n inicial\" href=\"../../../media/documentos/DeclaracionInicialConcepcionFernandezFernandez2019.pdf\" target=\"_blank\">Declaraci&oacute;n inicial</a></li>\r\n<li><a title=\"Declaraci&oacute;n final\" href=\"../../../media/documentos/DeclaracionfinalConcepcionFernandez2019.pdf\" target=\"_blank\">Declaraci&oacute;n final</a></li>\r\n</ul>','','','',0,2),(1907,2,'Concelleiro Manuel Dios Díz','<ul>\r\n<li><a title=\"Declaraci&oacute;n inicial\" href=\"../../../media/documentos/DeclaracionInicialManuelDiosDiz2019.pdf\" target=\"_blank\">Declaraci&oacute;n inicial</a></li>\r\n<li><a title=\"Declaraci&oacute;n final\" href=\"../../../media/documentos/DeclaracionfinalManuelDios2019.pdf\" target=\"_blank\">Declaraci&oacute;n final</a><strong>&nbsp; &nbsp; &nbsp;&nbsp;</strong></li>\r\n</ul>','','','',0,3),(1908,2,'Concelleira Noa Morales Sánchez','<ul>\r\n<li><a title=\"Declaraci&oacute;n inicial\" href=\"../../../media/documentos/DeclaracionInicialNoaMoralesSanchez2019.pdf\" target=\"_blank\">Declaraci&oacute;n inicial</a></li>\r\n<li><a title=\"Declaraci&oacute;n final\" href=\"../../../media/documentos/DeclaracionfinalNoaMorales2019.pdf\" target=\"_blank\">Declaraci&oacute;n final</a></li>\r\n</ul>','','','',0,4),(1909,2,'Concelleira María Teresa Cancelo Márquez','<ul>\r\n<li><a title=\"Declaraci&oacute;n inicial\" href=\"../../../media/documentos/DeclaracionInicialMariaTeresaCanceloMarquez2019.pdf\" target=\"_blank\">Declaraci&oacute;n inicial</a></li>\r\n<li><a title=\"Declaraci&oacute;n final\" href=\"../../../media/documentos/DeclaracionfinalMariaTeresaCancelo2019.pdf\" target=\"_blank\">Declaraci&oacute;n final</a></li>\r\n</ul>','','','',0,5),(1910,2,'Concelleira María José Corral López','<ul>\r\n<li><a title=\"Declaraci&oacute;n inicial\" href=\"../../../media/documentos/declaracioninicialMariaJoseCorral2019.pdf\" target=\"_blank\">Declaraci&oacute;n inicial</a></li>\r\n<li><a title=\"Declaraci&oacute;n final\" href=\"../../../media/documentos/DeclaracionfinalMariaJoseCorral2019.pdf\" target=\"_blank\">Declaraci&oacute;n final</a></li>\r\n</ul>','','','',0,6),(1911,2,'Concelleira María José Castro Carballal','<ul>\r\n<li><a title=\"Declaraci&oacute;n inicial\" href=\"../../../media/documentos/DeclaracionInicialMariaJoseCastroCarballal2019.pdf\" target=\"_blank\">Declaraci&oacute;n inicial</a></li>\r\n<li><a title=\"Declaraci&oacute;n final\" href=\"../../../media/documentos/DeclaracionfinalMariaJoseCastro2019.pdf\" target=\"_blank\">Declaraci&oacute;n final</a></li>\r\n</ul>','','','',0,7),(1912,2,'Concelleiro Manuel Martínez Varela','<ul>\r\n<li><a title=\"Declaraci&oacute;n inicial\" href=\"../../../media/documentos/DeclaracionInicialManuelMartinezVarela2019.pdf\" target=\"_blank\">Declaraci&oacute;n inicial</a></li>\r\n<li><a title=\"Declaraci&oacute;n final\" href=\"../../../media/documentos/DeclaracionfinalManuelMartinez2019.pdf\" target=\"_blank\">Declaraci&oacute;n final</a></li>\r\n</ul>','','','',0,8),(1913,2,'Concelleiro Claudio Montiel Carracedo   ','<ul>\r\n<li><a title=\"Declaraci&oacute;n inicial\" href=\"../../../media/documentos/DeclaracionInicialClaudioMontielCarracedo2019.pdf\" target=\"_blank\">Declaraci&oacute;n inicial</a></li>\r\n<li><a title=\"Declaraci&oacute;n final\" href=\"../../../media/documentos/DeclaracionfinalClaudioMontiel2019.pdf\" target=\"_blank\">Declaraci&oacute;n final</a></li>\r\n</ul>','','','',0,9),(1914,2,'Concelleiro Pedro Rey Sanchiz','<ul>\r\n<li><a title=\"Declaraci&oacute;n inicial\" href=\"../../../media/documentos/DeclaracionInicialPedroReySanchiz2019.pdf\" target=\"_blank\">Declaraci&oacute;n inicial</a></li>\r\n<li><a title=\"Declaraci&oacute;n final\" href=\"../../../media/documentos/DeclaracionfinalPedroRey2019.pdf\" target=\"_blank\">Declaraci&oacute;n final</a></li>\r\n</ul>','','','',0,10),(1915,2,'Concelleiro Francisco Reyes Santías','<ul>\r\n<li><a title=\"Declaraci&oacute;n inicial\" href=\"../../../media/documentos/DeclaracionInicialFranciscoReyesSantias2019.pdf\" target=\"_blank\">Declaraci&oacute;n inicial</a></li>\r\n<li><a title=\"Declaraci&oacute;n final\" href=\"../../../media/documentos/DeclaracionfinalFranciscoReyes2019.pdf\" target=\"_blank\">Declaraci&oacute;n final</a></li>\r\n</ul>','','','',0,11),(1916,2,'Concelleiro Rubén Cela Díaz','<ul>\r\n<li><a title=\"Declaraci&oacute;n inicial\" href=\"../../../media/documentos/DeclaracionInicialRubenCelaDiaz2019.pdf\" target=\"_blank\">Declaraci&oacute;n inicial</a></li>\r\n<li><a title=\"Declaraci&oacute;n final\" href=\"../../../media/documentos/DeclaracionfinalRubenCela2019.pdf\" target=\"_blank\">Declaraci&oacute;n final</a></li>\r\n</ul>','','','',0,12),(1917,2,'María Rozas Pérez','<ul>\r\n<li><a title=\"Declaraci&oacute;n inicial\" href=\"../../../media/documentos/DeclaracionInicialMariaRozasPerez2019.pdf\" target=\"_blank\">Declaraci&oacute;n inicial</a></li>\r\n<li>Declaraci&oacute;n final</li>\r\n</ul>','','','',0,13),(1931,1,'Concelleiro Xan Duro Fernández','<ul>\r\n<li><a title=\"Declaraci&oacute;n inicial\" href=\"../../../media/documentos/DeclaracionInicialXanDuroFernandez2019.pdf\" target=\"_blank\">Declaraci&oacute;n inicial</a></li>\r\n<li><a title=\"Declaraci&oacute;n final\" href=\"../../../media/documentos/DeclaracionfinalXanDuro2019.pdf\" target=\"_blank\">Declaraci&oacute;n final</a></li>\r\n</ul>','','','',0,1),(1932,1,'Concelleira Concepción Fernández Fernández','<ul>\r\n<li><a title=\"Declaraci&oacute;n inicial\" href=\"../../../media/documentos/DeclaracionInicialConcepcionFernandezFernandez2019.pdf\" target=\"_blank\">Declaraci&oacute;n inicial</a></li>\r\n<li><a title=\"Declaraci&oacute;n final\" href=\"../../../media/documentos/DeclaracionfinalConcepcionFernandez2019.pdf\" target=\"_blank\">Declaraci&oacute;n final</a></li>\r\n</ul>','','','',0,2),(1933,1,'Concelleiro Manuel Dios Díz','<ul>\r\n<li><a title=\"Declaraci&oacute;n inicial\" href=\"../../../media/documentos/DeclaracionInicialManuelDiosDiz2019.pdf\" target=\"_blank\">Declaraci&oacute;n inicial</a></li>\r\n<li><a title=\"Declaraci&oacute;n final\" href=\"../../../media/documentos/DeclaracionfinalManuelDios2019.pdf\" target=\"_blank\">Declaraci&oacute;n final</a><strong>&nbsp; &nbsp; &nbsp;&nbsp;</strong></li>\r\n</ul>','','','',0,3),(1934,1,'Concelleira Noa Morales Sánchez','<ul>\r\n<li><a title=\"Declaraci&oacute;n inicial\" href=\"../../../media/documentos/DeclaracionInicialNoaMoralesSanchez2019.pdf\" target=\"_blank\">Declaraci&oacute;n inicial</a></li>\r\n<li><a title=\"Declaraci&oacute;n final\" href=\"../../../media/documentos/DeclaracionfinalNoaMorales2019.pdf\" target=\"_blank\">Declaraci&oacute;n final</a></li>\r\n</ul>','','','',0,4),(1935,1,'Concelleira María Teresa Cancelo Márquez','<ul>\r\n<li><a title=\"Declaraci&oacute;n inicial\" href=\"../../../media/documentos/DeclaracionInicialMariaTeresaCanceloMarquez2019.pdf\" target=\"_blank\">Declaraci&oacute;n inicial</a></li>\r\n<li><a title=\"Declaraci&oacute;n final\" href=\"../../../media/documentos/DeclaracionfinalMariaTeresaCancelo2019.pdf\" target=\"_blank\">Declaraci&oacute;n final</a></li>\r\n</ul>','','','',0,5),(1936,1,'Concelleira María José Corral López','<ul>\r\n<li><a title=\"Declaraci&oacute;n inicial\" href=\"../../../media/documentos/declaracioninicialMariaJoseCorral2019.pdf\" target=\"_blank\">Declaraci&oacute;n inicial</a></li>\r\n<li><a title=\"Declaraci&oacute;n final\" href=\"../../../media/documentos/DeclaracionfinalMariaJoseCorral2019.pdf\" target=\"_blank\">Declaraci&oacute;n final</a></li>\r\n</ul>','','','',0,6),(1937,1,'Concelleira María José Castro Carballal','<ul>\r\n<li><a title=\"Declaraci&oacute;n inicial\" href=\"../../../media/documentos/DeclaracionInicialMariaJoseCastroCarballal2019.pdf\" target=\"_blank\">Declaraci&oacute;n inicial</a></li>\r\n<li><a title=\"Declaraci&oacute;n final\" href=\"../../../media/documentos/DeclaracionfinalMariaJoseCastro2019.pdf\" target=\"_blank\">Declaraci&oacute;n final</a></li>\r\n</ul>','','','',0,7),(1938,1,'Concelleiro Manuel Martínez Varela','<ul>\r\n<li><a title=\"Declaraci&oacute;n inicial\" href=\"../../../media/documentos/DeclaracionInicialManuelMartinezVarela2019.pdf\" target=\"_blank\">Declaraci&oacute;n inicial</a></li>\r\n<li><a title=\"Declaraci&oacute;n final\" href=\"../../../media/documentos/DeclaracionfinalManuelMartinez2019.pdf\" target=\"_blank\">Declaraci&oacute;n final</a></li>\r\n</ul>','','','',0,8),(1939,1,'Concelleiro Claudio Montiel Carracedo   ','<ul>\r\n<li><a title=\"Declaraci&oacute;n inicial\" href=\"../../../media/documentos/DeclaracionInicialClaudioMontielCarracedo2019.pdf\" target=\"_blank\">Declaraci&oacute;n inicial</a></li>\r\n<li><a title=\"Declaraci&oacute;n final\" href=\"../../../media/documentos/DeclaracionfinalClaudioMontiel2019.pdf\" target=\"_blank\">Declaraci&oacute;n final</a></li>\r\n</ul>','','','',0,9),(1940,1,'Concelleiro Pedro Rey Sanchiz','<ul>\r\n<li><a title=\"Declaraci&oacute;n inicial\" href=\"../../../media/documentos/DeclaracionInicialPedroReySanchiz2019.pdf\" target=\"_blank\">Declaraci&oacute;n inicial</a></li>\r\n<li><a title=\"Declaraci&oacute;n final\" href=\"../../../media/documentos/DeclaracionfinalPedroRey2019.pdf\" target=\"_blank\">Declaraci&oacute;n final</a></li>\r\n</ul>','','','',0,10),(1941,1,'Concelleiro Francisco Reyes Santías','<ul>\r\n<li><a title=\"Declaraci&oacute;n inicial\" href=\"../../../media/documentos/DeclaracionInicialFranciscoReyesSantias2019.pdf\" target=\"_blank\">Declaraci&oacute;n inicial</a></li>\r\n<li><a title=\"Declaraci&oacute;n final\" href=\"../../../media/documentos/DeclaracionfinalFranciscoReyes2019.pdf\" target=\"_blank\">Declaraci&oacute;n final</a></li>\r\n</ul>','','','',0,11),(1942,1,'Concelleiro Rubén Cela Díaz','<ul>\r\n<li><a title=\"Declaraci&oacute;n inicial\" href=\"../../../media/documentos/DeclaracionInicialRubenCelaDiaz2019.pdf\" target=\"_blank\">Declaraci&oacute;n inicial</a></li>\r\n<li><a title=\"Declaraci&oacute;n final\" href=\"../../../media/documentos/DeclaracionfinalRubenCela2019.pdf\" target=\"_blank\">Declaraci&oacute;n final</a></li>\r\n</ul>','','','',0,12),(1943,1,'María Rozas Pérez','<ul>\r\n<li><a title=\"Declaraci&oacute;n inicial\" href=\"../../../media/documentos/DeclaracionInicialMariaRozasPerez2019.pdf\" target=\"_blank\">Declaraci&oacute;n inicial</a></li>\r\n<li>Declaraci&oacute;n final</li>\r\n</ul>','','','',0,13),(1963,1,'Claudio Montiel Carracedo','Declaraci&oacute;n inicial<br>','','','',0,1),(2278,1,'Claudio Montiel Carracedo (concelleiro)','<p><a title=\"Declaraci&oacute;n inicial\" href=\"http://www.santiagodecompostela.gal/medi/departamento/atencion_cidadan/Rexistro_Intereses/Corporacion__2015-19_/Claudio_Montiel_Carracedo.pdf\">Declaraci&oacute;n inicial</a></p>\r\n<p><a title=\"Declaraci&oacute;n final\" href=\"http://www.santiagodecompostela.gal/medi/departamento/atencion_cidadan/Rexistro_Intereses/Corporacion__2015-19_/Declaracion_final_Claudio_Montiel.pdf\">Declaraci&oacute;n final</a></p>','','','',0,1),(2279,1,'Concepción Fernández Fernández (concelleira)','<p><a title=\"Declaraci&oacute;n incial\" href=\"http://www.santiagodecompostela.gal/medi/departamento/atencion_cidadan/Rexistro_Intereses/Corporacion__2015-19_/Concepcion_Fernandez_Fernandez.pdf\">Declaraci&oacute;n incial</a></p>\r\n<p><a title=\"Declaraci&oacute;n final\" href=\"http://www.santiagodecompostela.gal/medi/departamento/atencion_cidadan/Rexistro_Intereses/Corporacion__2015-19_/Declaracion_final_de_Concepcion_Fernandez.pdf\">Declaraci&oacute;n final</a></p>','','','',0,2),(2280,1,'Francisco Reyes Santiás (concelleiro)','<p><a title=\"Declaraci&oacute;n inicial\" href=\"http://www.santiagodecompostela.gal/medi/departamento/atencion_cidadan/Rexistro_Intereses/Corporacion__2015-19_/Francisco_Reyes_Santias.pdf\">Declaraci&oacute;n inicial</a></p>\r\n<p><a title=\"Declaraci&oacute;n final\" href=\"http://www.santiagodecompostela.gal/medi/departamento/atencion_cidadan/Rexistro_Intereses/Corporacion__2015-19_/Declaracion_final_de_Francisco_Reyes.pdf\">Declaraci&oacute;n final</a></p>','','','',0,3),(2281,1,'Manuel Dios Diz (concelleiro)','<p><a title=\"Declaraci&oacute;n incial\" href=\"http://www.santiagodecompostela.gal/medi/departamento/atencion_cidadan/Rexistro_Intereses/Corporacion__2015-19_/Manuel_Dios_Diz.pdf\">Declaraci&oacute;n incial</a></p>\r\n<p><a title=\"Declaraci&oacute;n final\" href=\"http://www.santiagodecompostela.gal/medi/departamento/atencion_cidadan/Rexistro_Intereses/Corporacion__2015-19_/Declaracion_final_de_Manuel_Dios.pdf\">Declaraci&oacute;n final</a></p>','','','',0,4),(2282,1,'Manuel Martínez Varela (concelleiro)','<p><a title=\"Declaraci&oacute;n inicial\" href=\"http://www.santiagodecompostela.gal/medi/departamento/atencion_cidadan/Rexistro_Intereses/Corporacion__2015-19_/Manuel_Martinez_Varela.pdf\">Declaraci&oacute;n inicial</a></p>\r\n<p><a title=\"Declaraci&oacute;n final\" href=\"http://www.santiagodecompostela.gal/medi/departamento/atencion_cidadan/Rexistro_Intereses/Corporacion__2015-19_/Manuel_Martinez.pdf\">Declaraci&oacute;n final</a></p>','','','',0,5),(2283,1,'Maria José Castro Carballal (concelleira)','<p><a title=\"Declaraci&oacute;n inicial\" href=\"http://www.santiagodecompostela.gal/medi/departamento/atencion_cidadan/Rexistro_Intereses/Corporacion__2015-19_/Maria_Jose_Castro_Carballal.pdf\">Declaraci&oacute;n inicial</a></p>\r\n<p><a title=\"Declaraci&oacute;n final\" href=\"http://www.santiagodecompostela.gal/medi/departamento/atencion_cidadan/Rexistro_Intereses/Corporacion__2015-19_/Maria_Jose_Castro.pdf\">Declaraci&oacute;n final</a></p>','','','',0,6),(2284,1,'María Rozas Pérez (concelleira)','<p><a title=\"Declaraci&oacute;n inicial\" href=\"http://www.santiagodecompostela.gal/medi/departamento/atencion_cidadan/Rexistro_Intereses/Corporacion__2015-19_/Maria_Rozas_Perez.pdf\">Declaraci&oacute;n inicial</a></p>\r\n<p>&nbsp;<a title=\"Declaraci&oacute;n final\" href=\"http://www.santiagodecompostela.gal/medi/departamento/atencion_cidadan/Rexistro_Intereses/Corporacion__2015-19_/Maria_Rozas.pdf\">Declaraci&oacute;n final</a></p>','','','',0,7),(2285,1,'María Teresa Cancelo Márquez (concelleira)','<p><a title=\"Declaraci&oacute;n inicial\" href=\"http://www.santiagodecompostela.gal/medi/departamento/atencion_cidadan/Rexistro_Intereses/Corporacion__2015-19_/Maria_Teresa_Cancelo_Marquez.pdf\">Declaraci&oacute;n inicial</a></p>\r\n<p><a title=\"Declaraci&oacute;n final\" href=\"http://www.santiagodecompostela.gal/medi/departamento/atencion_cidadan/Rexistro_Intereses/Corporacion__2015-19_/Maria_Teresa_Cancelo.pdf\">Declaraci&oacute;n final</a></p>','','','',0,8),(2286,1,'Noa Morales Sánchez (concelleira)','<p><a title=\"Declaraci&oacute;n inicial\" href=\"http://www.santiagodecompostela.gal/medi/departamento/atencion_cidadan/Rexistro_Intereses/Corporacion__2015-19_/Noa_Morales_Sanchez.pdf\">Declaraci&oacute;n inicial</a></p>\r\n<p><a title=\"Declaraci&oacute;n final\" href=\"http://www.santiagodecompostela.gal/medi/departamento/atencion_cidadan/Rexistro_Intereses/Corporacion__2015-19_/Declaracion_final_de_Noa_Morales.pdf\">Declaraci&oacute;n final</a></p>','','','',0,9),(2287,1,'Pedro José Rey Sanchiz (concelleiro)','<p><a title=\"Declaraci&oacute;n incial\" href=\"http://www.santiagodecompostela.gal/medi/departamento/atencion_cidadan/Rexistro_Intereses/Corporacion__2015-19_/Pedro_Rey_Sanchiz._Declaracion_de_bens.pdf\">Declaraci&oacute;n incial</a></p>\r\n<p><a title=\"Declaraci&oacute;n final\" href=\"http://www.santiagodecompostela.gal/medi/departamento/atencion_cidadan/Rexistro_Intereses/Corporacion__2015-19_/Pedro_Rey.pdf\">Declaraci&oacute;n final</a></p>','','','',0,10),(2288,1,'Rubén Cela Díaz (concelleiro)','<p><a title=\"Declaraci&oacute;n incial\" href=\"http://www.santiagodecompostela.gal/medi/departamento/atencion_cidadan/Rexistro_Intereses/Corporacion__2015-19_/Ruben_Cela_Diaz.pdf\">Declaraci&oacute;n incial</a></p>\r\n<p><a title=\"Declaraci&oacute;n final\" href=\"http://www.santiagodecompostela.gal/medi/departamento/atencion_cidadan/Rexistro_Intereses/Corporacion__2015-19_/Declaracion_final_de_Ruben_Cela.pdf\">Declaraci&oacute;n final</a></p>','','','',0,11),(2289,1,'Xan Duro Fernández (concelleiro)','<p><a title=\"Declaraci&oacute;n inicial\" href=\"http://www.santiagodecompostela.gal/medi/departamento/atencion_cidadan/Rexistro_Intereses/Corporacion__2015-19_/Xan_Duro_Fernandez.pdf\">Declaraci&oacute;n inicial</a></p>\r\n<p><a title=\"Declaraci&oacute;n final\" href=\"http://www.santiagodecompostela.gal/medi/departamento/atencion_cidadan/Rexistro_Intereses/Corporacion__2015-19_/Declaracion_final_de_Xan_Duro.pdf\">Declaraci&oacute;n final</a></p>\r\n<p>&nbsp;</p>','','','',0,12),(2290,1,'María José Corral López (concelleira)','<p><a title=\"Declaraci&oacute;n inicial\" href=\"http://www.santiagodecompostela.gal/medi/departamento/atencion_cidadan/Rexistro_Intereses/Corporacion__2015-19_/Maria_Jose_Corral_Lopez.pdf\">Declaraci&oacute;n inicial</a></p>\r\n<p><a title=\"Declaraci&oacute;n final\" href=\"http://www.santiagodecompostela.gal/medi/departamento/atencion_cidadan/Rexistro_Intereses/Corporacion__2015-19_/Maria_Jose_Corral.pdf\">Declaraci&oacute;n final</a></p>','','','',0,13),(2291,1,'Silvia Aramburu Váquez (directora da área de Réxime Interior)','<p><a title=\"Declaraci&oacute;n inicial\" href=\"http://www.santiagodecompostela.gal/medi/departamento/atencion_cidadan/Rexistro_Intereses/Corporacion__2015-19_/bp_aramburo_vazquez_silvia__bens_patrimoniais_.pdf\">Declaraci&oacute;n inicial</a></p>','','','',0,14),(2292,2,'Claudio Montiel Carracedo (concelleiro)','<p><a title=\"Declaraci&oacute;n inicial\" href=\"http://www.santiagodecompostela.gal/medi/departamento/atencion_cidadan/Rexistro_Intereses/Corporacion__2015-19_/Claudio_Montiel_Carracedo.pdf\">Declaraci&oacute;n inicial</a></p>\r\n<p><a title=\"Declaraci&oacute;n final\" href=\"http://www.santiagodecompostela.gal/medi/departamento/atencion_cidadan/Rexistro_Intereses/Corporacion__2015-19_/Declaracion_final_Claudio_Montiel.pdf\">Declaraci&oacute;n final</a></p>','','','',0,1),(2293,2,'Concepción Fernández Fernández (concelleira)','<p><a title=\"Declaraci&oacute;n incial\" href=\"http://www.santiagodecompostela.gal/medi/departamento/atencion_cidadan/Rexistro_Intereses/Corporacion__2015-19_/Concepcion_Fernandez_Fernandez.pdf\">Declaraci&oacute;n incial</a></p>\r\n<p><a title=\"Declaraci&oacute;n final\" href=\"http://www.santiagodecompostela.gal/medi/departamento/atencion_cidadan/Rexistro_Intereses/Corporacion__2015-19_/Declaracion_final_de_Concepcion_Fernandez.pdf\">Declaraci&oacute;n final</a></p>','','','',0,2),(2294,2,'Francisco Reyes Santiás (concelleiro)','<p><a title=\"Declaraci&oacute;n inicial\" href=\"http://www.santiagodecompostela.gal/medi/departamento/atencion_cidadan/Rexistro_Intereses/Corporacion__2015-19_/Francisco_Reyes_Santias.pdf\">Declaraci&oacute;n inicial</a></p>\r\n<p><a title=\"Declaraci&oacute;n final\" href=\"http://www.santiagodecompostela.gal/medi/departamento/atencion_cidadan/Rexistro_Intereses/Corporacion__2015-19_/Declaracion_final_de_Francisco_Reyes.pdf\">Declaraci&oacute;n final</a></p>','','','',0,3),(2295,2,'Manuel Dios Diz (concelleiro)','<p><a title=\"Declaraci&oacute;n incial\" href=\"http://www.santiagodecompostela.gal/medi/departamento/atencion_cidadan/Rexistro_Intereses/Corporacion__2015-19_/Manuel_Dios_Diz.pdf\">Declaraci&oacute;n incial</a></p>\r\n<p><a title=\"Declaraci&oacute;n final\" href=\"http://www.santiagodecompostela.gal/medi/departamento/atencion_cidadan/Rexistro_Intereses/Corporacion__2015-19_/Declaracion_final_de_Manuel_Dios.pdf\">Declaraci&oacute;n final</a></p>','','','',0,4),(2296,2,'Manuel Martínez Varela (concelleiro)','<p><a title=\"Declaraci&oacute;n inicial\" href=\"http://www.santiagodecompostela.gal/medi/departamento/atencion_cidadan/Rexistro_Intereses/Corporacion__2015-19_/Manuel_Martinez_Varela.pdf\">Declaraci&oacute;n inicial</a></p>\r\n<p><a title=\"Declaraci&oacute;n final\" href=\"http://www.santiagodecompostela.gal/medi/departamento/atencion_cidadan/Rexistro_Intereses/Corporacion__2015-19_/Manuel_Martinez.pdf\">Declaraci&oacute;n final</a></p>','','','',0,5),(2297,2,'Maria José Castro Carballal (concelleira)','<p><a title=\"Declaraci&oacute;n inicial\" href=\"http://www.santiagodecompostela.gal/medi/departamento/atencion_cidadan/Rexistro_Intereses/Corporacion__2015-19_/Maria_Jose_Castro_Carballal.pdf\">Declaraci&oacute;n inicial</a></p>\r\n<p><a title=\"Declaraci&oacute;n final\" href=\"http://www.santiagodecompostela.gal/medi/departamento/atencion_cidadan/Rexistro_Intereses/Corporacion__2015-19_/Maria_Jose_Castro.pdf\">Declaraci&oacute;n final</a></p>','','','',0,6),(2298,2,'María Rozas Pérez (concelleira)','<p><a title=\"Declaraci&oacute;n inicial\" href=\"http://www.santiagodecompostela.gal/medi/departamento/atencion_cidadan/Rexistro_Intereses/Corporacion__2015-19_/Maria_Rozas_Perez.pdf\">Declaraci&oacute;n inicial</a></p>\r\n<p><a title=\"Declaraci&oacute;n final\" href=\"http://www.santiagodecompostela.gal/medi/departamento/atencion_cidadan/Rexistro_Intereses/Corporacion__2015-19_/Maria_Rozas.pdf\">Declaraci&oacute;n final</a></p>','','','',0,7),(2299,2,'María Teresa Cancelo Márquez (concelleira)','<p><a title=\"Declaraci&oacute;n inicial\" href=\"http://www.santiagodecompostela.gal/medi/departamento/atencion_cidadan/Rexistro_Intereses/Corporacion__2015-19_/Maria_Teresa_Cancelo_Marquez.pdf\">Declaraci&oacute;n inicial</a></p>\r\n<p><a title=\"Declaraci&oacute;n final\" href=\"http://www.santiagodecompostela.gal/medi/departamento/atencion_cidadan/Rexistro_Intereses/Corporacion__2015-19_/Maria_Teresa_Cancelo.pdf\">Declaraci&oacute;n final</a></p>','','','',0,8),(2300,2,'Noa Morales Sánchez (concelleira)','<p><a title=\"Declaraci&oacute;n inicial\" href=\"http://www.santiagodecompostela.gal/medi/departamento/atencion_cidadan/Rexistro_Intereses/Corporacion__2015-19_/Noa_Morales_Sanchez.pdf\">Declaraci&oacute;n inicial</a></p>\r\n<p><a title=\"Declaraci&oacute;n final\" href=\"http://www.santiagodecompostela.gal/medi/departamento/atencion_cidadan/Rexistro_Intereses/Corporacion__2015-19_/Declaracion_final_de_Noa_Morales.pdf\">Declaraci&oacute;n final</a></p>','','','',0,9),(2301,2,'Pedro José Rey Sanchiz (concelleiro)','<p><a title=\"Declaraci&oacute;n incial\" href=\"http://www.santiagodecompostela.gal/medi/departamento/atencion_cidadan/Rexistro_Intereses/Corporacion__2015-19_/Pedro_Rey_Sanchiz._Declaracion_de_bens.pdf\">Declaraci&oacute;n incial</a></p>\r\n<p><a title=\"Declaraci&oacute;n final\" href=\"http://www.santiagodecompostela.gal/medi/departamento/atencion_cidadan/Rexistro_Intereses/Corporacion__2015-19_/Pedro_Rey.pdf\">Declaraci&oacute;n final</a></p>','','','',0,10),(2302,2,'Rubén Cela Díaz (concelleiro)','<p><a title=\"Declaraci&oacute;n incial\" href=\"http://www.santiagodecompostela.gal/medi/departamento/atencion_cidadan/Rexistro_Intereses/Corporacion__2015-19_/Ruben_Cela_Diaz.pdf\">Declaraci&oacute;n incial</a></p>\r\n<p><a title=\"Declaraci&oacute;n final\" href=\"http://www.santiagodecompostela.gal/medi/departamento/atencion_cidadan/Rexistro_Intereses/Corporacion__2015-19_/Declaracion_final_de_Ruben_Cela.pdf\">Declaraci&oacute;n final</a></p>','','','',0,11),(2303,2,'Xan Duro Fernández (concelleiro)','<p><a title=\"Declaraci&oacute;n inicial\" href=\"http://www.santiagodecompostela.gal/medi/departamento/atencion_cidadan/Rexistro_Intereses/Corporacion__2015-19_/Xan_Duro_Fernandez.pdf\">Declaraci&oacute;n inicial</a></p>\r\n<p><a title=\"Declaraci&oacute;n final\" href=\"http://www.santiagodecompostela.gal/medi/departamento/atencion_cidadan/Rexistro_Intereses/Corporacion__2015-19_/Declaracion_final_de_Xan_Duro.pdf\">Declaraci&oacute;n final</a></p>\r\n<p>&nbsp;</p>','','','',0,12),(2304,2,'María José Corral López (concelleira)','<p><a title=\"Declaraci&oacute;n inicial\" href=\"http://www.santiagodecompostela.gal/medi/departamento/atencion_cidadan/Rexistro_Intereses/Corporacion__2015-19_/Maria_Jose_Corral_Lopez.pdf\">Declaraci&oacute;n inicial</a></p>\r\n<p><a title=\"Declaraci&oacute;n final\" href=\"http://www.santiagodecompostela.gal/medi/departamento/atencion_cidadan/Rexistro_Intereses/Corporacion__2015-19_/Maria_Jose_Corral.pdf\">Declaraci&oacute;n final</a></p>','','','',0,13),(2305,2,'Silvia Aramburu Váquez (directora del área de Régimen Interior)','<p><a title=\"Declaraci&oacute;n inicial\" href=\"http://www.santiagodecompostela.gal/medi/departamento/atencion_cidadan/Rexistro_Intereses/Corporacion__2015-19_/bp_aramburo_vazquez_silvia__bens_patrimoniais_.pdf\">Declaraci&oacute;n inicial</a></p>\r\n<p>&nbsp;</p>','','','',0,14),(2347,1,'','','','','',0,1),(2391,1,'SISTEMA DE SOLICITUDE DE CITA PREVIA','<p>SISTEMA DE SOLICITUDE DE CITA PREVIA<br />O novo sistema de cita previa e xesti&oacute;n de quendas do Concello permite solicitar cita previa de xeito telem&aacute;tico nas principais oficinas do Concello.<br />&nbsp;<br />Pode atopar a informaci&oacute;n xeral nesta p&aacute;xina, e m&aacute;is detalles na seguinte presentaci&oacute;n:<br />&nbsp;<br /><a title=\"Manual do sistema de cita previa\" href=\"../media/documentos/Presentacion_CitaPrevia.pdf\" target=\"_blank\">Manual do sistema de cita previa</a></p>','','','',0,1),(2392,1,'CANLES PARA SOLICITAR CITA PREVIA','<p>a. A cita previa pode solicitarse a trav&eacute;s das seguintes canles:</p>\r\n<p>&nbsp;Desde calquera ordenador, tableta ou tel&eacute;fono m&oacute;bil, a trav&eacute;s da&nbsp;<strong>p&aacute;xina web de cita previa</strong>&nbsp;do portal municipal:<br /><br /><strong><a href=\"https://citaprevia.santiagodecompostela.gal\">https://citaprevia.santiagodecompostela.gal<br /><br /></a></strong>b. A trav&eacute;s da&nbsp;<strong>webapp de cita previa</strong>, &aacute; que se pode acceder a trav&eacute;s do c&oacute;digo QR que aparece m&aacute;is abaixo. Esta webapp permite ademais utilizar outras funcionalidades, como por exemplo, informar &aacute; oficina da s&uacute;a chegada (CHECK-IN).<strong><a href=\"https://citaprevia.santiagodecompostela.gal\"><br /></a></strong></p>','','','',0,2),(2393,1,'','<p>&nbsp;c.&nbsp; A trav&eacute;s dun&nbsp;<strong>sistema de resposta telef&oacute;nica autom&aacute;tica (IVR)</strong>, chamando ao n&uacute;mero de tel&eacute;fono seguinte:</p>\r\n<p>&nbsp;<br /><strong>881 50 51 07</strong></p>\r\n<p>d. Chamando por tel&eacute;fono &aacute; oficina para a que quere pedir cita (ver m&aacute;is abaixo).</p>','','','',0,3),(2394,1,'PASOS A SEGUIR PARA UTILIZAR CITA PREVIA','<ul>\r\n<li><strong>Paso 1. Solicitar a cita previa </strong>nunha Oficina municipal, para un determinado tr&aacute;mite e un d&iacute;a e hora concretos. (Pode facelo a trav&eacute;s dalgunha das canles antes indicadas).</li>\r\n</ul>\r\n<p><strong>&nbsp;</strong></p>\r\n<ul>\r\n<li><strong>Paso 2.</strong> Ao chegar &aacute; oficina no d&iacute;a e hora sinalados, <strong>informar da s&uacute;a chegada (CHECK-IN). </strong>Pode facelo a trav&eacute;s da webapp usando o c&oacute;digo QR que atopar&aacute; na entrada da oficina, ou utilizando o posto dispensador de quendas dispo&ntilde;ible na propia oficina.</li>\r\n</ul>\r\n<p>&nbsp;</p>\r\n<ul>\r\n<li><strong>Paso 3. Esperar a que se lle chame </strong>e se lle indique o n&uacute;mero de mesa que ten asignado. O aviso chegar&aacute; directamente ao m&oacute;bil se optou por esta opci&oacute;n, polo que non ser&aacute; necesario esperar no interior das oficinas.</li>\r\n</ul>\r\n<p>&nbsp;</p>\r\n<p>Nota: En breve se engadir&aacute; a opci&oacute;n de ser atendido por v&iacute;deochamada para alg&uacute;ns tr&aacute;mites.</p>\r\n<p>&nbsp;</p>','','','',0,4),(2395,1,'OFICINAS CO NOVO SISTEMA DE CITA PREVIA','<ul>\r\n<li><strong><span style=\"text-decoration: underline;\">OFICINA DE ATENCI&Oacute;N &Aacute; CIDADAN&Iacute;A</span></strong>\r\n<ul>\r\n<li>Enderezo: R&uacute;a Presidente Salvador Allende 4, baixo</li>\r\n<li>N&uacute;mero de tel&eacute;fono: 981 543 128</li>\r\n</ul>\r\n</li>\r\n</ul>\r\n<p>&nbsp;</p>\r\n<ul>\r\n<li><strong><span style=\"text-decoration: underline;\">REXISTRO XERAL (OFICINAS DA R&Uacute;A GALERAS)</span></strong>\r\n<ul>\r\n<li>Enderezo: R&uacute;a Presidente Salvador Allende 4, baixo</li>\r\n<li>N&uacute;mero de tel&eacute;fono: 981 543 122</li>\r\n</ul>\r\n</li>\r\n</ul>\r\n<p><strong><span style=\"text-decoration: underline;\">&nbsp;</span></strong></p>\r\n<ul>\r\n<li><strong><span style=\"text-decoration: underline;\">REXISTRO AUXILIAR DO ENSANCHE (OFICINAS DO ENSANCHE)</span></strong>\r\n<ul>\r\n<li>Enderezo: R&uacute;a Frei Rosendo Salvado 14-16, baixo</li>\r\n<li>N&uacute;mero de tel&eacute;fono: 981 543 001</li>\r\n</ul>\r\n</li>\r\n</ul>\r\n<p>&nbsp;</p>\r\n<ul>\r\n<li><strong><span style=\"text-decoration: underline;\">OFICINA DE ATENCI&Oacute;N AO CONTRIBU&Iacute;NTE</span></strong>\r\n<ul>\r\n<li>Enderezo: R&uacute;a Presidente Salvador Allende 4, baixo</li>\r\n<li>N&uacute;mero de tel&eacute;fono: 881 599 977 / 981 542 384</li>\r\n</ul>\r\n</li>\r\n</ul>\r\n<p>&nbsp;</p>\r\n<ul>\r\n<li><strong><span style=\"text-decoration: underline;\">PADR&Oacute;N DE HABITANTES</span></strong>\r\n<ul>\r\n<li>Enderezo: Praza do Obradoiro 1, (acceso pola Praza de Raxoi)</li>\r\n<li>N&uacute;mero de tel&eacute;fono: 981 542 318</li>\r\n</ul>\r\n</li>\r\n</ul>\r\n<p>&nbsp;</p>\r\n<ul>\r\n<li><strong><span style=\"text-decoration: underline;\">REXISTRO E INFORMACI&Oacute;N DE URBANISMO</span></strong>\r\n<ul>\r\n<li>Enderezo: Praza do Obradoiro 1, 2&ordm; andar</li>\r\n<li>N&uacute;mero de tel&eacute;fono: 981 542 420</li>\r\n</ul>\r\n</li>\r\n</ul>\r\n<p>&nbsp;</p>\r\n<ul>\r\n<li><strong><span style=\"text-decoration: underline;\">TR&Aacute;FICO</span></strong>\r\n<ul>\r\n<li>Enderezo: Praza do Obradoiro 1, (acceso pola Costa do Cristo)</li>\r\n<li>N&uacute;mero de tel&eacute;fono: 981 542 321</li>\r\n</ul>\r\n</li>\r\n</ul>\r\n<p>&nbsp;</p>\r\n<p>Nota: O departamento de Benestar Social disp&oacute;n da s&uacute;a propia xesti&oacute;n de cita previa.</p>','','','',0,5),(2429,1,'SISTEMA DE SOLICITUDE DE CITA PREVIA','<p>O novo sistema de cita previa e xesti&oacute;n de quendas do Concello permite solicitar cita previa de xeito telem&aacute;tico nas principais oficinas do Concello.<br />Pode atopar a informaci&oacute;n xeral nesta p&aacute;xina, e m&aacute;is detalles na seguinte presentaci&oacute;n:<br /><strong>Manual do sistema de cita previa</strong></p>','','','',0,1),(2430,1,'CANLES PARA SOLICITAR CITA PREVIA','<p>A cita previa pode solicitarse a trav&eacute;s das seguintes canles</p>\r\n<p>a. Desde calquera ordenador, tableta ou tel&eacute;fono m&oacute;bil, a trav&eacute;s da <strong>p&aacute;xina web de cita previa</strong> do portal municipal:&nbsp;</p>\r\n<p><a href=\"https://citaprevia.santiagodecompostela.gal\"><strong>https://citaprevia.santiagodecompostela.gal</strong></a></p>\r\n<p>b. A trav&eacute;s da <strong>webapp de cita previa</strong>, &aacute; que se pode acceder a trav&eacute;s do c&oacute;digo QR que aparece m&aacute;is abaixo. Esta webapp permite ademais utilizar outras funcionalidades, como por exemplo, informar &aacute; oficina da s&uacute;a chegada (CHECK-IN).</p>','','','',0,2),(2431,1,'','<p>c. A trav&eacute;s dun <strong>sistema de resposta telef&oacute;nica autom&aacute;tica (IVR)</strong>, chamando ao n&uacute;mero de tel&eacute;fono seguinte:</p>\r\n<p><strong>881 50 51 0</strong></p>\r\n<p>d. Chamando por tel&eacute;fono &aacute; oficina para a que quere pedir cita (ver m&aacute;is abaixo).</p>','','','',0,3),(2432,1,'PASOS A SEGUIR PARA UTILIZAR CITA PREVIA','<ul>\r\n<li><strong>Paso 1. Solicitar a cita previa </strong>nunha Oficina municipal, para un determinado tr&aacute;mite e un d&iacute;a e hora concretos. (Pode facelo a trav&eacute;s dalgunha das canles antes indicadas).</li>\r\n</ul>\r\n<ul>\r\n<li><strong>Paso 2.</strong> Ao chegar &aacute; oficina no d&iacute;a e hora sinalados, <strong>informar da s&uacute;a chegada (CHECK-IN). </strong>Pode facelo a trav&eacute;s da webapp usando o c&oacute;digo QR que atopar&aacute; na entrada da oficina, ou utilizando o posto dispensador de quendas dispo&ntilde;ible na propia oficina.</li>\r\n</ul>','','','',0,4),(2433,1,'OFICINAS CO NOVO SISTEMA DE CITA PREVIA','<ul>\r\n<li><strong><span style=\"text-decoration: underline;\">OFICINA DE ATENCI&Oacute;N &Aacute; CIDADAN&Iacute;A</span></strong>\r\n<ul>\r\n<li>Enderezo: R&uacute;a Presidente Salvador Allende 4, baixo</li>\r\n<li>N&uacute;mero de tel&eacute;fono: 981 543 128</li>\r\n</ul>\r\n</li>\r\n</ul>\r\n<ul>\r\n<li><strong><span style=\"text-decoration: underline;\">REXISTRO XERAL (OFICINAS DA R&Uacute;A GALERAS)</span></strong>\r\n<ul>\r\n<li>Enderezo: R&uacute;a Presidente Salvador Allende 4, baixo</li>\r\n<li>N&uacute;mero de tel&eacute;fono: 981 543 122<strong><span style=\"text-decoration: underline;\">&nbsp;</span></strong></li>\r\n</ul>\r\n</li>\r\n</ul>\r\n<ul>\r\n<li><strong><span style=\"text-decoration: underline;\">REXISTRO AUXILIAR DO ENSANCHE (OFICINAS DO ENSANCHE)</span></strong>\r\n<ul>\r\n<li>Enderezo: R&uacute;a Frei Rosendo Salvado 14-16, baixo</li>\r\n<li>N&uacute;mero de tel&eacute;fono: 981 543 001&nbsp;</li>\r\n</ul>\r\n</li>\r\n</ul>\r\n<ul>\r\n<li><strong><span style=\"text-decoration: underline;\">OFICINA DE ATENCI&Oacute;N AO CONTRIBU&Iacute;NTE</span></strong>\r\n<ul>\r\n<li>Enderezo: R&uacute;a Presidente Salvador Allende 4, baixo</li>\r\n<li>N&uacute;mero de tel&eacute;fono: 881 599 977 / 981 542 384&nbsp;</li>\r\n</ul>\r\n</li>\r\n</ul>\r\n<ul>\r\n<li><strong><span style=\"text-decoration: underline;\">PADR&Oacute;N DE HABITANTES</span></strong>\r\n<ul>\r\n<li>Enderezo: Praza do Obradoiro 1, (acceso pola Praza de Raxoi)</li>\r\n<li>N&uacute;mero de tel&eacute;fono: 981 542 318&nbsp;</li>\r\n</ul>\r\n</li>\r\n</ul>\r\n<ul>\r\n<li><strong><span style=\"text-decoration: underline;\">REXISTRO E INFORMACI&Oacute;N DE URBANISMO</span></strong>\r\n<ul>\r\n<li>Enderezo: Praza do Obradoiro 1, 2&ordm; andar</li>\r\n<li>N&uacute;mero de tel&eacute;fono: 981 542 420&nbsp;</li>\r\n</ul>\r\n</li>\r\n</ul>\r\n<ul>\r\n<li><strong><span style=\"text-decoration: underline;\">TR&Aacute;FICO</span></strong>\r\n<ul>\r\n<li>Enderezo: Praza do Obradoiro 1, (acceso pola Costa do Cristo)</li>\r\n<li>N&uacute;mero de tel&eacute;fono: 981 542 321&nbsp;</li>\r\n</ul>\r\n</li>\r\n</ul>\r\n<p>Nota: O departamento de Benestar Social disp&oacute;n da s&uacute;a propia xesti&oacute;n de cita previa.</p>','','','',0,5),(2520,2,'SISTEMA DE SOLICITUDE DE CITA PREVIA','<p>O novo sistema de cita previa e xesti&oacute;n de quendas do Concello permite solicitar cita previa de xeito telem&aacute;tico nas principais oficinas do Concello.</p>\r\n<p>Pode atopar a informaci&oacute;n xeral nesta p&aacute;xina, e m&aacute;is detalles na seguinte presentaci&oacute;n:</p>\r\n<p style=\"text-align: center;\"><a href=\"../media/documentos/Presentacion_CitaPrevia.pdf\">Manual do sistema de cita previa</a></p>','','','',0,1),(2521,2,'CANLES PARA SOLICITAR CITA PREVIA','<p>A cita previa pode solicitarse a trav&eacute;s das seguintes canles:</p>\r\n<p>a. Desde calquera ordenador, tableta ou tel&eacute;fono m&oacute;bil, a trav&eacute;s da <strong>p&aacute;xina web de cita previa</strong> do portal municipal:</p>\r\n<h2 style=\"text-align: center;\">&nbsp;<a href=\"https://citaprevia.santiagodecompostela.gal\"><strong>https://citaprevia.santiagodecompostela.gal</strong></a></h2>\r\n<p>b. A trav&eacute;s da <strong>webapp de cita previa</strong>, &aacute; que se pode acceder a trav&eacute;s do c&oacute;digo QR que aparece m&aacute;is abaixo. Esta webapp permite ademais utilizar outras funcionalidades, como por exemplo, informar &aacute; oficina da s&uacute;a chegada (CHECK-IN).</p>','','','',0,2),(2522,2,'','<p>c. A trav&eacute;s dun <strong>sistema de resposta telef&oacute;nica autom&aacute;tica (IVR)</strong>, chamando ao n&uacute;mero de tel&eacute;fono seguinte:</p>\r\n<h2 style=\"text-align: center;\">&nbsp;<strong>881 50 51 07</strong></h2>\r\n<p>&nbsp;d. Chamando por tel&eacute;fono &aacute; oficina para a que quere pedir cita (ver m&aacute;is abaixo).</p>\r\n<p>&nbsp;</p>','','','',0,3),(2523,2,'PASOS A SEGUIR PARA UTILIZAR CITA PREVIA','<ul>\r\n<li><strong>Paso 1. Solicitar a cita previa </strong>nunha Oficina municipal, para un determinado tr&aacute;mite e un d&iacute;a e hora concretos. (Pode facelo a trav&eacute;s dalgunha das canles antes indicadas).</li>\r\n</ul>\r\n<ul>\r\n<li><strong>Paso 2.</strong> Ao chegar &aacute; oficina no d&iacute;a e hora sinalados, <strong>informar da s&uacute;a chegada (CHECK-IN). </strong>Pode facelo a trav&eacute;s da webapp usando o c&oacute;digo QR que atopar&aacute; na entrada da oficina, ou utilizando o posto dispensador de quendas dispo&ntilde;ible na propia oficina.<br /><br /></li>\r\n<li><strong>Paso 3. Esperar a que se lle chame </strong>e se lle indique o n&uacute;mero de mesa que ten asignado. O aviso chegar&aacute; directamente ao m&oacute;bil se optou por esta opci&oacute;n, polo que non ser&aacute; necesario esperar no interior das oficinas.&nbsp;\r\n<p>Nota: En breve se engadir&aacute; a opci&oacute;n de ser atendido por v&iacute;deochamada para alg&uacute;ns tr&aacute;mites.</p>\r\n</li>\r\n</ul>','','','',0,4),(2524,2,'OFICINAS CO NOVO SISTEMA DE CITA PREVIA','<ul>\r\n<li><strong><span style=\"text-decoration: underline;\">OFICINA DE ATENCI&Oacute;N &Aacute; CIDADAN&Iacute;A</span></strong>\r\n<ul>\r\n<li>Enderezo: R&uacute;a Presidente Salvador Allende 4, baixo</li>\r\n<li>N&uacute;mero de tel&eacute;fono: 981 543 128</li>\r\n</ul>\r\n</li>\r\n</ul>\r\n<ul>\r\n<li><strong><span style=\"text-decoration: underline;\">REXISTRO XERAL (OFICINAS DA R&Uacute;A GALERAS)</span></strong>\r\n<ul>\r\n<li>Enderezo: R&uacute;a Presidente Salvador Allende 4, baixo</li>\r\n<li>N&uacute;mero de tel&eacute;fono: 981 543 122<strong><span style=\"text-decoration: underline;\">&nbsp;</span></strong></li>\r\n</ul>\r\n</li>\r\n</ul>\r\n<ul>\r\n<li><strong><span style=\"text-decoration: underline;\">REXISTRO AUXILIAR DO ENSANCHE (OFICINAS DO ENSANCHE)</span></strong>\r\n<ul>\r\n<li>Enderezo: R&uacute;a Frei Rosendo Salvado 14-16, baixo</li>\r\n<li>N&uacute;mero de tel&eacute;fono: 981 543 001&nbsp;</li>\r\n</ul>\r\n</li>\r\n</ul>\r\n<ul>\r\n<li><strong><span style=\"text-decoration: underline;\">OFICINA DE ATENCI&Oacute;N AO CONTRIBU&Iacute;NTE</span></strong>\r\n<ul>\r\n<li>Enderezo: R&uacute;a Presidente Salvador Allende 4, baixo</li>\r\n<li>N&uacute;mero de tel&eacute;fono: 881 599 977 / 981 542 384&nbsp;</li>\r\n</ul>\r\n</li>\r\n</ul>\r\n<ul>\r\n<li><strong><span style=\"text-decoration: underline;\">PADR&Oacute;N DE HABITANTES</span></strong>\r\n<ul>\r\n<li>Enderezo: Praza do Obradoiro 1, (acceso pola Praza de Raxoi)</li>\r\n<li>N&uacute;mero de tel&eacute;fono: 981 542 318&nbsp;</li>\r\n</ul>\r\n</li>\r\n</ul>\r\n<ul>\r\n<li><strong><span style=\"text-decoration: underline;\">REXISTRO E INFORMACI&Oacute;N DE URBANISMO</span></strong>\r\n<ul>\r\n<li>Enderezo: Praza do Obradoiro 1, 2&ordm; andar</li>\r\n<li>N&uacute;mero de tel&eacute;fono: 981 542 420&nbsp;</li>\r\n</ul>\r\n</li>\r\n</ul>\r\n<ul>\r\n<li><strong><span style=\"text-decoration: underline;\">TR&Aacute;FICO</span></strong>\r\n<ul>\r\n<li>Enderezo: Praza do Obradoiro 1, (acceso pola Costa do Cristo)</li>\r\n<li>N&uacute;mero de tel&eacute;fono: 981 542 321&nbsp;</li>\r\n</ul>\r\n</li>\r\n</ul>\r\n<p>Nota: O departamento de Benestar Social disp&oacute;n da s&uacute;a propia xesti&oacute;n de cita previa.</p>','','','',0,5),(2599,1,'CONSULTA DE PROCEDEMENTOS MUNICIPAIS','<p><a title=\"Cat&aacute;logo de tr&aacute;mites\" href=\"https://sede.santiagodecompostela.gal/sta/CarpetaPublic/doEvent?APP_CODE=STA&amp;PAGE_CODE=PTS_CATSERV\">Cat&aacute;logo de tr&aacute;mites</a></p>','','','',0,1),(2600,1,'','','','','',0,2),(2601,1,'','','','','',0,3),(2602,1,'','','','','',0,4),(2603,1,'','','','','',0,5),(2604,1,'','','','','',0,6),(2605,1,'','','','','',0,7),(2606,1,'','','','','',0,8),(2607,2,'CONSULTA DE PROCEDIMIENTOS MUNICIPALES','<p><a title=\"Cat&aacute;logo de tr&aacute;mites\" href=\"https://sede.santiagodecompostela.gal/sta/CarpetaPublic/doEvent?APP_CODE=STA&amp;PAGE_CODE=PTS_CATSERV&amp;lang=ES\">Cat&aacute;logo de tr&aacute;mites</a></p>','','','',0,1),(2608,2,'','','','','',0,2),(2609,2,'','','','','',0,3),(2610,2,'','','','','',0,4),(2611,2,'','','','','',0,5),(2612,2,'','','','','',0,6),(2613,2,'','','','','',0,7),(2614,2,'','','','','',0,8),(2615,1,'','','','','',0,1),(2623,2,'','<p><a title=\"Gu&iacute;a del Ayuntamiento de Santiago sobre el derecho de acceso\" href=\"http://www.santiagodecompostela.gal/medi/departamento/atencion_cidadan/Dereito_de_acceso_a_informacion/Guia_del_Ayuntamiento_de_Santiago_sobre_el_derecho_de_acceso.pdf\">Gu&iacute;a del Ayuntamiento de Santiago sobre el derecho de acceso</a></p>','','','',0,1),(2719,1,'','A trav&eacute;s da canle de denuncias calquera cidad&aacute;n poder&aacute; comunicar ou informar de actuaci&oacute;ns contrarias &aacute; integridade institucional no Concello de Santiago de Compostela das que te&ntilde;a co&ntilde;ecemento.<br /><br />Para que as comunicaci&oacute;ns presentadas sexan tomadas en consideraci&oacute;n non poder&aacute;n ser xen&eacute;ricas, deber&aacute;n identificar ou achegar alg&uacute;n dato que permitan identificar os feitos denunciados e, indicar&aacute;n alg&uacute;n elemento de proba que permita razoablemente a s&uacute;a verificaci&oacute;n ou determinar o tratamento que se lle dar&aacute; &aacute; informaci&oacute;n comunicada.<br /><br />As denuncias ser&aacute;n tratadas de xeito an&oacute;nimo e o denunciante ter&aacute; plena garant&iacute;a de indemnidade, de acordo co previsto na&nbsp;<a href=\"https://www.boe.es/doue/2019/305/L00017-00056.pdf\" target=\"_blank\">Directiva (UE) 2019/1937 do Parlamento Europeo e do Consello, do 23 de outubro, relativa &aacute; protecci&oacute;n das persoas que informen sobre infracci&oacute;ns do dereito da Uni&oacute;n Europea</a>. O tratamento an&oacute;nimo das denuncias determina que non sexa posible informar ao denunciante sobre as conclusi&oacute;ns do proceso de investigaci&oacute;n que se inicie.<br>','','','',0,1),(2720,1,'','<p>Neste apartado pode acceder &aacute; canle de denuncias sobre irregularidades en materia de integridade institucional prevista no&nbsp;<a href=\"../../../media/documentos/Plan_de_Prevencion_de_Riscos_e_Medidas_contra_a_Fraude.pdf\">Plan de Prevenci&oacute;n de Riscos de Xesti&oacute;n e Medidas Antifraude do Concello de Santiago de Compostela</a>.</p>\r\n<p>Documentaci&oacute;n:&nbsp;</p>\r\n<ul>\r\n<li><a href=\"../../../media/documentos/Plan_de_Prevencion_de_Riscos_e_Medidas_contra_a_Fraude.pdf\">Plan de Prevenci&oacute;n de Riscos e Medidas contra a Fraude [PDF]</a></li>\r\n<li><a href=\"../../../media/documentos/Codigo_etico_e_de_conduta.pdf\">C&oacute;digo &eacute;tico&nbsp;e de conduta [PDF]</a></li>\r\n<li><a href=\"../../../media/documentos/Declaracion_ausencia_conflito_intereses.pdf\">Declaraci&oacute;n de ausencia de conflito de intereses [PDF]</a></li>\r\n<li><a href=\"../../../media/documentos/Declaracion_institucional.pdf\">Declaraci&oacute;n institucional [PDF]</a></li>\r\n</ul>','','','',0,1),(2729,2,'','<p>A trav&eacute;s del canal de denuncias cualquier ciudadano podr&aacute; comunicar o informar de actuaciones contrarias a la integridad institucional en el Ayuntamiento de Santiago de Compostela de las que tenga conocimiento.</p>\r\n<p>Para que las comunicaciones presentadas sean tomadas en consideraci&oacute;n no podr&aacute;n ser gen&eacute;ricas, deber&aacute;n identificar o aportar alg&uacute;n dato que permita identificar los hechos denunciados e, indicar&aacute;n alg&uacute;n elemento de prueba que permita razonablemente su verificaci&oacute;n o determinar el tratamiento que se le dar&aacute; a la informaci&oacute;n comunicada.<br /><br />Las denuncias ser&aacute;n tratadas de forma an&oacute;nima y el denunciante tendr&aacute; plena garant&iacute;a de indemnidad, de acuerdo con lo previsto en la&nbsp;<a href=\"https://www.boe.es/doue/2019/305/L00017-00056.pdf\" target=\"_blank\">Directiva (UE) 2019/1937 del Parlamento Europeo y del Consejo, del 23 de octubre, relativa a la protecci&oacute;n de las personas que informen sobre infracciones del derecho de la Uni&oacute;n Europea</a>. El tratamiento an&oacute;nimo de las denuncias determina que no sea posible informar al denunciante sobre las conclusiones del proceso de investigaci&oacute;n que se inicie.</p>','','','',0,1),(2730,2,'','<p>En este apartado puede acceder al canal de denuncias sobre irregularidades en materia de integridad institucional prevista en el<a href=\"../../../media/documentos/Plan_de_Prevencion_de_Riscos_e_Medidas_contra_a_Fraude.pdf\"> Plan de Prevenci&oacute;n de Riesgos de Gesti&oacute;n y Medidas Antifraude del Ayuntamiento de Santiago de Compostela</a>.</p>\r\n<p>Documentaci&oacute;n:&nbsp;</p>\r\n<ul>\r\n<li><a href=\"../../../media/documentos/Plan_de_Prevencion_de_Riscos_e_Medidas_contra_a_Fraude.pdf\">Plan de Prevenci&oacute;n de Riesgos y Medidas contra el Fraude [PDF]</a></li>\r\n<li><a href=\"../../../media/documentos/Codigo_etico_e_de_conduta.pdf\">C&oacute;digo &eacute;tico y de conducta [PDF]</a></li>\r\n<li><a href=\"../../../media/documentos/Declaracion_ausencia_conflito_intereses.pdf\">Declaraci&oacute;n de ausencia de conflicto de intereses [PDF]</a></li>\r\n<li><a href=\"../../../media/documentos/Declaracion_institucional.pdf\">Declaraci&oacute;n institucional [PDF]</a></li>\r\n</ul>','','','',0,1),(2731,1,'','<p><a title=\"Gu&iacute;a do Concelllo de Santiago sobre o dereito ao acceso\" href=\"http://www.santiagodecompostela.gal/medi/departamento/atencion_cidadan/Dereito_de_acceso_a_informacion/Guia_do_Concelllo_de_Santiago_sobre_o_dereito_ao_acceso_2022.pdf\">Gu&iacute;a do Concelllo de Santiago sobre o dereito ao acceso (Galego)</a></p>\r\n<p><a title=\"Gu&iacute;a del Ayuntamiento de Santiago sobre el derecho al acceso\" href=\"http://www.santiagodecompostela.gal/medi/departamento/atencion_cidadan/Dereito_de_acceso_a_informacion/Guia_del_Ayuntamiento_de_Santiago_sobre_o_deireito_ao_aceso_2022_.pdf\">Gu&iacute;a del Ayuntamiento de Santiago sobre el derecho al acceso (Castellano)</a></p>','','','',0,1),(2755,1,'SISTEMA DE SOLICITUDE DE CITA PREVIA','<p>O novo sistema de cita previa e xesti&oacute;n de quendas do Concello permite solicitar cita previa de xeito telem&aacute;tico nas principais oficinas do Concello.</p>\r\n<p>Pode atopar a informaci&oacute;n xeral nesta p&aacute;xina, e m&aacute;is detalles na seguinte presentaci&oacute;n:</p>\r\n<p style=\"text-align: center;\"><a href=\"../media/documentos/Presentacion_CitaPrevia.pdf\">Manual do sistema de cita previa</a></p>','','','',0,1),(2756,1,'CANLES PARA SOLICITAR CITA PREVIA','<p>A cita previa pode solicitarse a trav&eacute;s das seguintes canles:</p>\r\n<p>a. Desde calquera ordenador, tableta ou tel&eacute;fono m&oacute;bil, a trav&eacute;s da <strong>p&aacute;xina web de cita previa</strong> do portal municipal:</p>\r\n<h2 style=\"text-align: center;\">&nbsp;<a href=\"https://citaprevia.santiagodecompostela.gal\"><strong>https://citaprevia.santiagodecompostela.gal</strong></a></h2>\r\n<p>b. A trav&eacute;s da <strong>webapp de cita previa</strong>, &aacute; que se pode acceder a trav&eacute;s do c&oacute;digo QR que aparece m&aacute;is abaixo. Esta webapp permite ademais utilizar outras funcionalidades, como por exemplo, informar &aacute; oficina da s&uacute;a chegada (CHECK-IN).</p>','','','',0,2),(2757,1,'','<p>c. A trav&eacute;s dun <strong>sistema de resposta telef&oacute;nica autom&aacute;tica (IVR)</strong>, chamando ao n&uacute;mero de tel&eacute;fono seguinte:</p>\r\n<h2 style=\"text-align: center;\"><strong>881 50 51 07</strong></h2>\r\n<p>&nbsp;d. Chamando por tel&eacute;fono &aacute; oficina para a que quere pedir cita (ver m&aacute;is abaixo).</p>\r\n<p>&nbsp;</p>','','','',0,3),(2758,1,'PASOS A SEGUIR PARA UTILIZAR CITA PREVIA','<ul>\r\n<li><strong>Paso 1. Solicitar a cita previa </strong>nunha Oficina municipal, para un determinado tr&aacute;mite e un d&iacute;a e hora concretos. (Pode facelo a trav&eacute;s dalgunha das canles antes indicadas).</li>\r\n</ul>\r\n<ul>\r\n<li><strong>Paso 2.</strong> Ao chegar &aacute; oficina no d&iacute;a e hora sinalados, <strong>informar da s&uacute;a chegada (CHECK-IN). </strong>Pode facelo a trav&eacute;s da webapp usando o c&oacute;digo QR que atopar&aacute; na entrada da oficina, ou utilizando o posto dispensador de quendas dispo&ntilde;ible na propia oficina.<br /><br /></li>\r\n<li><strong>Paso 3. Esperar a que se lle chame </strong>e se lle indique o n&uacute;mero de mesa que ten asignado. O aviso chegar&aacute; directamente ao m&oacute;bil se optou por esta opci&oacute;n, polo que non ser&aacute; necesario esperar no interior das oficinas.&nbsp;\r\n<p>Nota: En breve se engadir&aacute; a opci&oacute;n de ser atendido por v&iacute;deochamada para alg&uacute;ns tr&aacute;mites.</p>\r\n</li>\r\n</ul>','','','',0,4),(2759,1,'OFICINAS CO NOVO SISTEMA DE CITA PREVIA','<ul>\r\n<li><strong><span style=\"text-decoration: underline;\">OFICINA DE ATENCI&Oacute;N &Aacute; CIDADAN&Iacute;A</span></strong>\r\n<ul>\r\n<li>Enderezo: R&uacute;a Presidente Salvador Allende 4, baixo</li>\r\n<li>N&uacute;mero de tel&eacute;fono: 981 543 128&nbsp;</li>\r\n</ul>\r\n</li>\r\n</ul>\r\n<ul>\r\n<li><strong><span style=\"text-decoration: underline;\">REXISTRO XERAL (OFICINAS DA R&Uacute;A GALERAS)</span></strong>\r\n<ul>\r\n<li>Enderezo: R&uacute;a Presidente Salvador Allende 4, baixo</li>\r\n<li>N&uacute;mero de tel&eacute;fono: 981 543 122<strong><span style=\"text-decoration: underline;\">&nbsp;</span></strong></li>\r\n</ul>\r\n</li>\r\n</ul>\r\n<ul>\r\n<li><strong><span style=\"text-decoration: underline;\">REXISTRO AUXILIAR DO ENSANCHE (OFICINAS DO ENSANCHE)</span></strong>\r\n<ul>\r\n<li>Enderezo: R&uacute;a Frei Rosendo Salvado 14-16, baixo</li>\r\n<li>N&uacute;mero de tel&eacute;fono: 981 543 001&nbsp;</li>\r\n</ul>\r\n</li>\r\n</ul>\r\n<ul>\r\n<li><strong><span style=\"text-decoration: underline;\">OFICINA DE ATENCI&Oacute;N AO CONTRIBU&Iacute;NTE</span></strong>\r\n<ul>\r\n<li>Enderezo: R&uacute;a Presidente Salvador Allende 4, baixo</li>\r\n<li>N&uacute;mero de tel&eacute;fono: 981 542 384&nbsp;</li>\r\n</ul>\r\n</li>\r\n</ul>\r\n<ul>\r\n<li><strong><span style=\"text-decoration: underline;\">PADR&Oacute;N DE HABITANTES</span></strong>\r\n<ul>\r\n<li>Enderezo: Praza do Obradoiro 1, (acceso pola Praza de Raxoi)</li>\r\n<li>N&uacute;mero de tel&eacute;fono: 981 542 318&nbsp;</li>\r\n</ul>\r\n</li>\r\n</ul>\r\n<ul>\r\n<li><strong><span style=\"text-decoration: underline;\">REXISTRO E INFORMACI&Oacute;N DE URBANISMO</span></strong>\r\n<ul>\r\n<li>Enderezo: Praza do Obradoiro 1, 2&ordm; andar</li>\r\n<li>N&uacute;mero de tel&eacute;fono: 981 542 420&nbsp;</li>\r\n</ul>\r\n</li>\r\n</ul>\r\n<ul>\r\n<li><strong><span style=\"text-decoration: underline;\">TR&Aacute;FICO</span></strong>\r\n<ul>\r\n<li>Enderezo: Praza do Obradoiro 1, (acceso pola Costa do Cristo)</li>\r\n<li>N&uacute;mero de tel&eacute;fono: 981 542 321&nbsp;</li>\r\n</ul>\r\n</li>\r\n</ul>\r\n<p>Nota: O departamento de Benestar Social disp&oacute;n da s&uacute;a propia xesti&oacute;n de cita previa.</p>','','','',0,5),(2823,1,'','<p>Para consultar as ofertas de emprego do Concello de Santiago de Compostela prema&nbsp;<a title=\"Oferta de emprego\" href=\"http://santiagodecompostela.gal/e_santiago/interior.php?txt=cc_seleccion_persoal&amp;lg=gal\" target=\"_blank\">aqu&iacute;</a></p>','','','',0,1),(2824,2,'','<p>Para consultar las ofertas de empleo del Ayuntamiento de Santiago de Compostela pinche&nbsp;<a title=\"Oferta de empleo\" href=\"http://santiagodecompostela.gal/e_santiago/interior.php?txt=cc_seleccion_persoal&amp;lg=cas\" target=\"_blank\">aqu&iacute;</a></p>','','','',0,1),(3175,1,'Grupo Municipal do PSdeG-PSOE','<p><strong>Xos&eacute; Antonio S&aacute;nchez Bugallo</strong></p>\r\n<p><a href=\"http://www.santiagodecompostela.gal/medi/departamento/atencion_cidadan/Rexistro_Intereses/Ano_2019/Jose__A._Sanchez_Bugallo.pdf\">Declaraci&oacute;n de bens patrimoniais (inicial)</a><br /><a href=\"http://www.santiagodecompostela.gal/medi/departamento/atencion_cidadan/Rexistro_Intereses/Ano_2019/Jose__A._Sanchez_Bugallo._Declaracion_de_incompatibilidade.pdf\">Declaraci&oacute;n de causas de posible incompatibilidade (inicial)</a></p>\r\n<p><strong>Mercedes Ros&oacute;n Ferreiro</strong></p>\r\n<p><a href=\"http://www.santiagodecompostela.gal/medi/departamento/atencion_cidadan/Rexistro_Intereses/Ano_2019/Mercedes_Roson.pdf\">Declaraci&oacute;n de bens patrimoniais (inicial)</a></p>\r\n<p><a href=\"http://www.santiagodecompostela.gal/medi/departamento/atencion_cidadan/Rexistro_Intereses/Ano_2019/Mercedes_Roson._Declaracion_de_incompatibilidade.pdf\">Declaraci&oacute;n de causas de posible incompatibilidade (inicial)</a></p>\r\n<p><strong>Guimersindo Guinarte Cabada</strong></p>\r\n<p><a href=\"http://www.santiagodecompostela.gal/medi/departamento/atencion_cidadan/Rexistro_Intereses/Ano_2019/Gumersindo_Guinarte.pdf\">Declaraci&oacute;n de bens patrimoniais</a></p>\r\n<p><a href=\"http://www.santiagodecompostela.gal/medi/departamento/atencion_cidadan/Rexistro_Intereses/Ano_2019/Gumersindo_Guinarte._Declaracion_de_incompatibilidade.pdf\">Declaraci&oacute;n de causas de posible incompatibilidade</a></p>\r\n<p><strong>Mar&iacute;a Milagros Castro S&aacute;nchez</strong></p>\r\n<p><a href=\"http://www.santiagodecompostela.gal/medi/departamento/atencion_cidadan/Rexistro_Intereses/Ano_2019/Milagros_Castro.pdf\">Declaraci&oacute;n de bens patrimoniais</a></p>\r\n<p><a href=\"http://www.santiagodecompostela.gal/medi/departamento/atencion_cidadan/Rexistro_Intereses/Ano_2019/Milagros_Castro._Declaracion_de_incompatibilidade.pdf\">Declaraci&oacute;n de causas de posible incompatibilidade</a></p>\r\n<p><strong>Gonzalo Mu&iacute;&ntilde;os S&aacute;nchez</strong></p>\r\n<p><a href=\"http://www.santiagodecompostela.gal/medi/departamento/atencion_cidadan/Rexistro_Intereses/Ano_2019/Gonzalo_Muinos.pdf\">Declaraci&oacute;n de bens patrimoniais</a></p>\r\n<p><a href=\"http://www.santiagodecompostela.gal/medi/departamento/atencion_cidadan/Rexistro_Intereses/Ano_2019/Gonzalo_Muinos._Declaracion_de_incompatibilidade.pdf\">Declaraci&oacute;n de causas de posible incompatilidade</a></p>\r\n<p><strong>Marta Abal Rodr&iacute;guez</strong></p>\r\n<p><a href=\"http://www.santiagodecompostela.gal/medi/departamento/atencion_cidadan/Rexistro_Intereses/Ano_2019/Marta_Abal.pdf\">Declaraci&oacute;n de bens patrimoniais</a></p>\r\n<p><a href=\"http://www.santiagodecompostela.gal/medi/departamento/atencion_cidadan/Rexistro_Intereses/Ano_2019/Marta_Abal._Declaracion_de_incompatibilidade.pdf\">Declaraci&oacute;n de causas de posible incompatibilidade</a></p>\r\n<p><strong>Jos&eacute; Manuel Pichel Pati&ntilde;o</strong></p>\r\n<p><a href=\"http://www.santiagodecompostela.gal/medi/departamento/atencion_cidadan/Rexistro_Intereses/Ano_2019/Jose_Manuel_Pichel.pdf\">Declaraci&oacute;n de bens patrimoniais</a></p>\r\n<p><a href=\"http://www.santiagodecompostela.gal/medi/departamento/atencion_cidadan/Rexistro_Intereses/Ano_2019/Jose_Manuel_Pichel._Declaracion_de_incompatibilidade.pdf\">Declaraci&oacute;n de causas de posible incompatibilidade</a></p>\r\n<p><a href=\"http://www.santiagodecompostela.gal/medi/departamento/atencion_cidadan/Rexistro_Intereses/Ano_2019/Jose_Manuel_Pichel_Patino._Declaracion_final.pdf\">Declaraci&oacute;n final de causas de posible incompatibilidade e de bens patrimoniais</a></p>\r\n<p><strong>Noa Susana D&iacute;az Varela</strong></p>\r\n<p><a href=\"http://www.santiagodecompostela.gal/medi/departamento/atencion_cidadan/Rexistro_Intereses/Ano_2019/Noa_Diaz.pdf\">Declaraci&oacute;ns de bens patrimoniais</a></p>\r\n<p><a href=\"http://www.santiagodecompostela.gal/medi/departamento/atencion_cidadan/Rexistro_Intereses/Ano_2019/Noa_Diaz._Declaracion_de_incompatibilidade.pdf\">Declaraci&oacute;n de causas de posible incompatibilidade</a></p>\r\n<p><a href=\"http://www.santiagodecompostela.gal/medi/departamento/atencion_cidadan/Rexistro_Intereses/Ano_2019/Noa_Diaz._Declaracion_final.pdf\">Declaraci&oacute;n final de causas de posible incompatibilidade e de bens patrimoniais</a></p>\r\n<p><strong>Mar&iacute;a Esther Pedrosa Carrete</strong></p>\r\n<p><a href=\"http://www.santiagodecompostela.gal/medi/departamento/atencion_cidadan/Rexistro_Intereses/Ano_2019/Esther_Pedrosa._10_de_julio_de_2019.pdf\">Declaraci&oacute;n de causas de posible incompatibilidade e de bens patrimoniais</a></p>\r\n<p><strong>Rub&eacute;n Prol Mari&ntilde;o</strong></p>\r\n<p><a href=\"http://www.santiagodecompostela.gal/medi/departamento/atencion_cidadan/Rexistro_Intereses/Ano_2019/Ruben_Prol_Marino.pdf\">Declaraci&oacute;n de bens patrimoniais</a></p>\r\n<p><a href=\"http://www.santiagodecompostela.gal/medi/departamento/atencion_cidadan/Rexistro_Intereses/Ano_2019/Ruben_Prol_Marino._Declaracion_de_incompatibilidade.pdf\">Declaraci&oacute;n de causas de posible incompatibilidade</a></p>\r\n<p><strong>Mar&iacute;a Bego&ntilde;a Rodr&iacute;guez Rodr&iacute;guez</strong></p>\r\n<p><a href=\"http://www.santiagodecompostela.gal/medi/departamento/atencion_cidadan/Rexistro_Intereses/Ano_2019/M_Begona._Declaracion_de_bens_patrinoniais.pdf\">Declaraci&oacute;n de bens patrimoniais</a></p>\r\n<p>&nbsp;<a href=\"http://www.santiagodecompostela.gal/medi/departamento/atencion_cidadan/Rexistro_Intereses/Ano_2019/M_Begona_Rodriguez_Rodriguez._Declaracion_causas_incompatibilidade.pdf\">Declaraci&oacute;n de causas de posible incompatibilidade</a></p>\r\n<p>&nbsp;</p>\r\n<h3>&nbsp;</h3>','','','',0,1),(3176,1,'Grupo Municipal do PP','<p><strong>Alejandro S&aacute;nchez-Brunete Varela</strong></p>\r\n<p><a href=\"http://www.santiagodecompostela.gal/medi/departamento/atencion_cidadan/Rexistro_Intereses/Ano_2019/Alejandro_Sanchez_Brunete.pdf\">Declaraci&oacute;n de bens patrimoniais</a></p>\r\n<p><a href=\"http://www.santiagodecompostela.gal/medi/departamento/atencion_cidadan/Rexistro_Intereses/Ano_2019/Alejandro_Sanchez_Brunete._Declaracion_de_incompatibilidade.pdf\">Declaraci&oacute;n de causas de posible incompatibilidade</a></p>\r\n<p><strong>Ana Bel&eacute;n Sabel Iglesias</strong></p>\r\n<p><a href=\"http://www.santiagodecompostela.gal/medi/departamento/atencion_cidadan/Rexistro_Intereses/Ano_2019/Ana_Belen_Sabel.pdf\">Declaraci&oacute;n de bens</a></p>\r\n<p><a href=\"http://www.santiagodecompostela.gal/medi/departamento/atencion_cidadan/Rexistro_Intereses/Ano_2019/Ana_Belen_Sabel._Declaracion_de_incompatibilidade.pdf\">Declaraci&oacute;n de causas de posible incompatibilidade</a></p>\r\n<p><a href=\"http://www.santiagodecompostela.gal/medi/departamento/atencion_cidadan/Rexistro_Intereses/Ano_2019/Ana_Belen_Sabel_Iglesias._Modificacion_declaracion_de_incompatibilidade.pdf\">Modificaci&oacute;n de declaraci&oacute;n de causas de posible incompatibilidade</a></p>\r\n<p><a href=\"http://www.santiagodecompostela.gal/medi/departamento/atencion_cidadan/Rexistro_Intereses/Ano_2019/Ana_Belen_Sabel_Iglesias._Declaracion_final_de_bens_patrimoniais.pdf\">Declaraci&oacute;n final de bens patrimoniais</a></p>\r\n<p><a title=\"Declaraci&oacute;n final de causas de posible incompatibilidade\" href=\"http://www.santiagodecompostela.gal/medi/departamento/atencion_cidadan/Rexistro_Intereses/Ano_2019/Ana_Belen_Sabel_Iglesias.__Declaracion_fianl_incompatiblidade.pdf\">Declaraci&oacute;n final de causas de posible incompatibilidade</a></p>\r\n<p><strong>Mar&iacute;a &Aacute;ngeles Ant&oacute;n Vilas&aacute;nchez</strong></p>\r\n<p><a href=\"http://www.santiagodecompostela.gal/medi/departamento/atencion_cidadan/Rexistro_Intereses/Ano_2019/M_Angeles_Anton.pdf\">Declaraci&oacute;n de bens patrimoniais</a></p>\r\n<p><a href=\"http://www.santiagodecompostela.gal/medi/departamento/atencion_cidadan/Rexistro_Intereses/Ano_2019/M_Angeles_Anton._Declaracion_de_incompatibilidade.pdf\">Declaraci&oacute;n de causas de posible incompatibilidade</a></p>\r\n<p><strong>Jos&eacute; Antonio Constenla Ramos</strong></p>\r\n<p><a href=\"http://www.santiagodecompostela.gal/medi/departamento/atencion_cidadan/Rexistro_Intereses/Ano_2019/Jose_Antonio_Constenla.pdf\">Declaraci&oacute;n de bens patrimoniais</a></p>\r\n<p><a href=\"http://www.santiagodecompostela.gal/medi/departamento/atencion_cidadan/Rexistro_Intereses/Ano_2019/Jose_Antonio_Constenla._Declaracion_de_incompatibilidade.pdf\">Declaraci&oacute;n de causas de posible incompatibilidade</a></p>\r\n<p><strong>Evaristo Ben Otero</strong></p>\r\n<p><a href=\"http://www.santiagodecompostela.gal/medi/departamento/atencion_cidadan/Rexistro_Intereses/Ano_2019/Evaristo_Ben.pdf\">Declaraci&oacute;n de bens patrimoniais</a></p>\r\n<p><a href=\"http://www.santiagodecompostela.gal/medi/departamento/atencion_cidadan/Rexistro_Intereses/Ano_2019/Evaristo_Ben._Declaracion_de_incompatibilidade.pdf\">Declaraci&oacute;n de causas de posible incompaibilidade</a></p>\r\n<p><strong>Ram&oacute;n de Jes&uacute;s Quiroga Limia</strong></p>\r\n<p><a href=\"http://www.santiagodecompostela.gal/medi/departamento/atencion_cidadan/Rexistro_Intereses/Ano_2019/Ramon_Quiroga.pdf\">Declaraci&oacute;n de bens patrimoniais</a></p>\r\n<p><a href=\"http://www.santiagodecompostela.gal/medi/departamento/atencion_cidadan/Rexistro_Intereses/Ano_2019/Ramon_Quiroga._Declaracion_de_incompatibilidade.pdf\">Declaraci&oacute;n de causas de posible incompatibilidade</a></p>\r\n<p><a href=\"http://www.santiagodecompostela.gal/medi/departamento/atencion_cidadan/Rexistro_Intereses/Ano_2019/Ramon_Quiroga._Modificacion_declaracion_incompatibilidade.pdf\">Modificaci&oacute;n da declaraci&oacute;n de causas de posible incompatibilidade</a></p>\r\n<p><strong>Beatriz Cigarr&aacute;n Vicente</strong></p>\r\n<p><a href=\"http://www.santiagodecompostela.gal/medi/departamento/atencion_cidadan/Rexistro_Intereses/Ano_2019/Beatriz_Cigarran.pdf\">Declaraci&oacute;n de bens patrimoniais</a></p>\r\n<p><a href=\"http://www.santiagodecompostela.gal/medi/departamento/atencion_cidadan/Rexistro_Intereses/Ano_2019/Beatriz_Cigarran._Declaracion_de_incompatibilidade.pdf\">Declaraci&oacute;n de causas de posible incompatibilidade</a></p>\r\n<p><strong>Mar&iacute;a Castelao Torres</strong></p>\r\n<p><a href=\"http://www.santiagodecompostela.gal/medi/departamento/atencion_cidadan/Rexistro_Intereses/Ano_2019/Maria_Castelao_Torres._Declaracion_de_bens.pdf\">Declaraci&oacute;n de bens patrimoniais</a></p>\r\n<p><a href=\"http://www.santiagodecompostela.gal/medi/departamento/atencion_cidadan/Rexistro_Intereses/Ano_2019/Maria_Castelao_Torres._Declaracion_de_incompatibilidade.pdf\">Declaraci&oacute;n de causas de posible incompatibilidade</a></p>\r\n<p><strong>Pedro Rey Sanchiz</strong></p>\r\n<p><a href=\"http://www.santiagodecompostela.gal/medi/departamento/atencion_cidadan/Rexistro_Intereses/Ano_2019/Pedro_Jose_Rey_Sanchiz._Declaracion_de_bens_patrimoniais.pdf\">Declaraci&oacute;n de bens patrimoniais</a></p>\r\n<p><a href=\"http://www.santiagodecompostela.gal/medi/departamento/atencion_cidadan/Rexistro_Intereses/Ano_2019/Pedro_Jose_Rey_Sanchiz._Posibles_causas_de_incompatibilidade.pdf\">Declaraci&oacute;n de causas de posible incompatibilidade</a></p>\r\n<p>&nbsp;<strong>Agust&iacute;n Hern&aacute;ndez Fern&aacute;ndez de Rojas</strong></p>\r\n<p><a title=\"Declaraci&oacute;n de bens patrimoniais\" href=\"http://www.santiagodecompostela.gal/medi/departamento/atencion_cidadan/Rexistro_Intereses/Ano_2019/Agustin_Hernandez.pdf\">Declaraci&oacute;n de bens patrimoniais</a></p>\r\n<p><a title=\"Declaraci&oacute;n de causas de posible incompatibilidade\" href=\"http://www.santiagodecompostela.gal/medi/departamento/atencion_cidadan/Rexistro_Intereses/Ano_2019/Agustin_Hernandez._Declaracion_de_incompatibilidade.pdf\">Declaraci&oacute;n de causas de posible incompatibilidade</a></p>\r\n<p><a title=\"Declaraci&oacute;n final de bens patrimoniais e de posibles causas de incompatibilidade\" href=\"http://www.santiagodecompostela.gal/medi/departamento/atencion_cidadan/Rexistro_Intereses/Ano_2019/Declaracion_final_Agustin_Hernandez.pdf\">Declaraci&oacute;n final de bens patrimoniais e de posibles causas de incompatibilidade</a></p>','','','',0,2),(3177,1,'Grupo Municipal de CA','<p><strong>Marti&ntilde;o Noriega S&aacute;nchez</strong></p>\r\n<p><a href=\"http://www.santiagodecompostela.gal/medi/departamento/atencion_cidadan/Rexistro_Intereses/Ano_2019/Martino_Noniega.pdf\">Declaraci&oacute;n de bens patrimoniais</a></p>\r\n<p><a href=\"http://www.santiagodecompostela.gal/medi/departamento/atencion_cidadan/Rexistro_Intereses/Ano_2019/Martino_Noniega._Declaracion_de_incompatibilidade.pdf\">Declaraci&oacute;n de causas de posible incompatibilidade</a></p>\r\n<p><a title=\"Declaraci&oacute;n final de bens patrimoniais e de causas de posible incompatibilidade\" href=\"http://www.santiagodecompostela.gal/medi/departamento/atencion_cidadan/Rexistro_Intereses/Ano_2019/Martino_Noriega._Declaracion_fianl.pdf\">Declaraci&oacute;n final de bens patrimoniais e de causas de posible incompatibilidade</a></p>\r\n<p><strong>Branca Petra Novo Rey</strong></p>\r\n<p><a href=\"http://www.santiagodecompostela.gal/medi/departamento/atencion_cidadan/Rexistro_Intereses/Ano_2019/Branca_Novo.pdf\">Declaraci&oacute;n de bens patrimoniais</a></p>\r\n<p><a href=\"http://www.santiagodecompostela.gal/medi/departamento/atencion_cidadan/Rexistro_Intereses/Ano_2019/Branca_Novo._Declaracion_de_incompatibilidade.pdf\">Declaraci&oacute;n de causas de posible incompatibilidade</a></p>\r\n<p><strong>Rafael Pe&ntilde;a Vidal</strong></p>\r\n<p><a href=\"http://www.santiagodecompostela.gal/medi/departamento/atencion_cidadan/Rexistro_Intereses/Ano_2019/Rafael_Pena.pdf\">Declaraci&oacute;n de bens patrimoniais</a></p>\r\n<p><a href=\"http://www.santiagodecompostela.gal/medi/departamento/atencion_cidadan/Rexistro_Intereses/Ano_2019/Rafael_Pena._Declaracion_de_incompatibilidade.pdf\">Declaraci&oacute;n de causas de posible incompatibilidade</a></p>\r\n<p><a href=\"http://www.santiagodecompostela.gal/medi/departamento/atencion_cidadan/Rexistro_Intereses/Ano_2019/Rafael_Pena._Declaracion_final.pdf\">Declaraci&oacute;n final de bens patrimoniais e de causas de posible incompatibilidade</a></p>\r\n<p><strong>Marta Irene Lois Gonz&aacute;lez</strong></p>\r\n<p><a href=\"http://www.santiagodecompostela.gal/medi/departamento/atencion_cidadan/Rexistro_Intereses/Ano_2019/Marta_Lois.pdf\">Declaraci&oacute;n de bens patrimoniais</a></p>\r\n<p><a href=\"http://www.santiagodecompostela.gal/medi/departamento/atencion_cidadan/Rexistro_Intereses/Ano_2019/Marta_Lois._Declaracion_de_incompatibilidade.pdf\">Declaraci&oacute;n de causas de posible incompatibilidade</a></p>\r\n<p>&nbsp;<strong>Jorge Carlos Duarte V&aacute;zquez</strong></p>\r\n<p><a href=\"http://www.santiagodecompostela.gal/medi/departamento/atencion_cidadan/Rexistro_Intereses/Ano_2019/Jorge_Duarte.pdf\">Declaraci&oacute;n de bens patrimoniais</a></p>\r\n<p><a href=\"http://www.santiagodecompostela.gal/medi/departamento/atencion_cidadan/Rexistro_Intereses/Ano_2019/Jorge_Duarte._Declaracion_de_incompatibilidade.pdf\">Declaraci&oacute;n de causas de posible incompatibilidade</a></p>\r\n<p><strong>Mar&iacute;a Rozas P&eacute;rez</strong></p>\r\n<p><a href=\"http://www.santiagodecompostela.gal/medi/departamento/atencion_cidadan/Rexistro_Intereses/Ano_2019/Maria_Rozas._Declaracion_de_bens_patrimoniais.pdf\">Declaraci&oacute;n de bens patrimoniais</a></p>\r\n<p><a href=\"http://www.santiagodecompostela.gal/medi/departamento/atencion_cidadan/Rexistro_Intereses/Ano_2019/Maria_Rozas._Declaracion_incompatibilidade.pdf\">Declaraci&oacute;n de casas de posible incompatibilidade</a></p>\r\n<p><strong>Xan Duro Fern&aacute;ndez</strong></p>\r\n<p><a href=\"http://www.santiagodecompostela.gal/medi/departamento/atencion_cidadan/Rexistro_Intereses/Ano_2019/Xan_Duro._Declaracion_de_bens_patrimoniais.pdf\">Declaraci&oacute;n de bens patrimoniais</a></p>\r\n<p><a href=\"http://www.santiagodecompostela.gal/medi/departamento/atencion_cidadan/Rexistro_Intereses/Ano_2019/Xan_Duro._Declaracion_incompatibilidade.pdf\">Declaraci&oacute;n de causas de posible incompatibilidade</a></p>','','','',0,3),(3178,1,'Grupo Municipal do BNG','<p><strong>Mar&iacute;a Goretti Sanmart&iacute;n Rei</strong></p>\r\n<p><a href=\"http://www.santiagodecompostela.gal/medi/departamento/atencion_cidadan/Rexistro_Intereses/Ano_2019/M_Goretti_Sanmartin.pdf\">Declaraci&oacute;n de bens patrimoniais</a></p>\r\n<p><a href=\"http://www.santiagodecompostela.gal/medi/departamento/atencion_cidadan/Rexistro_Intereses/Ano_2019/M_Goretti_Sanmartin._Declaracion_de_incompatibilidade.pdf\">Declaraci&oacute;n de causas de posible incompatibilidade</a></p>\r\n<p><strong>Navia Rivas de Castro</strong></p>\r\n<p><a href=\"http://www.santiagodecompostela.gal/medi/departamento/atencion_cidadan/Rexistro_Intereses/Ano_2019/Navia_Rivas_de_Castro.pdf\">Declaraci&oacute;n de bens patrimoniais</a></p>\r\n<p><a href=\"http://www.santiagodecompostela.gal/medi/departamento/atencion_cidadan/Rexistro_Intereses/Ano_2019/Navia_Rivas_de_Castro._Declaracion_de_incompatibilidade.pdf\">Declaraci&oacute;n de causas de posible incompatibilidade</a></p>','','','',0,4),(3179,1,'Concelleiros non adscritos','<p><strong>Jos&eacute; Javier Fern&aacute;ndez Mart&iacute;nez</strong></p>\r\n<p><a href=\"http://www.santiagodecompostela.gal/medi/departamento/atencion_cidadan/Rexistro_Intereses/Ano_2019/Navia_Rivas_de_Castro._Declaracion_de_incompatibilidade.pdf\">Declaraci&oacute;n de bens patrimoniais</a></p>\r\n<p><a href=\"http://www.santiagodecompostela.gal/medi/departamento/atencion_cidadan/Rexistro_Intereses/Ano_2019/Jose_J._Fernandez._Declaracion_de_incompatibilidade.pdf\">Declaraci&oacute;n de causas de posible incompatibilidade</a></p>','','','',0,5),(3180,1,'Persoal directivo','<p><strong>SECRETARIO XERAL DO PLENO</strong></p>\r\n<p><strong>Jos&eacute; Ram&oacute;n Alonso Fernandez</strong></p>\r\n<p><a title=\"Declaraci&oacute;n de bens patrimoniais\" href=\"http://www.santiagodecompostela.gal/medi/departamento/atencion_cidadan/Rexistro_Intereses/Ano_2019/Jose_Ramon_Alonso._Delcaracion_de_bens.Xullo_2019.pdf\">Declaraci&oacute;n de bens patrimoniais</a></p>\r\n<p><a title=\"Declaraci&oacute;n de causas de posible incompatibilidade\" href=\"http://www.santiagodecompostela.gal/medi/departamento/atencion_cidadan/Rexistro_Intereses/Ano_2019/Jose_Ramon_Alonso._Causas_incompatibilidade.Xullo_2019.pdf\">Declaraci&oacute;n de causas de posible incompatibilidade</a></p>\r\n<p><strong>VICESECRETARIO&nbsp;</strong></p>\r\n<p><strong>Jos&eacute; Manuel Gonz&aacute;lez Garc&iacute;a</strong></p>\r\n<p><a href=\"http://www.santiagodecompostela.gal/medi/departamento/atencion_cidadan/Rexistro_Intereses/Ano_2019/Jose_Manuel_Gonzalez_Garcia.pdf\">Declaraci&oacute;n de bens patrimoniais</a></p>\r\n<p><a href=\"http://www.santiagodecompostela.gal/medi/departamento/atencion_cidadan/Rexistro_Intereses/Ano_2019/Jose_Manuel_Gonzalez_Garcia._Declaracion_de_incompatibiliade.pdf\">Declaraci&oacute;n de causas de posible incompatibilidade</a></p>\r\n<p><strong>DIRECTOR DA ASESOR&Iacute;A XUR&Iacute;DICA</strong></p>\r\n<p><strong>Manuel Cutr&iacute;n Dominguez</strong></p>\r\n<p><a title=\"Declaraci&oacute;n de bens patrimoniais\" href=\"http://www.santiagodecompostela.gal/medi/departamento/atencion_cidadan/Rexistro_Intereses/Ano_2019/Manuel_Cutrin_Dominguez._Asesoria.pdf\">Declaraci&oacute;n de bens patrimoniais</a></p>\r\n<p><a title=\"Declaraci&oacute;n de causas de posible incompatibilidade\" href=\"http://www.santiagodecompostela.gal/medi/departamento/atencion_cidadan/Rexistro_Intereses/Ano_2019/Manuel_Cutrin_Dominguez._Asesoria._Declaracion_incompatibilidade.pdf\">Declaraci&oacute;n de causas de posible incompatibilidade</a></p>\r\n<p><strong>VICEDIRECTOR DA ASESOR&Iacute;A XUR&Iacute;DICA</strong></p>\r\n<p><strong>Pablo Abu&iacute;n Rat&oacute;n</strong></p>\r\n<p><a title=\"Declaraci&oacute;n de bens patrimoniais\" href=\"http://www.santiagodecompostela.gal/medi/departamento/atencion_cidadan/Rexistro_Intereses/Ano_2019/Pablo_Abuin_Raton._Declaracion_de_bens_patrimoniais.pdf\">Declaraci&oacute;n de bens patrimoniais</a></p>\r\n<p><a title=\"Declaraci&oacute;n de causas de posible incompatibilidade\" href=\"http://www.santiagodecompostela.gal/medi/departamento/atencion_cidadan/Rexistro_Intereses/Ano_2019/Pablo_Abuin_Raton._Causas_de_posible_incompatibilidade.pdf\">Declaraci&oacute;n de causas de posible incompatibilidade</a></p>\r\n<p><strong>DIRECTOR DA &Aacute;REA DE R&Eacute;XIME INTERIOR</strong></p>\r\n<p><strong>Juan Carlos Porr&uacute;a Pardal</strong></p>\r\n<p><a title=\"Declaraci&oacute;n de bens patrimoniais\" href=\"http://www.santiagodecompostela.gal/medi/departamento/atencion_cidadan/Rexistro_Intereses/Ano_2019/Juan_Carlos_Porrua_Pardal._Declaracion_de_bens.pdf\">Declaraci&oacute;n de bens patrimoniais</a></p>\r\n<p><a title=\"Declaraci&oacute;n de causas de posible incompatibilidade\" href=\"http://www.santiagodecompostela.gal/medi/departamento/atencion_cidadan/Rexistro_Intereses/Ano_2019/Juan_Carlos_Porrua_Pardal._Causas_incompatibiliade.pdf\">Declaraci&oacute;n de causas de posible incompatibilidade</a></p>','','','',0,6),(3249,2,'Grupo Municipal do PSdeG-PSOE','<p><strong>Xos&eacute; Antonio S&aacute;nchez Bugallo</strong></p>\r\n<p><a title=\"Declaraci&oacute;n de bienes patrimoniales \" href=\"http://www.santiagodecompostela.gal/medi/departamento/atencion_cidadan/Rexistro_Intereses/Ano_2019/Jose__A._Sanchez_Bugallo.pdf\">Declaraci&oacute;n de bienes patrimoniales </a><br /><a title=\"Declaraci&oacute;n de causas de posible incompatibilidad\" href=\"http://www.santiagodecompostela.gal/medi/departamento/atencion_cidadan/Rexistro_Intereses/Ano_2019/Jose__A._Sanchez_Bugallo._Declaracion_de_incompatibilidade.pdf\">Declaraci&oacute;n de causas de posible incompatibilidad</a></p>\r\n<p><strong>Mercedes Ros&oacute;n Ferreiro</strong></p>\r\n<p><a title=\"Declaraci&oacute;n de bienes patrimoniales \" href=\"http://www.santiagodecompostela.gal/medi/departamento/atencion_cidadan/Rexistro_Intereses/Ano_2019/Mercedes_Roson.pdf\">Declaraci&oacute;n de bienes patrimoniales </a></p>\r\n<p><a title=\"Declaraci&oacute;n de causas de posible incompatibilidad\" href=\"http://www.santiagodecompostela.gal/medi/departamento/atencion_cidadan/Rexistro_Intereses/Ano_2019/Mercedes_Roson._Declaracion_de_incompatibilidade.pdf\">Declaraci&oacute;n de causas de posible incompatibilidad</a></p>\r\n<p><strong>Guimersindo Guinarte Cabada</strong></p>\r\n<p><a title=\"Declaraci&oacute;n de bienes patrimoniales \" href=\"http://www.santiagodecompostela.gal/medi/departamento/atencion_cidadan/Rexistro_Intereses/Ano_2019/Gumersindo_Guinarte.pdf\">Declaraci&oacute;n de bienes patrimoniales </a></p>\r\n<p><a title=\"Declaraci&oacute;n de causas de posible incompatibilidad\" href=\"http://www.santiagodecompostela.gal/medi/departamento/atencion_cidadan/Rexistro_Intereses/Ano_2019/Gumersindo_Guinarte._Declaracion_de_incompatibilidade.pdf\">Declaraci&oacute;n de causas de posible incompatibilidad</a></p>\r\n<p><strong>Mar&iacute;a Milagros Castro S&aacute;nchez</strong></p>\r\n<p><a title=\"Declaraci&oacute;n de bienes patrimoniales \" href=\"http://www.santiagodecompostela.gal/medi/departamento/atencion_cidadan/Rexistro_Intereses/Ano_2019/Milagros_Castro.pdf\">Declaraci&oacute;n de bienes patrimoniales </a></p>\r\n<p><a title=\"Declaraci&oacute;n de causas de posible incompatibilidad\" href=\"http://www.santiagodecompostela.gal/medi/departamento/atencion_cidadan/Rexistro_Intereses/Ano_2019/Milagros_Castro._Declaracion_de_incompatibilidade.pdf\">Declaraci&oacute;n de causas de posible incompatibilidad</a></p>\r\n<p><strong>Gonzalo Mu&iacute;&ntilde;os S&aacute;nchez</strong></p>\r\n<p><a title=\"Declaraci&oacute;n de bienes patrimoniales \" href=\"http://www.santiagodecompostela.gal/medi/departamento/atencion_cidadan/Rexistro_Intereses/Ano_2019/Gonzalo_Muinos.pdf\">Declaraci&oacute;n de bienes patrimoniales </a></p>\r\n<p><a title=\"Declaraci&oacute;n de causas de posible incompatibilidad\" href=\"http://www.santiagodecompostela.gal/medi/departamento/atencion_cidadan/Rexistro_Intereses/Ano_2019/Gonzalo_Muinos._Declaracion_de_incompatibilidade.pdf\">Declaraci&oacute;n de causas de posible incompatibilidad</a></p>\r\n<p><strong>Marta Abal Rodr&iacute;guez</strong></p>\r\n<p><a title=\"Declaraci&oacute;n de bienes patrimoniales \" href=\"http://www.santiagodecompostela.gal/medi/departamento/atencion_cidadan/Rexistro_Intereses/Ano_2019/Marta_Abal.pdf\">Declaraci&oacute;n de bienes patrimoniales </a></p>\r\n<p><a title=\"Declaraci&oacute;n de causas de posible incompatibilidad\" href=\"http://www.santiagodecompostela.gal/medi/departamento/atencion_cidadan/Rexistro_Intereses/Ano_2019/Marta_Abal._Declaracion_de_incompatibilidade.pdf\">Declaraci&oacute;n de causas de posible incompatibilidad</a></p>\r\n<p><strong>Jos&eacute; Manuel Pichel Pati&ntilde;o</strong></p>\r\n<p><a title=\"Declaraci&oacute;n de bienes patrimoniales \" href=\"http://www.santiagodecompostela.gal/medi/departamento/atencion_cidadan/Rexistro_Intereses/Ano_2019/Jose_Manuel_Pichel.pdf\">Declaraci&oacute;n de bienes patrimoniales </a></p>\r\n<p><a title=\"Declaraci&oacute;n de causas de posible incompatibilidad\" href=\"http://www.santiagodecompostela.gal/medi/departamento/atencion_cidadan/Rexistro_Intereses/Ano_2019/Jose_Manuel_Pichel._Declaracion_de_incompatibilidade.pdf\">Declaraci&oacute;n de causas de posible incompatibilidad</a></p>\r\n<p><a title=\"Declaraci&oacute;n final de causas de posible incompatibilidad y de bienes patrimoniales\" href=\"http://www.santiagodecompostela.gal/medi/departamento/atencion_cidadan/Rexistro_Intereses/Ano_2019/Jose_Manuel_Pichel_Patino._Declaracion_final.pdf\">Declaraci&oacute;n final de causas de posible incompatibilidad y de bienes patrimoniales</a></p>\r\n<p><strong>Noa Susana D&iacute;az Varela</strong></p>\r\n<p><a title=\"Declaraci&oacute;n de bienes patrimoniales \" href=\"http://www.santiagodecompostela.gal/medi/departamento/atencion_cidadan/Rexistro_Intereses/Ano_2019/Noa_Diaz.pdf\">Declaraci&oacute;n de bienes patrimoniales </a></p>\r\n<p><a title=\"Declaraci&oacute;n de causas de posible incompatibilidad\" href=\"http://www.santiagodecompostela.gal/medi/departamento/atencion_cidadan/Rexistro_Intereses/Ano_2019/Noa_Diaz._Declaracion_de_incompatibilidade.pdf\">Declaraci&oacute;n de causas de posible incompatibilidad</a></p>\r\n<p><a title=\"Declaraci&oacute;n final de causas de posible incompatibilidad y de bienes patrimoniales\" href=\"http://www.santiagodecompostela.gal/medi/departamento/atencion_cidadan/Rexistro_Intereses/Ano_2019/Noa_Diaz._Declaracion_final.pdf\">Declaraci&oacute;n final de causas de posible incompatibilidad y de bienes patrimoniales</a></p>\r\n<p><strong>Mar&iacute;a Esther Pedrosa Carrete</strong></p>\r\n<p><a title=\"Declaraci&oacute;n final de causas de posible incompatibilidad y de bienes patrimoniales\" href=\"http://www.santiagodecompostela.gal/medi/departamento/atencion_cidadan/Rexistro_Intereses/Ano_2019/Esther_Pedrosa._10_de_julio_de_2019.pdf\">Declaraci&oacute;n final de causas de posible incompatibilidad y de bienes patrimoniales</a></p>\r\n<p><strong>Rub&eacute;n Prol Mari&ntilde;o</strong></p>\r\n<p><a title=\"Declaraci&oacute;n de bienes patrimoniales \" href=\"http://www.santiagodecompostela.gal/medi/departamento/atencion_cidadan/Rexistro_Intereses/Ano_2019/Ruben_Prol_Marino.pdf\">Declaraci&oacute;n de bienes patrimoniales </a></p>\r\n<p><a title=\"Declaraci&oacute;n de causas de posible incompatibilidad\" href=\"http://www.santiagodecompostela.gal/medi/departamento/atencion_cidadan/Rexistro_Intereses/Ano_2019/Ruben_Prol_Marino._Declaracion_de_incompatibilidade.pdf\">Declaraci&oacute;n de causas de posible incompatibilidad</a></p>\r\n<p><strong>Mar&iacute;a Bego&ntilde;a Rodr&iacute;guez Rodr&iacute;guez</strong></p>\r\n<p><a title=\"Declaraci&oacute;n de bienes patrimoniales \" href=\"http://www.santiagodecompostela.gal/medi/departamento/atencion_cidadan/Rexistro_Intereses/Ano_2019/M_Begona._Declaracion_de_bens_patrinoniais.pdf\">Declaraci&oacute;n de bienes patrimoniales </a></p>\r\n<p>&nbsp;<a title=\"Declaraci&oacute;n de causas de posible incompatibilidad\" href=\"http://www.santiagodecompostela.gal/medi/departamento/atencion_cidadan/Rexistro_Intereses/Ano_2019/M_Begona_Rodriguez_Rodriguez._Declaracion_causas_incompatibilidade.pdf\">Declaraci&oacute;n de causas de posible incompatibilidad</a></p>\r\n<p>&nbsp;</p>\r\n<h3>&nbsp;</h3>','','','',0,1),(3250,2,'Grupo Municipal do PSdeG-PSOE','<p><strong>Xos&eacute; Antonio S&aacute;nchez Bugallo</strong></p>\r\n<p><a title=\"Declaraci&oacute;n de bienes patrimoniales \" href=\"http://www.santiagodecompostela.gal/medi/departamento/atencion_cidadan/Rexistro_Intereses/Ano_2019/Jose__A._Sanchez_Bugallo.pdf\">Declaraci&oacute;n de bienes patrimoniales </a></p>\r\n<p><a title=\"Declaraci&oacute;n de causas de posible incompatibilidad\" href=\"http://www.santiagodecompostela.gal/medi/departamento/atencion_cidadan/Rexistro_Intereses/Ano_2019/Jose__A._Sanchez_Bugallo._Declaracion_de_incompatibilidade.pdf\">Declaraci&oacute;n de causas de posible incompatibilidad</a></p>\r\n<p><strong>Mercedes Ros&oacute;n Ferreiro</strong></p>','','','',0,2),(3251,2,'Grupo Municipal do PP','<p><strong>Alejandro S&aacute;nchez-Brunete Varela</strong></p>\r\n<p><a title=\"Declaraci&oacute;n de bienes patrimoniales\" href=\"http://www.santiagodecompostela.gal/medi/departamento/atencion_cidadan/Rexistro_Intereses/Ano_2019/Alejandro_Sanchez_Brunete.pdf\">Declaraci&oacute;n de bienes patrimoniales</a></p>\r\n<p><a title=\"Declaraci&oacute;n de causas de posible incompatibilidad\" href=\"http://www.santiagodecompostela.gal/medi/departamento/atencion_cidadan/Rexistro_Intereses/Ano_2019/Alejandro_Sanchez_Brunete._Declaracion_de_incompatibilidade.pdf\">Declaraci&oacute;n de causas de posible incompatibilidad</a></p>\r\n<p><strong>Ana Bel&eacute;n Sabel Iglesias</strong></p>\r\n<p><a title=\"Declaraci&oacute;n de bienes patrimoniales\" href=\"http://www.santiagodecompostela.gal/medi/departamento/atencion_cidadan/Rexistro_Intereses/Ano_2019/Ana_Belen_Sabel.pdf\">Declaraci&oacute;n de bienes patrimoniales</a></p>\r\n<p><a title=\"Declaraci&oacute;n de causas de posible incompatibilidad\" href=\"http://www.santiagodecompostela.gal/medi/departamento/atencion_cidadan/Rexistro_Intereses/Ano_2019/Ana_Belen_Sabel._Declaracion_de_incompatibilidade.pdf\">Declaraci&oacute;n de causas de posible incompatibilidad</a></p>\r\n<p><a href=\"http://www.santiagodecompostela.gal/medi/departamento/atencion_cidadan/Rexistro_Intereses/Ano_2019/Ana_Belen_Sabel_Iglesias._Modificacion_declaracion_de_incompatibilidade.pdf\">Modificaci&oacute;n de declaraci&oacute;n de causas de posible incompatibilidad</a></p>\r\n<p><a title=\"Declaraci&oacute;n final de bienes patrimoniales\" href=\"http://www.santiagodecompostela.gal/medi/departamento/atencion_cidadan/Rexistro_Intereses/Ano_2019/Ana_Belen_Sabel_Iglesias._Declaracion_final_de_bens_patrimoniais.pdf\">Declaraci&oacute;n final de bienes patrimoniales</a></p>\r\n<p><a title=\"Declaraci&oacute;n final de causas de posible incompatibilidad\" href=\"http://www.santiagodecompostela.gal/medi/departamento/atencion_cidadan/Rexistro_Intereses/Ano_2019/Ana_Belen_Sabel_Iglesias.__Declaracion_fianl_incompatiblidade.pdf\">Declaraci&oacute;n final de causas de posible incompatibilidad</a></p>\r\n<p><strong>Mar&iacute;a &Aacute;ngeles Ant&oacute;n Vilas&aacute;nchez</strong></p>\r\n<p><a title=\"Declaraci&oacute;n de bienes patrimoniales\" href=\"http://www.santiagodecompostela.gal/medi/departamento/atencion_cidadan/Rexistro_Intereses/Ano_2019/M_Angeles_Anton.pdf\">Declaraci&oacute;n de bienes patrimoniales</a></p>\r\n<p><a title=\"Declaraci&oacute;n de causas de posible incompatibilidad\" href=\"http://www.santiagodecompostela.gal/medi/departamento/atencion_cidadan/Rexistro_Intereses/Ano_2019/M_Angeles_Anton._Declaracion_de_incompatibilidade.pdf\">Declaraci&oacute;n de causas de posible incompatibilidad</a></p>\r\n<p><strong>Jos&eacute; Antonio Constenla Ramos</strong></p>\r\n<p><a title=\"Declaraci&oacute;n de bienes patrimoniales\" href=\"http://www.santiagodecompostela.gal/medi/departamento/atencion_cidadan/Rexistro_Intereses/Ano_2019/Jose_Antonio_Constenla.pdf\">Declaraci&oacute;n de bienes patrimoniales</a></p>\r\n<p><a title=\"Declaraci&oacute;n de causas de posible incompatibilidad\" href=\"http://www.santiagodecompostela.gal/medi/departamento/atencion_cidadan/Rexistro_Intereses/Ano_2019/Jose_Antonio_Constenla._Declaracion_de_incompatibilidade.pdf\">Declaraci&oacute;n de causas de posible incompatibilidad</a></p>\r\n<p><strong>Evaristo Ben Otero</strong></p>\r\n<p><a title=\"Declaraci&oacute;n de bienes patrimoniales\" href=\"http://www.santiagodecompostela.gal/medi/departamento/atencion_cidadan/Rexistro_Intereses/Ano_2019/Evaristo_Ben.pdf\">Declaraci&oacute;n de bienes patrimoniales</a></p>\r\n<p><a title=\"Declaraci&oacute;n de causas de posible incompatibilidad\" href=\"http://www.santiagodecompostela.gal/medi/departamento/atencion_cidadan/Rexistro_Intereses/Ano_2019/Evaristo_Ben._Declaracion_de_incompatibilidade.pdf\">Declaraci&oacute;n de causas de posible incompatibilidad</a></p>\r\n<p><strong>Ram&oacute;n de Jes&uacute;s Quiroga Limia</strong></p>\r\n<p><a title=\"Declaraci&oacute;n de bienes patrimoniales\" href=\"http://www.santiagodecompostela.gal/medi/departamento/atencion_cidadan/Rexistro_Intereses/Ano_2019/Ramon_Quiroga.pdf\">Declaraci&oacute;n de bienes patrimoniales</a></p>\r\n<p><a title=\"Declaraci&oacute;n de causas de posible incompatibilidad\" href=\"http://www.santiagodecompostela.gal/medi/departamento/atencion_cidadan/Rexistro_Intereses/Ano_2019/Ramon_Quiroga._Declaracion_de_incompatibilidade.pdf\">Declaraci&oacute;n de causas de posible incompatibilidad</a></p>\r\n<p><a href=\"http://www.santiagodecompostela.gal/medi/departamento/atencion_cidadan/Rexistro_Intereses/Ano_2019/Ramon_Quiroga._Modificacion_declaracion_incompatibilidade.pdf\">Modificaci&oacute;n de la declaraci&oacute;n de causas de posible incompatibilidad</a></p>\r\n<p><strong>Beatriz Cigarr&aacute;n Vicente</strong></p>\r\n<p><a title=\"Declaraci&oacute;n de bienes patrimoniales\" href=\"http://www.santiagodecompostela.gal/medi/departamento/atencion_cidadan/Rexistro_Intereses/Ano_2019/Beatriz_Cigarran.pdf\">Declaraci&oacute;n de bienes patrimoniales</a></p>\r\n<p><a title=\"Declaraci&oacute;n de causas de posible incompatibilidad\" href=\"http://www.santiagodecompostela.gal/medi/departamento/atencion_cidadan/Rexistro_Intereses/Ano_2019/Beatriz_Cigarran._Declaracion_de_incompatibilidade.pdf\">Declaraci&oacute;n de causas de posible incompatibilidad</a></p>\r\n<p><strong>Mar&iacute;a Castelao Torres</strong></p>\r\n<p><a title=\"Declaraci&oacute;n de bienes patrimoniales\" href=\"http://www.santiagodecompostela.gal/medi/departamento/atencion_cidadan/Rexistro_Intereses/Ano_2019/Maria_Castelao_Torres._Declaracion_de_bens.pdf\">Declaraci&oacute;n de bienes patrimoniales</a></p>\r\n<p><a title=\"Declaraci&oacute;n de causas de posible incompatibilidad\" href=\"http://www.santiagodecompostela.gal/medi/departamento/atencion_cidadan/Rexistro_Intereses/Ano_2019/Maria_Castelao_Torres._Declaracion_de_incompatibilidade.pdf\">Declaraci&oacute;n de causas de posible incompatibilidad</a></p>\r\n<p><strong>Pedro Rey Sanchiz</strong></p>\r\n<p><a title=\"Declaraci&oacute;n de bienes patrimoniales\" href=\"http://www.santiagodecompostela.gal/medi/departamento/atencion_cidadan/Rexistro_Intereses/Ano_2019/Pedro_Jose_Rey_Sanchiz._Declaracion_de_bens_patrimoniais.pdf\">Declaraci&oacute;n de bienes patrimoniales</a></p>\r\n<p><a title=\"Declaraci&oacute;n de causas de posible incompatibilidad\" href=\"http://www.santiagodecompostela.gal/medi/departamento/atencion_cidadan/Rexistro_Intereses/Ano_2019/Pedro_Jose_Rey_Sanchiz._Posibles_causas_de_incompatibilidade.pdf\">Declaraci&oacute;n de causas de posible incompatibilidad</a></p>\r\n<p>&nbsp;<strong>Agust&iacute;n Hern&aacute;ndez Fern&aacute;ndez de Rojas</strong></p>\r\n<p><a title=\"Declaraci&oacute;n de bienes patrimoniales\" href=\"http://www.santiagodecompostela.gal/medi/departamento/atencion_cidadan/Rexistro_Intereses/Ano_2019/Agustin_Hernandez.pdf\">Declaraci&oacute;n de bienes patrimoniales</a></p>\r\n<p><a title=\"Declaraci&oacute;n de causas de posible incompatibilidad\" href=\"http://www.santiagodecompostela.gal/medi/departamento/atencion_cidadan/Rexistro_Intereses/Ano_2019/Agustin_Hernandez._Declaracion_de_incompatibilidade.pdf\">Declaraci&oacute;n de causas de posible incompatibilidad</a></p>\r\n<p><a title=\"Declaraci&oacute;n final de causas de posible incompatibilidad y de bienes patrimoniales\" href=\"http://www.santiagodecompostela.gal/medi/departamento/atencion_cidadan/Rexistro_Intereses/Ano_2019/Declaracion_final_Agustin_Hernandez.pdf\">Declaraci&oacute;n final de causas de posible incompatibilidad y de bienes patrimoniales</a></p>','','','',0,3),(3252,2,'','','','','',0,4),(3253,2,'Grupo Municipal de CA','<p><strong>Marti&ntilde;o Noriega S&aacute;nchez</strong></p>\r\n<p><a title=\"Declaraci&oacute;n de bienes patrimoniales\" href=\"http://www.santiagodecompostela.gal/medi/departamento/atencion_cidadan/Rexistro_Intereses/Ano_2019/Martino_Noniega.pdf\">Declaraci&oacute;n de bienes patrimoniales</a></p>\r\n<p><a title=\"Declaraci&oacute;n de causas de posible incompatibilidad\" href=\"http://www.santiagodecompostela.gal/medi/departamento/atencion_cidadan/Rexistro_Intereses/Ano_2019/Martino_Noniega._Declaracion_de_incompatibilidade.pdf\">Declaraci&oacute;n de causas de posible incompatibilidad</a></p>\r\n<p><a title=\"Declaraci&oacute;n final de bienes patrimoniales y de causas de posible incompatibilidad\" href=\"http://www.santiagodecompostela.gal/medi/departamento/atencion_cidadan/Rexistro_Intereses/Ano_2019/Martino_Noriega._Declaracion_fianl.pdf\">Declaraci&oacute;n final de bienes patrimoniales y de causas de posible incompatibilidad</a></p>\r\n<p><strong>Branca Petra Novo Rey</strong></p>\r\n<p><a title=\"Declaraci&oacute;n de bienes patrimoniales\" href=\"http://www.santiagodecompostela.gal/medi/departamento/atencion_cidadan/Rexistro_Intereses/Ano_2019/Branca_Novo.pdf\">Declaraci&oacute;n de bienes patrimoniales</a></p>\r\n<p><a title=\"Declaraci&oacute;n de causas de posible incompatibilidad\" href=\"http://www.santiagodecompostela.gal/medi/departamento/atencion_cidadan/Rexistro_Intereses/Ano_2019/Branca_Novo._Declaracion_de_incompatibilidade.pdf\">Declaraci&oacute;n de causas de posible incompatibilidad</a></p>\r\n<p><strong>Rafael Pe&ntilde;a Vidal</strong></p>\r\n<p><a title=\"Declaraci&oacute;n de bienes patrimoniales\" href=\"http://www.santiagodecompostela.gal/medi/departamento/atencion_cidadan/Rexistro_Intereses/Ano_2019/Rafael_Pena.pdf\">Declaraci&oacute;n de bienes patrimoniales</a></p>\r\n<p><a title=\"Declaraci&oacute;n de causas de posible incompatibilidad\" href=\"http://www.santiagodecompostela.gal/medi/departamento/atencion_cidadan/Rexistro_Intereses/Ano_2019/Rafael_Pena._Declaracion_de_incompatibilidade.pdf\">Declaraci&oacute;n de causas de posible incompatibilidad</a></p>\r\n<p><a title=\"Declaraci&oacute;n final de bienes patrimoniales y de causas de posible incompatibilidad\" href=\"http://www.santiagodecompostela.gal/medi/departamento/atencion_cidadan/Rexistro_Intereses/Ano_2019/Rafael_Pena._Declaracion_final.pdf\">Declaraci&oacute;n final de bienes patrimoniales y de causas de posible incompatibilidad</a></p>\r\n<p><strong>Marta Irene Lois Gonz&aacute;lez</strong></p>\r\n<p><a title=\"Declaraci&oacute;n de bienes patrimoniales\" href=\"http://www.santiagodecompostela.gal/medi/departamento/atencion_cidadan/Rexistro_Intereses/Ano_2019/Marta_Lois.pdf\">Declaraci&oacute;n de bienes patrimoniales</a></p>\r\n<p><a title=\"Declaraci&oacute;n de causas de posible incompatibilidad\" href=\"http://www.santiagodecompostela.gal/medi/departamento/atencion_cidadan/Rexistro_Intereses/Ano_2019/Marta_Lois._Declaracion_de_incompatibilidade.pdf\">Declaraci&oacute;n de causas de posible incompatibilidad</a></p>\r\n<p>&nbsp;<strong>Jorge Carlos Duarte V&aacute;zquez</strong></p>\r\n<p><a title=\"Declaraci&oacute;n de bienes patrimoniales\" href=\"http://www.santiagodecompostela.gal/medi/departamento/atencion_cidadan/Rexistro_Intereses/Ano_2019/Jorge_Duarte.pdf\">Declaraci&oacute;n de bienes patrimoniales</a></p>\r\n<p><a title=\"Declaraci&oacute;n de causas de posible incompatibilidad\" href=\"http://www.santiagodecompostela.gal/medi/departamento/atencion_cidadan/Rexistro_Intereses/Ano_2019/Jorge_Duarte._Declaracion_de_incompatibilidade.pdf\">Declaraci&oacute;n de causas de posible incompatibilidad</a></p>\r\n<p><strong>Mar&iacute;a Rozas P&eacute;rez</strong></p>\r\n<p><a title=\"Declaraci&oacute;n de bienes patrimoniales\" href=\"http://www.santiagodecompostela.gal/medi/departamento/atencion_cidadan/Rexistro_Intereses/Ano_2019/Maria_Rozas._Declaracion_de_bens_patrimoniais.pdf\">Declaraci&oacute;n de bienes patrimoniales</a></p>\r\n<p><a title=\"Declaraci&oacute;n de causas de posible incompatibilidad\" href=\"http://www.santiagodecompostela.gal/medi/departamento/atencion_cidadan/Rexistro_Intereses/Ano_2019/Maria_Rozas._Declaracion_incompatibilidade.pdf\">Declaraci&oacute;n de causas de posible incompatibilidad</a></p>\r\n<p><strong>Xan Duro Fern&aacute;ndez</strong></p>\r\n<p><a title=\"Declaraci&oacute;n de bienes patrimoniales\" href=\"http://www.santiagodecompostela.gal/medi/departamento/atencion_cidadan/Rexistro_Intereses/Ano_2019/Xan_Duro._Declaracion_de_bens_patrimoniais.pdf\">Declaraci&oacute;n de bienes patrimoniales</a></p>\r\n<p><a href=\"http://www.santiagodecompostela.gal/medi/departamento/atencion_cidadan/Rexistro_Intereses/Ano_2019/Xan_Duro._Declaracion_incompatibilidade.pdf\">Declaraci&oacute;n de causas de posible incompatibilidad</a></p>','','','',0,5),(3254,2,'Grupo Municipal do BNG','<p><strong>Mar&iacute;a Goretti Sanmart&iacute;n Rei</strong></p>\r\n<p><a title=\"Declaraci&oacute;n de bienes patrimoniales\" href=\"http://www.santiagodecompostela.gal/medi/departamento/atencion_cidadan/Rexistro_Intereses/Ano_2019/M_Goretti_Sanmartin.pdf\">Declaraci&oacute;n de bienes patrimoniales</a></p>\r\n<p><a title=\"Declaraci&oacute;n de causas de posible incompatibilidad\" href=\"http://www.santiagodecompostela.gal/medi/departamento/atencion_cidadan/Rexistro_Intereses/Ano_2019/M_Goretti_Sanmartin._Declaracion_de_incompatibilidade.pdf\">Declaraci&oacute;n de causas de posible incompatibilidad</a></p>\r\n<p><strong>Navia Rivas de Castro</strong></p>\r\n<p><a title=\"Declaraci&oacute;n de bienes patrimoniales\" href=\"http://www.santiagodecompostela.gal/medi/departamento/atencion_cidadan/Rexistro_Intereses/Ano_2019/Navia_Rivas_de_Castro.pdf\">Declaraci&oacute;n de bienes patrimoniales</a></p>\r\n<p><a title=\"Declaraci&oacute;n de causas de posible incompatibilidad\" href=\"http://www.santiagodecompostela.gal/medi/departamento/atencion_cidadan/Rexistro_Intereses/Ano_2019/Navia_Rivas_de_Castro._Declaracion_de_incompatibilidade.pdf\">Declaraci&oacute;n de causas de posible incompatibilidad</a></p>','','','',0,6),(3255,2,'Concelleiros non adscritos','<p><strong>Jos&eacute; Javier Fern&aacute;ndez Mart&iacute;nez</strong></p>\r\n<p><a title=\"Declaraci&oacute;n de bienes patrimoniales\" href=\"http://www.santiagodecompostela.gal/medi/departamento/atencion_cidadan/Rexistro_Intereses/Ano_2019/Navia_Rivas_de_Castro._Declaracion_de_incompatibilidade.pdf\">Declaraci&oacute;n de bienes patrimoniales</a></p>\r\n<p><a title=\"Declaraci&oacute;n de causas de posible incompatibilidad\" href=\"http://www.santiagodecompostela.gal/medi/departamento/atencion_cidadan/Rexistro_Intereses/Ano_2019/Jose_J._Fernandez._Declaracion_de_incompatibilidade.pdf\">Declaraci&oacute;n de causas de posible incompatibilidad</a></p>','','','',0,7),(3256,2,'Persoal directivo','<p><strong>SECRETARIO XERAL DO PLENO</strong></p>\r\n<p><strong>Jos&eacute; Ram&oacute;n Alonso Fernandez</strong></p>\r\n<p><a title=\"Declaraci&oacute;n de bienes patrimoniales\" href=\"http://www.santiagodecompostela.gal/medi/departamento/atencion_cidadan/Rexistro_Intereses/Ano_2019/Jose_Ramon_Alonso._Delcaracion_de_bens.Xullo_2019.pdf\">Declaraci&oacute;n de bienes patrimoniales</a></p>\r\n<p><a title=\"Declaraci&oacute;n de causas de posible incompatibilidad\" href=\"http://www.santiagodecompostela.gal/medi/departamento/atencion_cidadan/Rexistro_Intereses/Ano_2019/Jose_Ramon_Alonso._Causas_incompatibilidade.Xullo_2019.pdf\">Declaraci&oacute;n de causas de posible incompatibilidad</a></p>\r\n<p><strong>VICESECRETARIO&nbsp;</strong></p>\r\n<p><strong>Jos&eacute; Manuel Gonz&aacute;lez Garc&iacute;a</strong></p>\r\n<p><a title=\"Declaraci&oacute;n de bienes patrimoniales\" href=\"http://www.santiagodecompostela.gal/medi/departamento/atencion_cidadan/Rexistro_Intereses/Ano_2019/Jose_Manuel_Gonzalez_Garcia.pdf\">Declaraci&oacute;n de bienes patrimoniales</a></p>\r\n<p><a title=\"Declaraci&oacute;n de causas de posible incompatibilidad\" href=\"http://www.santiagodecompostela.gal/medi/departamento/atencion_cidadan/Rexistro_Intereses/Ano_2019/Jose_Manuel_Gonzalez_Garcia._Declaracion_de_incompatibiliade.pdf\">Declaraci&oacute;n de causas de posible incompatibilidad</a></p>\r\n<p><strong>DIRECTOR DA ASESOR&Iacute;A XUR&Iacute;DICA</strong></p>\r\n<p><strong>Manuel Cutr&iacute;n Dominguez</strong></p>\r\n<p><a title=\"Declaraci&oacute;n de bienes patrimoniales\" href=\"http://www.santiagodecompostela.gal/medi/departamento/atencion_cidadan/Rexistro_Intereses/Ano_2019/Manuel_Cutrin_Dominguez._Asesoria.pdf\">Declaraci&oacute;n de bienes patrimoniales</a></p>\r\n<p><a title=\"Declaraci&oacute;n de causas de posible incompatibilidad\" href=\"http://www.santiagodecompostela.gal/medi/departamento/atencion_cidadan/Rexistro_Intereses/Ano_2019/Manuel_Cutrin_Dominguez._Asesoria._Declaracion_incompatibilidade.pdf\">Declaraci&oacute;n de causas de posible incompatibilidad</a></p>\r\n<p><strong>VICEDIRECTOR DA ASESOR&Iacute;A XUR&Iacute;DICA</strong></p>\r\n<p><strong>Pablo Abu&iacute;n Rat&oacute;n</strong></p>\r\n<p><a title=\"Declaraci&oacute;n de bienes patrimoniales\" href=\"http://www.santiagodecompostela.gal/medi/departamento/atencion_cidadan/Rexistro_Intereses/Ano_2019/Pablo_Abuin_Raton._Declaracion_de_bens_patrimoniais.pdf\">Declaraci&oacute;n de bienes patrimoniales</a></p>\r\n<p><a title=\"Declaraci&oacute;n de causas de posible incompatibilidad\" href=\"http://www.santiagodecompostela.gal/medi/departamento/atencion_cidadan/Rexistro_Intereses/Ano_2019/Pablo_Abuin_Raton._Causas_de_posible_incompatibilidade.pdf\">Declaraci&oacute;n de causas de posible incompatibilidad</a></p>\r\n<p><strong>DIRECTOR DA &Aacute;REA DE R&Eacute;XIME INTERIOR</strong></p>\r\n<p><strong>Juan Carlos Porr&uacute;a Pardal</strong></p>\r\n<p><a title=\"Declaraci&oacute;n de bienes patrimoniales\" href=\"http://www.santiagodecompostela.gal/medi/departamento/atencion_cidadan/Rexistro_Intereses/Ano_2019/Juan_Carlos_Porrua_Pardal._Declaracion_de_bens.pdf\">Declaraci&oacute;n de bienes patrimoniales</a></p>\r\n<p><a title=\"Declaraci&oacute;n de causas de posible incompatibilidad\" href=\"http://www.santiagodecompostela.gal/medi/departamento/atencion_cidadan/Rexistro_Intereses/Ano_2019/Juan_Carlos_Porrua_Pardal._Causas_incompatibiliade.pdf\">Declaraci&oacute;n de causas de posible incompatibilidad</a></p>','','','',0,8),(3262,1,'','<p>O parque de reciclaxe ou \"punto limpo\" &eacute; un centro de uso voluntario equipado con colectores espec&iacute;ficos, capacitados para recibir e almacenar residuos dos particulares coa excepci&oacute;n do lixo dom&eacute;stico.&nbsp;</p>\r\n<p><strong>Horario e d&iacute;as de apertura:</strong></p>\r\n<ul>\r\n<li>De luns a venres:&nbsp;de&nbsp;10:50 h&nbsp;a 14:00 h e de 16:00 h a 19:50&nbsp;h.</li>\r\n<li>S&aacute;bados:&nbsp;de&nbsp;10:50 h&nbsp;a 18:00 h</li>\r\n</ul>','','','',0,1),(3263,1,'RESIDUOS ADMISIBLES','<div><strong>Entullos:</strong></div>\r\n<ul>\r\n<li>Entullos de obras menores domiciliarias.</li>\r\n</ul>\r\n<p><strong>Mobles:</strong></p>\r\n<ul>\r\n<li>Mobles de uso com&uacute;n, non met&aacute;licos.</li>\r\n<li>M&aacute;ximo: 2 unidades de cada tipolox&iacute;a.</li>\r\n</ul>\r\n<p><strong>Metais:</strong></p>\r\n<ul>\r\n<li>Aluminio e outros.</li>\r\n<li>Produci&oacute;n dom&eacute;stica.</li>\r\n</ul>\r\n<div><strong>Voluminosos (colch&oacute;ns).</strong></div>\r\n<p><strong>Outros voluminosos (madeira):</strong></p>\r\n<ul>\r\n<li>M&aacute;ximo: 1 metro c&uacute;bico.</li>\r\n<li>Pal&eacute;s de madeira: 2 unidades (m&aacute;ximo)</li>\r\n</ul>\r\n<p><strong>Material electr&oacute;nico:</strong></p>\r\n<ul>\r\n<li>Ordenadores e en xeral aparellos electr&oacute;nicos.</li>\r\n<li>M&aacute;ximo: 1 unidade de cada tipolox&iacute;a.</li>\r\n</ul>\r\n<p><strong>Electrodom&eacute;sticos li&ntilde;a branca:</strong></p>\r\n<ul>\r\n<li>Lavadoras, lavalouzas, neveiras, conxeladores, secadoras, etc.</li>\r\n<li>M&aacute;ximo: 1 unidade de cada tipolox&iacute;a.</li>\r\n</ul>\r\n<p><strong>Electrodom&eacute;sticos li&ntilde;a marr&oacute;n:</strong></p>\r\n<ul>\r\n<li>Televisi&oacute;ns, v&iacute;deos, cadeas de m&uacute;sica, etc.</li>\r\n<li>M&aacute;ximo: 1 unidade de cada tipolox&iacute;a.</li>\r\n</ul>\r\n<p><strong>Pneum&aacute;ticos:</strong></p>\r\n<ul>\r\n<li>M&aacute;ximo: 4 unidades.</li>\r\n</ul>\r\n<p><strong>Restos de poda: </strong></p>\r\n<ul>\r\n<li>Producci&oacute;n dom&eacute;stica.</li>\r\n<li>M&aacute;ximo: 960 litros.</li>\r\n</ul>\r\n<p><strong>Vidro:</strong></p>\r\n<ul>\r\n<li>Producci&oacute;n dom&eacute;stica.</li>\r\n</ul>\r\n<p><strong>Envases, latas e briks:</strong></p>\r\n<ul>\r\n<li>Producci&oacute;n dom&eacute;stica.</li>\r\n</ul>\r\n<p><strong>Papel e cart&oacute;n:</strong></p>\r\n<ul>\r\n<li>M&aacute;ximo: 25 quilogramos.</li>\r\n</ul>\r\n<p><strong>Bater&iacute;as:&nbsp;</strong></p>\r\n<ul>\r\n<li>M&aacute;ximo: 1 unidade.</li>\r\n</ul>\r\n<p><strong>Pilas:</strong></p>\r\n<ul>\r\n<li>Producci&oacute;n dom&eacute;stica.</li>\r\n<li>Non se admiten as procedentes de industrias ou empresas.</li>\r\n</ul>\r\n<p><strong>Fluorescentes:</strong></p>\r\n<ul>\r\n<li>M&aacute;ximo: 4 unidades.</li>\r\n</ul>\r\n<p><strong>Aerosis:</strong></p>\r\n<ul>\r\n<li>M&aacute;ximo: 10 envases.</li>\r\n</ul>\r\n<p><strong>Aceites vexetais procedentes de consumo alimentario:</strong></p>\r\n<ul>\r\n<li>M&aacute;ximo: 10 litros.</li>\r\n</ul>\r\n<p><strong>Aceites minerais e sint&eacute;ticos:</strong></p>\r\n<ul>\r\n<li>M&aacute;ximo: 10 litros.</li>\r\n</ul>\r\n<div><strong>Pinturas, vernices, disolventes.</strong></div>\r\n<div><strong>Roupa e t&eacute;xtiles.</strong></div>\r\n<div><strong>Cristais planos, tipo parabrisas, vent&aacute;s e l&aacute;mpadas.</strong></div>\r\n<div>&nbsp;</div>','','','',0,2),(3264,1,'RESIDUOS NON ADMISIBLES','<ul>\r\n<li>Lixos urbanos org&aacute;nicos.</li>\r\n<li>Materiais explosivos.</li>\r\n<li>Medicamentos (xaropes, vacinas, etc.)</li>\r\n<li>Residuos infecciosos.</li>\r\n<li>Residuos cl&iacute;nicos.</li>\r\n<li>Residuos radioactivos.</li>\r\n<li>Recipientes voluminosos (volume superior a 30 litros), que contiveron residuos perigrosos.</li>\r\n<li>Residuos sen identificar.</li>\r\n<li>Residuos non identificables in situ.</li>\r\n<li>Outros residuos perigrosos ou non, non inclu&iacute;dos na relaci&oacute;n de admisibles.</li>\r\n</ul>','','','',0,3),(3265,1,'ENDEREZOS','<p><strong>POL&Iacute;GONO DO TAMBRE&nbsp;</strong><br />V&iacute;a Edison, 46 - &nbsp;Santiago de Compostela.&nbsp;Tel&eacute;fono:. 981 564 894</p>\r\n<p><strong>FIGUEIRAS - PI&Ntilde;OR</strong><br />Figueiras - Pi&ntilde;or - Santiago de Compostela.&nbsp;Tel&eacute;fono: 620 148 310</p>','','','',0,4),(3266,1,'RECOLLIDA DE VOLUMINOSOS','<p>En Santiago contamos cun servizo de recollida de voluminosos a domicilio, polo que non tes escusa para deixar abandonados calquera tipo de residuo que non poida ser depositado nos colectores da r&uacute;a.</p>\r\n<p>S&oacute; tes que chamar ao 981 56 54 69 e concertaremos contigo a retirada.</p>\r\n<p>O horario para avisos de recollida&nbsp; de voluminosos &eacute; de 10:00h a 13:00h, de luns a venres</p>\r\n<p>Se queres achegarte &aacute;s instalaci&oacute;ns do Punto Limpo, o noso horario &eacute; o seguinte:</p>\r\n<p>Luns a venres<br />10:50 a 14:00 h. e de 16:00 a 19:50 h.</p>\r\n<p>S&aacute;bado<br />10:50 a 18:00 h.</p>','','','',0,5),(3267,2,'','<p>El parque de reciclaje o \"punto limpio\" es un centro de uso voluntario equipado con colectores espec&iacute;ficos, capacitados para recibir y almacenar residuos de los particulares con excepci&oacute;n de los residuos dom&eacute;sticos.</p>\r\n<p><strong>Horario y&nbsp;d&iacute;as de apertura:</strong></p>\r\n<ul>\r\n<li>De lunes a viernes:&nbsp;de&nbsp;10:50 h&nbsp;a 14:00 h y&nbsp;de 16:00 h a 19:50&nbsp;h.</li>\r\n<li>S&aacute;bados:&nbsp;de&nbsp;10:50 h&nbsp;a 18:00 h </li>\r\n</ul>','','','',0,1),(3268,2,'RESIDUOS ADMISIBLES','<p><strong>Escombros:</strong></p>\r\n<ul>\r\n<li>Escombros de obras menores domiciliarias.</li>\r\n</ul>\r\n<p><strong>Muebles:</strong></p>\r\n<ul>\r\n<li>Muebles de uso com&uacute;n, no met&aacute;licos.</li>\r\n<li>M&aacute;ximo: 2 unidades de cada tipolog&iacute;a.</li>\r\n</ul>\r\n<p><strong>Metales:</strong></p>\r\n<ul>\r\n<li>Aluminio y otros.</li>\r\n<li>Producci&oacute;n dom&eacute;stica.</li>\r\n</ul>\r\n<p><strong>Voluminosos (colchones).</strong></p>\r\n<p><strong>Outros voluminosos (madera):</strong></p>\r\n<ul>\r\n<li>M&aacute;ximo: 1 metro c&uacute;bico.</li>\r\n<li>Pal&eacute;s de madera: 2 unidades (m&aacute;ximo)</li>\r\n</ul>\r\n<p><strong>Material electr&oacute;nico:</strong></p>\r\n<ul>\r\n<li>Ordenadores y en general aparatos electr&oacute;nicos.</li>\r\n<li>M&aacute;ximo: 1 unidad de cada tipolog&iacute;a.</li>\r\n</ul>\r\n<p><strong>Electrodom&eacute;sticos l&iacute;nea blanca:</strong></p>\r\n<ul>\r\n<li>Lavadoras, lavajillas, neveras, congeladores, secadoras, etc.</li>\r\n<li>M&aacute;ximo: 1 unidad de cada tipolog&iacute;a.</li>\r\n</ul>\r\n<p><strong>Electrodom&eacute;sticos l&iacute;nea marr&oacute;n:</strong></p>\r\n<ul>\r\n<li>Televisiones, v&iacute;deos, cadenas de m&uacute;sica, etc.</li>\r\n<li>M&aacute;ximo: 1 unidad de cada tipolog&iacute;a.</li>\r\n</ul>\r\n<p><strong>Neum&aacute;ticos:</strong></p>\r\n<ul>\r\n<li>M&aacute;ximo: 4 unidades.</li>\r\n</ul>\r\n<p><strong>Restos de poda: </strong></p>\r\n<ul>\r\n<li>Producci&oacute;n dom&eacute;stica.</li>\r\n<li>M&aacute;ximo: 960 litros.</li>\r\n</ul>\r\n<p><strong>Vidrio:</strong></p>\r\n<ul>\r\n<li>Producci&oacute;n dom&eacute;stica.</li>\r\n</ul>\r\n<p><strong>Envases, latas y briks:</strong></p>\r\n<ul>\r\n<li>Producci&oacute;n dom&eacute;stica.</li>\r\n</ul>\r\n<p><strong>Papel y cart&oacute;n:</strong></p>\r\n<ul>\r\n<li>M&aacute;ximo: 25 quilogramos.</li>\r\n</ul>\r\n<p><strong>Bater&iacute;as: </strong></p>\r\n<ul>\r\n<li>M&aacute;ximo: 1 unidad.</li>\r\n</ul>\r\n<p><strong>Pilas:</strong></p>\r\n<ul>\r\n<li>Producci&oacute;n dom&eacute;stica.</li>\r\n<li>No se admiten las procedentes de industrias o empresas.</li>\r\n</ul>\r\n<p><strong>Fluorescentes:</strong></p>\r\n<ul>\r\n<li>M&aacute;ximo: 4 unidades.</li>\r\n</ul>\r\n<p><strong>Aerosis:</strong></p>\r\n<ul>\r\n<li>M&aacute;ximo: 10 envases.</li>\r\n</ul>\r\n<p><strong>Aceites vegetales procedentes de consumo alimentario:</strong></p>\r\n<ul>\r\n<li>M&aacute;ximo: 10 litros.</li>\r\n</ul>\r\n<p><strong>Aceites minerales y sint&eacute;ticos:</strong></p>\r\n<ul>\r\n<li>M&aacute;ximo: 10 litros.</li>\r\n</ul>\r\n<p><strong>Pinturas, vernices, disolventes. </strong></p>\r\n<p><strong>Radiograf&iacute;as, term&oacute;metros. </strong></p>\r\n<p><strong>Ropa y t&eacute;xtiles. </strong></p>\r\n<p><strong>Cristales planos, tipo parabrisas, ventanas y l&aacute;mparas. </strong></p>','','','',0,2),(3269,2,'RESIDUOS NO ADMISIBLES','<ul>\r\n<li>Residuos urbanos org&aacute;nicos.&nbsp;</li>\r\n<li>Materiales explosivos.</li>\r\n<li>Medicamentos (jarabes, vacunas, etc.)</li>\r\n<li>Residuos infeciosos.</li>\r\n<li>Residuos cl&iacute;nicos.</li>\r\n<li>Residuos radioactivos.</li>\r\n<li>Recipientes voluminosos (volumen superior a 30 litros), que contuvieran residuos peligrosos.</li>\r\n<li>Residuos sin identificar.</li>\r\n<li>Residuos no identificables in situ.</li>\r\n<li>Otros residuos peligrosos o no, no inclu&iacute;dos en la relaci&oacute;n de admisibles.</li>\r\n</ul>','','','',0,3),(3270,2,'DIRECCIONES','<p><strong>POL&Iacute;GONO DO TAMBRE&nbsp;</strong><br />V&iacute;a Edison, 46 - &nbsp;Santiago de Compostela.&nbsp;Tel&eacute;fono:. 981 564 894</p>\r\n<p><strong>FIGUEIRAS - PI&Ntilde;OR</strong><br />Figueiras - Pi&ntilde;or - Santiago de Compostela.&nbsp;Tel&eacute;fono: 620 148 310</p>','','','',0,4),(3271,2,'RECOGIDA DE VOLUMINOSOS','<p>En Santiago contamos con un servicio de recogida de voluminosos a domicilio, por lo que no tienes excusa para dejar abandonados cualquier tipo de residuo que no pueda ser depositado en los contenedores de la calle.</p>\r\n<p>S&oacute;lo tienes que llamar al 981 56 54 69 y concertaremos contigo la retirada.</p>\r\n<p>El horario para avisos de recogida&nbsp; de voluminosos es de 10:00h a 13:00h, de lunes a viernes</p>\r\n<p>Si quieres acercarte a las instalaciones del Punto Limpio, nuestro horario es el siguiente:</p>\r\n<p>Lunes a viernes<br />10:50 a 14:00 h. y de 16:00 a 19:50 h.</p>\r\n<p>S&aacute;bado<br />10:50 a 18:00 h.</p>','','','',0,5),(3272,2,'','<p>El servicio de recogida de animales dom&eacute;sticos abandonados, perdidos, heridos o enfermos dentro del termino Municipal de Santiago de Compostela.</p>\r\n<p>La lacer&iacute;a se presta por persoal cualificado de forma ininterrompida las 24 horas del d&iacute;a, inclu&iacute;dos domingos y festivos.<br /> <br /> Se lleva un registro actualizado de las intervenciones solicitadas en las que por lo menos consta la fecha y hora tanto del aviso como de la actuaci&oacute;n, la&nbsp; procedencia del mismo, la especie, raza, sexo , capa, y grupo de edad del animal y el destino del mismo.<br /> <br /> Las solicitudes de intervenci&oacute;n del servicio de lacer&iacute;a se realizan a trav&eacute;s de la Polic&iacute;a Local en el tel&eacute;fono <strong>981 54 23 23</strong></p>','','','',0,1),(3273,2,'','','','','',0,2),(3274,1,'','<p>O Servizo de recollida de animais dom&eacute;sticos abandonados, perdidos, feridos ou enfermos dentro do termino Municipal de Santiago de Compostela.&nbsp;</p>\r\n<p>A lacer&iacute;a pr&eacute;stase por persoal cualificado dun xeito ininterrompido as 24 horas do d&iacute;a, inclu&iacute;dos domingos e festivos.<br /> <br /> L&eacute;vase un rexistro actualizado das intervenci&oacute;ns solicitadas nas que polo menos consta a data e hora tanto do aviso como da actuaci&oacute;n, a&nbsp; procedencia do mesmo, a especie, raza, sexo , capa, e grupo da idade do animal&nbsp; e o destino final do mesmo<br /> <br /> As solicitudes de intervenci&oacute;n do servizo de lacer&iacute;a realizar&aacute;nse a trav&eacute;s da Polic&iacute;a Local no tel&eacute;fono <strong>981 54 23 23</strong>.</p>','','','',0,1),(3275,1,'','','','','',0,2),(3276,1,'Grupo Municipal do BNG','<p><strong>Goretti Sanmart&iacute;n Rei</strong></p>\r\n<p><a title=\"Declaraci&oacute;n de causas de posible incompatibilidade e bens patrimoniais\" href=\"http://www.santiagodecompostela.gal/medi/departamento/atencion_cidadan/Rexistro_Intereses/Corporacion_2023-2027/Grupo_do__BNG/1._Goretti_Sanmartin_Rei.pdf\">Declaraci&oacute;n de causas de posible incompatibilidade e bens patrimoniais</a></p>\r\n<p><strong>Miriam Louzao Fern&aacute;ndez</strong></p>\r\n<p><a title=\"Declaraci&oacute;n de causas de posible incompatibilidade e de bens patrimoniais\" href=\"http://www.santiagodecompostela.gal/medi/departamento/atencion_cidadan/Rexistro_Intereses/Corporacion_2023-2027/Grupo_do__BNG/2-Miriam_Louzao_Fernandez.pdf\" target=\"_blank\">Declaraci&oacute;n de causas de posible incompatibilidade e de bens patrimoniais</a></p>\r\n<p><strong>Xes&uacute;s Manuel Dom&iacute;nguez Dom&iacute;nguez</strong></p>\r\n<p><a title=\"Declaraci&oacute;n de causas de posible incompatibilidade e de bens patrimoniais\" href=\"http://www.santiagodecompostela.gal/medi/departamento/atencion_cidadan/Rexistro_Intereses/Corporacion_2023-2027/Grupo_do__BNG/3._Xesus_Manuel_Dominguez_Dominguez.pdf\" target=\"_blank\">Declaraci&oacute;n de causas de posible incompatibilidade e de bens patrimoniais</a></p>\r\n<p><strong>Pilar Lueiro Garc&iacute;a</strong></p>\r\n<p><a title=\"Declaraci&oacute;n de causas de posible incompatibilidade e de bens patrimoniais\" href=\"http://www.santiagodecompostela.gal/medi/departamento/atencion_cidadan/Rexistro_Intereses/Corporacion_2023-2027/Grupo_do__BNG/4._Pilar_Lueiro_Garcia.pdf\" target=\"_blank\">Declaraci&oacute;n de causas de posible incompatibilidade e de bens patrimoniais</a></p>\r\n<p><strong>Manuel C&eacute;sar Vila</strong></p>\r\n<p><a title=\"Declaraci&oacute;n de causas de posible incompatibilidade e de bens patrimoniais\" href=\"http://www.santiagodecompostela.gal/medi/departamento/atencion_cidadan/Rexistro_Intereses/Corporacion_2023-2027/Grupo_do__BNG/5._Manuel_Cesar_Vila.pdf\">Declaraci&oacute;n de causas de posible incompatibilidade e de bens patrimoniais</a></p>\r\n<p><strong>Iago Lesteg&aacute;s Tiz&oacute;n</strong></p>\r\n<p><a title=\"Declaraci&oacute;n de causas de posible incompatibilidade e de bens patrimoniais\" href=\"http://www.santiagodecompostela.gal/medi/departamento/atencion_cidadan/Rexistro_Intereses/Corporacion_2023-2027/Grupo_do__BNG/6._Iago_Lestegas_Tizon.pdf\">Declaraci&oacute;n de causas de posible incompatibilidade e de bens patrimoniais</a></p>','','','',0,1),(3277,1,'Grupo Municipal de CA','<p><strong>Mar&iacute;a Rozas P&eacute;rez</strong></p>\r\n<p><a title=\"Declaraci&oacute;n de causas de posible incompatibilidade e de bens patrimoniais\" href=\"http://www.santiagodecompostela.gal/medi/departamento/atencion_cidadan/Rexistro_Intereses/Corporacion_2023-2027/Grupo_CA/1._Maria_Rozas_Perez.pdf\">Declaraci&oacute;n de causas de posible incompatibilidade e de bens patrimoniais</a></p>\r\n<p><strong>Xan Duro Fern&aacute;ndez</strong></p>\r\n<p><a title=\"Declaraci&oacute;n de causas de posible incompatibilidade e de bens patrimoniais\" href=\"http://www.santiagodecompostela.gal/medi/departamento/atencion_cidadan/Rexistro_Intereses/Corporacion_2023-2027/Grupo_CA/2._Xan_Duro_Fenandez.pdf\">Declaraci&oacute;n de causas de posible incompatibilidade e de bens patrimoniais</a></p>','','','',0,2),(3278,1,'Grupo Municipal do PP','<p><strong>Borja Verea Fraiz</strong></p>\r\n<p><a title=\"Declaraci&oacute;n de posibles causas de incompatibilidade e de bens patrimoniais\" href=\"http://santiagodecompostela.gal/medi/departamento/atencion_cidadan/Rexistro_Intereses/Corporacion_2023-2027/Grupo_do_PP/1._Borja_Verea_Fraiz.pdf\">Declaraci&oacute;n de posibles causas de incompatibilidade e de bens patrimoniais</a></p>\r\n<p><strong>Mar&iacute;a Baleato Gonz&aacute;lez</strong></p>\r\n<p><a title=\"Declaraci&oacute;n de posibles causas de incompatibilidade e de bens patrimoniais\" href=\"http://santiagodecompostela.gal/medi/departamento/atencion_cidadan/Rexistro_Intereses/Corporacion_2023-2027/Grupo_do_PP/2._Maria_Baleato_Gonzalez.pdf\">Declaraci&oacute;n de posibles causas de incompatibilidade e de bens patrimoniais</a></p>\r\n<p><strong>Yolanda Otero Balsa</strong></p>\r\n<p><a title=\"Declaraci&oacute;n de posibles causas de incompatibilidade e de bens patrimoniais\" href=\"http://santiagodecompostela.gal/medi/departamento/atencion_cidadan/Rexistro_Intereses/Corporacion_2023-2027/Grupo_do_PP/3._Yolanda_Otero_Balsa.pdf\">Declaraci&oacute;n de posibles causas de incompatibilidade e de bens patrimoniais</a></p>\r\n<p><strong>Jos&eacute; Antonio Constenla Ramos</strong></p>\r\n<p><a title=\"Declaraci&oacute;n de posibles causas de incompatibilidade e de bens patrimoniais\" href=\"http://santiagodecompostela.gal/medi/departamento/atencion_cidadan/Rexistro_Intereses/Corporacion_2023-2027/Grupo_do_PP/4._Jose_Antonio_Constenla_Ramos.pdf\">Declaraci&oacute;n de posibles causas de incompatibilidade e de bens patrimoniais</a></p>\r\n<p><strong>Olaya Otero Sanjurjo</strong></p>\r\n<p><a title=\"Declaraci&oacute;n de posibles causas de incompatibilidade e de bens patrimoniais\" href=\"http://santiagodecompostela.gal/medi/departamento/atencion_cidadan/Rexistro_Intereses/Corporacion_2023-2027/Grupo_do_PP/5._Olaya_Otero_Sanjurjo.pdf\">Declaraci&oacute;n de posibles causas de incompatibilidade e de bens patrimoniais</a></p>\r\n<p><strong>Jos&eacute; Ram&oacute;n de la Fuente Rodr&iacute;guez</strong></p>\r\n<p><a title=\"Declaraci&oacute;n de posibles causas de incompatibilidade e de bens patrimoniais\" href=\"http://santiagodecompostela.gal/medi/departamento/atencion_cidadan/Rexistro_Intereses/Corporacion_2023-2027/Grupo_do_PP/6._Jose_Ramon_de_la_Fuente_Rodriguez.pdf\">Declaraci&oacute;n de posibles causas de incompatibilidade e de bens patrimoniais</a></p>\r\n<p><strong>Nerea Barcia Guldr&iacute;s</strong></p>\r\n<p><a title=\"Declaraci&oacute;n de posibles causas de incompatibilidade e de bens patrimoniais\" href=\"http://santiagodecompostela.gal/medi/departamento/atencion_cidadan/Rexistro_Intereses/Corporacion_2023-2027/Grupo_do_PP/7._Nerea_Barcia_Guldris.pdf\">Declaraci&oacute;n de posibles causas de incompatibilidade e de bens patrimoniais</a></p>\r\n<p><strong>Evaristo Ben Otero</strong></p>\r\n<p><a title=\"Declaraci&oacute;n de posibles causas de incompatibilidade e de bens patrimoniais\" href=\"http://santiagodecompostela.gal/medi/departamento/atencion_cidadan/Rexistro_Intereses/Corporacion_2023-2027/Grupo_do_PP/8._Evaristo_Ben_Otero.pdf\">Declaraci&oacute;n de posibles causas de incompatibilidade e de bens patrimoniais</a></p>\r\n<p><strong>Rosario Ferrreiro Varela</strong></p>\r\n<p><a title=\"Declaraci&oacute;n de posibles causas de incompatibilidade e de bens patrimoniais\" href=\"http://santiagodecompostela.gal/medi/departamento/atencion_cidadan/Rexistro_Intereses/Corporacion_2023-2027/Grupo_do_PP/9._Maria_Rosario_Ferreiro_Varela.pdf\">Declaraci&oacute;n de posibles causas de incompatibilidade e de bens patrimoniais</a></p>\r\n<p><strong>Adri&aacute;n Villa Torres</strong></p>\r\n<p><a title=\"Declaraci&oacute;n de posibles causas de incompatibilidade e de bens patrimoniais\" href=\"http://santiagodecompostela.gal/medi/departamento/atencion_cidadan/Rexistro_Intereses/Corporacion_2023-2027/Grupo_do_PP/10._Adrian_Villa_Torres.pdf\">Declaraci&oacute;n de posibles causas de incompatibilidade e de bens patrimoniais</a></p>\r\n<p><strong>Borja Rubio Somoza</strong></p>\r\n<p><a title=\"Declaraci&oacute;n de posibles causas de incompatibilidade e de bens patrimoniais\" href=\"http://santiagodecompostela.gal/medi/departamento/atencion_cidadan/Rexistro_Intereses/Corporacion_2023-2027/Grupo_do_PP/11._Borja_Rubio_Somoza.pdf\">Declaraci&oacute;n de posibles causas de incompatibilidade e de bens patrimoniais</a></p>','','','',0,3),(3279,1,'Grupo Municipal do PSdeG-PSOE','<p><strong>Mercedes Ros&oacute;n Ferreiro</strong></p>\r\n<p><a title=\"Declaraci&oacute;n de causas de posible incompatibilidade e de bens patrimoniais\" href=\"http://santiagodecompostela.gal/medi/departamento/atencion_cidadan/Rexistro_Intereses/Corporacion_2023-2027/Grupo_do_PSOE/1._Roson_Ferreiro_Mercedes.pdf\">Declaraci&oacute;n de causas de posible incompatibilidade e de bens patrimoniais</a></p>\r\n<p><strong>Mar&iacute;a Milagros Castro S&aacute;nchez</strong></p>\r\n<p><a title=\"Declaraci&oacute;n de causas de posible incompatibilidade e de bens patrimoniais\" href=\"http://santiagodecompostela.gal/medi/departamento/atencion_cidadan/Rexistro_Intereses/Corporacion_2023-2027/Grupo_do_PSOE/2._M._Milagros_Castro_Sanchez.pdf\">Declaraci&oacute;n de causas de posible incompatibilidade e de bens patrimoniais</a></p>\r\n<p><strong>Gumersindo Guinarte Cabada</strong></p>\r\n<p><a title=\"Declaraci&oacute;n de causas de posible incompatibilidade e de bens patrimoniais\" href=\"http://santiagodecompostela.gal/medi/departamento/atencion_cidadan/Rexistro_Intereses/Corporacion_2023-2027/Grupo_do_PSOE/3._Gumersindo_Guinarte_Cabada.pdf\">Declaraci&oacute;n de causas de posible incompatibilidade e de bens patrimoniais</a></p>\r\n<p><strong>Marta Abal Rodr&iacute;guez</strong></p>\r\n<p><a title=\"Declaraci&oacute;n de causas de posible incompatibilidade e de bens patrimoniais\" href=\"http://santiagodecompostela.gal/medi/departamento/atencion_cidadan/Rexistro_Intereses/Corporacion_2023-2027/Grupo_do_PSOE/4._Marta_Abal_Rodriguez.pdf\">Declaraci&oacute;n de causas de posible incompatibilidade e de bens patrimoniais</a></p>\r\n<p><strong>Gonzalo Mu&iacute;&ntilde;os S&aacute;nchez</strong></p>\r\n<p><a title=\"Declaraci&oacute;n de causas de posible incompatibilidade e de bens patrimoniais\" href=\"http://santiagodecompostela.gal/medi/departamento/atencion_cidadan/Rexistro_Intereses/Corporacion_2023-2027/Grupo_do_PSOE/5._Gonzalo_Muinos_Sanchez.pdf\">Declaraci&oacute;n de causas de posible incompatibilidade e de bens patrimoniais</a></p>\r\n<p><strong>Marta &Aacute;lvarez V&aacute;zquez</strong></p>\r\n<p><a title=\"Declaraci&oacute;n de causas de posible incompatibilidade e de bens patrimoniais\" href=\"http://santiagodecompostela.gal/medi/departamento/atencion_cidadan/Rexistro_Intereses/Corporacion_2023-2027/Grupo_do_PSOE/6._Marta_Alvarez_Vazquez.pdf\">Declaraci&oacute;n de causas de posible incompatibilidade e de bens patrimoniais</a></p>','','','',0,4),(3280,1,'Persoal directivo','<p><strong>SECRETARIO XERAL DO PLENO</strong></p>\r\n<p><strong>Jos&eacute; Manuel Gonz&aacute;lez Garc&iacute;a</strong></p>\r\n<p><a title=\"Declaraci&oacute;n de bens patrimoniais\" href=\"http://www.santiagodecompostela.gal/medi/departamento/atencion_cidadan/Rexistro_Intereses/Ano_2019/Jose_Manuel_Gonzalez_Garcia.pdf\">Declaraci&oacute;n de bens patrimoniais</a></p>\r\n<p><a title=\"Declaraci&oacute;n de causas de posible incompatibilidade\" href=\"http://www.santiagodecompostela.gal/medi/departamento/atencion_cidadan/Rexistro_Intereses/Ano_2019/Jose_Manuel_Gonzalez_Garcia._Declaracion_de_incompatibiliade.pdf\">Declaraci&oacute;n de causas de posible incompatibilidade</a></p>\r\n<p><a title=\"Modificaci&oacute;n das declaraci&oacute;n de causas de posible incompatibilidade e de bens patrimoniais\" href=\"http://www.santiagodecompostela.gal/medi/departamento/atencion_cidadan/Rexistro_Intereses/Ano_2019/Jose_Manuel_Gonzalez_Garcia._Modificacion_Declaracion_de_incompatibiliade_e_de_bens.pdf\">Modificaci&oacute;n das declaraci&oacute;n de causas de posible incompatibilidade e de bens patrimoniais</a></p>\r\n<p>&nbsp;</p>\r\n<p><strong>DIRECTOR DA ASESOR&Iacute;A XUR&Iacute;DICA</strong></p>\r\n<p><strong>Manuel Curtr&iacute;n Dom&iacute;nguez</strong></p>\r\n<p><a title=\"Declaraci&oacute;n de bens patrimoniais\" href=\"http://www.santiagodecompostela.gal/medi/departamento/atencion_cidadan/Rexistro_Intereses/Ano_2019/Manuel_Cutrin_Dominguez._Asesoria.pdf\">Declaraci&oacute;n de bens patrimoniais</a></p>\r\n<p><a title=\"Declaraci&oacute;n de causas de posible incompatibilidade\" href=\"http://www.santiagodecompostela.gal/medi/departamento/atencion_cidadan/Rexistro_Intereses/Ano_2019/Manuel_Cutrin_Dominguez._Asesoria._Declaracion_incompatibilidade.pdf\">Declaraci&oacute;n de causas de posible incompatibilidade</a></p>\r\n<p>&nbsp;</p>\r\n<p><strong>VICEDIRECTOR DA ASESOR&Iacute;A XUR&Iacute;DCA</strong></p>\r\n<p><strong>Pablo Abu&iacute;n Rat&oacute;n</strong></p>\r\n<p><a title=\"Declaraci&oacute;n de bens patrimoniais\" href=\"http://www.santiagodecompostela.gal/medi/departamento/atencion_cidadan/Rexistro_Intereses/Ano_2019/Pablo_Abuin_Raton._Declaracion_de_bens_patrimoniais.pdf\">Declaraci&oacute;n de bens patrimoniais</a></p>\r\n<p><a title=\"Declaraci&oacute;n de causas de posible incompatibilidade\" href=\"http://www.santiagodecompostela.gal/medi/departamento/atencion_cidadan/Rexistro_Intereses/Ano_2019/Pablo_Abuin_Raton._Causas_de_posible_incompatibilidade.pdf\">Declaraci&oacute;n de causas de posible incompatibilidade</a></p>\r\n<p>&nbsp;</p>\r\n<p><strong>DIRECTOR DA &Aacute;REA DE R&Eacute;XIME INTERIOR</strong></p>\r\n<p><strong>Juan Carlos Porr&uacute;a Pardal</strong></p>\r\n<p><a title=\"Declaraci&oacute;n de bens patrimoniais\" href=\"http://www.santiagodecompostela.gal/medi/departamento/atencion_cidadan/Rexistro_Intereses/Ano_2019/Juan_Carlos_Porrua_Pardal._Declaracion_de_bens.pdf\">Declaraci&oacute;n de bens patrimoniais</a></p>\r\n<p><a title=\"Declaraci&oacute;n de causas de posible incompatibilidade\" href=\"http://www.santiagodecompostela.gal/medi/departamento/atencion_cidadan/Rexistro_Intereses/Ano_2019/Juan_Carlos_Porrua_Pardal._Causas_incompatibiliade.pdf\">Declaraci&oacute;n de causas de posible incompatibilidade</a></p>\r\n<p>&nbsp;</p>\r\n<p><strong>COORDINADOR XERAL</strong></p>\r\n<p><strong>Xos&eacute; Ant&oacute;n Freire Ramos</strong></p>\r\n<p><a title=\"Declaraci&oacute;n de causas de posible incompatibilidade e de bens patrimoniais\" href=\"http://www.santiagodecompostela.gal/medi/departamento/atencion_cidadan/Rexistro_Intereses/Corporacion_2023-2027/Xose_Anton_Freire_Ramos.pdf\">Declaraci&oacute;n de causas de posible incompatibilidade e de bens patrimoniais</a></p>','','','',0,5),(3281,1,'','','','','',0,6),(3282,1,'','','','','',0,7),(3288,2,'Grupo Municipal del BNG','<p><strong>Goretti Sanmart&iacute;n Rei</strong></p>\r\n<p><a title=\"Declaraci&oacute;n de causas de posible incompatibilidad y de bienes patrimoniales\" href=\"http://www.santiagodecompostela.gal/medi/departamento/atencion_cidadan/Rexistro_Intereses/Corporacion_2023-2027/Grupo_do__BNG/1._Goretti_Sanmartin_Rei.pdf\">Declaraci&oacute;n de causas de posible incompatibilidad y de bienes patrimoniales</a></p>\r\n<p><strong>Miriam Louzao Fern&aacute;ndez</strong></p>\r\n<p><a title=\"Declaraci&oacute;n de causas de posible incompatibilidad y de bienes patrimoniales\" href=\"http://www.santiagodecompostela.gal/medi/departamento/atencion_cidadan/Rexistro_Intereses/Corporacion_2023-2027/Grupo_do__BNG/2-Miriam_Louzao_Fernandez.pdf\">Declaraci&oacute;n de causas de posible incompatibilidad y de bienes patrimoniales</a></p>\r\n<p><strong>Xes&uacute;s Manuel Dom&iacute;nguez Dom&iacute;nguez</strong></p>\r\n<p><a title=\"Declaraci&oacute;n de causas de posible incompatibilidad y de bienes patrimoniales\" href=\"http://www.santiagodecompostela.gal/medi/departamento/atencion_cidadan/Rexistro_Intereses/Corporacion_2023-2027/Grupo_do__BNG/3._Xesus_Manuel_Dominguez_Dominguez.pdf\">Declaraci&oacute;n de causas de posible incompatibilidad y de bienes patrimoniales</a></p>\r\n<p><strong>Pilar Lueiro Garc&iacute;a</strong></p>\r\n<p><a title=\"Declaraci&oacute;n de causas de posible incompatibilidad y de bienes patrimoniales\" href=\"http://www.santiagodecompostela.gal/medi/departamento/atencion_cidadan/Rexistro_Intereses/Corporacion_2023-2027/Grupo_do__BNG/4._Pilar_Lueiro_Garcia.pdf\">Declaraci&oacute;n de causas de posible incompatibilidad y de bienes patrimoniales</a></p>\r\n<p><strong>Manuel C&eacute;sar Vila</strong></p>\r\n<p><a title=\"Declaraci&oacute;n de causas de posible incompatibilidad y de bienes patrimoniales\" href=\"http://www.santiagodecompostela.gal/medi/departamento/atencion_cidadan/Rexistro_Intereses/Corporacion_2023-2027/Grupo_do__BNG/5._Manuel_Cesar_Vila.pdf\">Declaraci&oacute;n de causas de posible incompatibilidad y de bienes patrimoniales</a></p>\r\n<p><strong>Iago Lesteg&aacute;s Tiz&oacute;n</strong></p>\r\n<p><a title=\"Declaraci&oacute;n de causas de posible incompatibilidad y de bienes patrimoniales\" href=\"http://www.santiagodecompostela.gal/medi/departamento/atencion_cidadan/Rexistro_Intereses/Corporacion_2023-2027/Grupo_do__BNG/6._Iago_Lestegas_Tizon.pdf\">Declaraci&oacute;n de causas de posible incompatibilidad y de bienes patrimoniales</a></p>\r\n<p>&nbsp;</p>','','','',0,1),(3289,2,'Grupo Municipal de CA','<p><strong>Mar&iacute;a Rozas P&eacute;rez</strong></p>\r\n<p><a title=\"Declaraci&oacute;n de causas de posible incompatibilidad y de bienes patrimoniales\" href=\"http://www.santiagodecompostela.gal/medi/departamento/atencion_cidadan/Rexistro_Intereses/Corporacion_2023-2027/Grupo_CA/1._Maria_Rozas_Perez.pdf\">Declaraci&oacute;n de causas de posible incompatibilidad y de bienes patrimoniales</a></p>\r\n<p><strong>Xan Duro Fern&aacute;ndez</strong></p>\r\n<p><a title=\"Declaraci&oacute;n de causas de posible incompatibilidad y de bienes patrimoniales\" href=\"http://www.santiagodecompostela.gal/medi/departamento/atencion_cidadan/Rexistro_Intereses/Corporacion_2023-2027/Grupo_CA/2._Xan_Duro_Fenandez.pdf\">Declaraci&oacute;n de causas de posible incompatibilidad y de bienes patrimoniales</a></p>','','','',0,2),(3290,2,'Grupo Municipal del PP','<p><strong>Borja Verea Fraiz</strong></p>\r\n<p><a title=\"Declaraci&oacute;n de causas de posible incompatibilidad y de bienes patrimoniales\" href=\"http://santiagodecompostela.gal/medi/departamento/atencion_cidadan/Rexistro_Intereses/Corporacion_2023-2027/Grupo_do_PP/1._Borja_Verea_Fraiz.pdf\">Declaraci&oacute;n de causas de posible incompatibilidad y de bienes patrimoniales</a></p>\r\n<p><strong>Mar&iacute;a Baleato Gonz&aacute;lez</strong></p>\r\n<p><a title=\"Declaraci&oacute;n de causas de posible incompatibilidad y de bienes patrimoniales\" href=\"http://santiagodecompostela.gal/medi/departamento/atencion_cidadan/Rexistro_Intereses/Corporacion_2023-2027/Grupo_do_PP/2._Maria_Baleato_Gonzalez.pdf\">Declaraci&oacute;n de causas de posible incompatibilidad y de bienes patrimoniales</a></p>\r\n<p><strong>Yolanda Otero Balsa</strong></p>\r\n<p><a title=\"Declaraci&oacute;n de causas de posible incompatibilidad y de bienes patrimoniales\" href=\"http://santiagodecompostela.gal/medi/departamento/atencion_cidadan/Rexistro_Intereses/Corporacion_2023-2027/Grupo_do_PP/3._Yolanda_Otero_Balsa.pdf\">Declaraci&oacute;n de causas de posible incompatibilidad y de bienes patrimoniales</a></p>\r\n<p><strong>Jos&eacute; Antonio Constenla Ramos</strong></p>\r\n<p><a title=\"Declaraci&oacute;n de causas de posible incompatibilidad y de bienes patrimoniales\" href=\"http://santiagodecompostela.gal/medi/departamento/atencion_cidadan/Rexistro_Intereses/Corporacion_2023-2027/Grupo_do_PP/4._Jose_Antonio_Constenla_Ramos.pdf\">Declaraci&oacute;n de causas de posible incompatibilidad y de bienes patrimoniales</a></p>\r\n<p><strong>Olaya Otero Sanjurjo</strong></p>\r\n<p><a title=\"Declaraci&oacute;n de causas de posible incompatibilidad y de bienes patrimoniales\" href=\"http://santiagodecompostela.gal/medi/departamento/atencion_cidadan/Rexistro_Intereses/Corporacion_2023-2027/Grupo_do_PP/5._Olaya_Otero_Sanjurjo.pdf\">Declaraci&oacute;n de causas de posible incompatibilidad y de bienes patrimoniales</a></p>\r\n<p><strong>Jos&eacute; Ram&oacute;n de la Fuente Rodr&iacute;guez</strong></p>\r\n<p><a title=\"Declaraci&oacute;n de causas de posible incompatibilidad y de bienes patrimoniales\" href=\"http://santiagodecompostela.gal/medi/departamento/atencion_cidadan/Rexistro_Intereses/Corporacion_2023-2027/Grupo_do_PP/6._Jose_Ramon_de_la_Fuente_Rodriguez.pdf\">Declaraci&oacute;n de causas de posible incompatibilidad y de bienes patrimoniales</a></p>\r\n<p><strong>Nerea Barcia Guldr&iacute;s</strong></p>\r\n<p><a title=\"Declaraci&oacute;n causas de posible incompatibilidad y de bienes patrimoniales\" href=\"http://santiagodecompostela.gal/medi/departamento/atencion_cidadan/Rexistro_Intereses/Corporacion_2023-2027/Grupo_do_PP/7._Nerea_Barcia_Guldris.pdf\">Declaraci&oacute;n causas de posible incompatibilidad y de bienes patrimoniales</a></p>\r\n<p>&nbsp;<strong>Evaristo Ben Otero</strong></p>\r\n<p><a title=\"Declaraci&oacute;n causas de posible incompatibilidad y de bienes patrimoniales\" href=\"http://santiagodecompostela.gal/medi/departamento/atencion_cidadan/Rexistro_Intereses/Corporacion_2023-2027/Grupo_do_PP/8._Evaristo_Ben_Otero.pdf\">Declaraci&oacute;n causas de posible incompatibilidad y de bienes patrimoniales</a></p>\r\n<p><strong>Mar&iacute;a Rosario Ferreiro Varela</strong></p>\r\n<p><a title=\"Declaraci&oacute;n causas de posible incompatibilidad y de bienes patrimoniales\" href=\"http://santiagodecompostela.gal/medi/departamento/atencion_cidadan/Rexistro_Intereses/Corporacion_2023-2027/Grupo_do_PP/9._Maria_Rosario_Ferreiro_Varela.pdf\">Declaraci&oacute;n causas de posible incompatibilidad y de bienes patrimoniales</a></p>\r\n<p><strong>Adri&aacute;n Villa Torres</strong></p>\r\n<p><a title=\"Declaraci&oacute;n causas de posible incompatibilidad y de bienes patrimoniales\" href=\"http://santiagodecompostela.gal/medi/departamento/atencion_cidadan/Rexistro_Intereses/Corporacion_2023-2027/Grupo_do_PP/10._Adrian_Villa_Torres.pdf\">Declaraci&oacute;n causas de posible incompatibilidad y de bienes patrimoniales</a></p>\r\n<p><strong>Borja Rubio Somoza</strong></p>\r\n<p><a title=\"Declaraci&oacute;n causas de posible incompatibilidad y de bienes patrimoniales\" href=\"http://santiagodecompostela.gal/medi/departamento/atencion_cidadan/Rexistro_Intereses/Corporacion_2023-2027/Grupo_do_PP/11._Borja_Rubio_Somoza.pdf\">Declaraci&oacute;n causas de posible incompatibilidad y de bienes patrimoniales</a></p>','','','',0,3),(3291,2,'Grupo Municipal do PSdeG-PSOE','<p><strong>Mercedes Ros&oacute;n Ferreiro</strong></p>\r\n<p><a title=\"Declaraci&oacute;n de causas de posible incompatibilidad y de bienes patrimoniales\" href=\"http://santiagodecompostela.gal/medi/departamento/atencion_cidadan/Rexistro_Intereses/Corporacion_2023-2027/Grupo_do_PSOE/1._Roson_Ferreiro_Mercedes.pdf\">Declaraci&oacute;n de causas de posible incompatibilidad y de bienes patrimoniales</a></p>\r\n<p><strong>Mar&iacute;a Milagros Castro S&aacute;nchez</strong></p>\r\n<p><a title=\"Declaraci&oacute;n de causas de posible incompatibilidad y de bienes patrimoniales\" href=\"http://santiagodecompostela.gal/medi/departamento/atencion_cidadan/Rexistro_Intereses/Corporacion_2023-2027/Grupo_do_PSOE/2._M._Milagros_Castro_Sanchez.pdf\">Declaraci&oacute;n de causas de posible incompatibilidad y de bienes patrimoniales</a></p>\r\n<p><strong>Gumersindo Guinarte Cabada</strong></p>\r\n<p><a title=\"Declaraci&oacute;n de causas de posible incompatibilidad y de bienes patrimoniales\" href=\"http://santiagodecompostela.gal/medi/departamento/atencion_cidadan/Rexistro_Intereses/Corporacion_2023-2027/Grupo_do_PSOE/3._Gumersindo_Guinarte_Cabada.pdf\">Declaraci&oacute;n de causas de posible incompatibilidad y de bienes patrimoniales</a></p>\r\n<p><strong>Marta Abal Rodr&iacute;guez</strong></p>\r\n<p><a title=\"Declaraci&oacute;n de causas de posible incompatibilidad y de bienes patrimoniales\" href=\"http://santiagodecompostela.gal/medi/departamento/atencion_cidadan/Rexistro_Intereses/Corporacion_2023-2027/Grupo_do_PSOE/4._Marta_Abal_Rodriguez.pdf\">Declaraci&oacute;n de causas de posible incompatibilidad y de bienes patrimoniales</a></p>\r\n<p><strong>Gonzalo Mu&iacute;&ntilde;os S&aacute;nchez</strong></p>\r\n<p><a title=\"Declaraci&oacute;n de causas de posible incompatibilidad y de bienes patrimoniales\" href=\"http://santiagodecompostela.gal/medi/departamento/atencion_cidadan/Rexistro_Intereses/Corporacion_2023-2027/Grupo_do_PSOE/5._Gonzalo_Muinos_Sanchez.pdf\">Declaraci&oacute;n de causas de posible incompatibilidad y de bienes patrimoniales</a>&nbsp;</p>\r\n<p><strong>Marta &Aacute;lvarez V&aacute;zquez</strong></p>\r\n<p><a title=\"Declaraci&oacute;n de causas de posible incompatibilidad y de bienes patrimoniales\" href=\"http://santiagodecompostela.gal/medi/departamento/atencion_cidadan/Rexistro_Intereses/Corporacion_2023-2027/Grupo_do_PSOE/6._Marta_Alvarez_Vazquez.pdf\">Declaraci&oacute;n de causas de posible incompatibilidad y de bienes patrimoniales</a></p>\r\n<p>&nbsp;</p>','','','',0,4),(3292,2,'Personal directivo','<p><strong>SECRETARIO XERAL DO PLENO</strong></p>\r\n<p><strong>Jos&eacute; Manuel Gonz&aacute;lez Garc&iacute;a</strong></p>\r\n<p><a title=\"Declaraci&oacute;n de bienes patrimoniales\" href=\"http://www.santiagodecompostela.gal/medi/departamento/atencion_cidadan/Rexistro_Intereses/Ano_2019/Jose_Manuel_Gonzalez_Garcia.pdf\">Declaraci&oacute;n de bienes patrimoniales</a></p>\r\n<p><a title=\"Declaraci&oacute;n de causas de posible incompatibilidad\" href=\"http://www.santiagodecompostela.gal/medi/departamento/atencion_cidadan/Rexistro_Intereses/Ano_2019/Jose_Manuel_Gonzalez_Garcia._Declaracion_de_incompatibiliade.pdf\">Declaraci&oacute;n de causas de posible incompatibilidad</a></p>\r\n<p><a title=\"Modificaci&oacute;n de las declaraciones de causas de posible incompatibilidad y de bienes patrimoniales\" href=\"http://www.santiagodecompostela.gal/medi/departamento/atencion_cidadan/Rexistro_Intereses/Ano_2019/Jose_Manuel_Gonzalez_Garcia._Modificacion_Declaracion_de_incompatibiliade_e_de_bens.pdf\">Modificaci&oacute;n de las declaraciones de causas de posible incompatibilidad y de bienes patrimoniales</a></p>\r\n<p>&nbsp;</p>\r\n<p><strong>DIRECTOR DA ASESOR&Iacute;A XUR&Iacute;DICA</strong></p>\r\n<p><strong>Manuel Cutr&iacute;n Dom&iacute;nguez</strong></p>\r\n<p><a title=\"Declaraci&oacute;n de bienes patrimoniales\" href=\"http://www.santiagodecompostela.gal/medi/departamento/atencion_cidadan/Rexistro_Intereses/Ano_2019/Manuel_Cutrin_Dominguez._Asesoria.pdf\">Declaraci&oacute;n de bienes patrimoniales</a></p>\r\n<p><a title=\"Declaraci&oacute;n de causas de posible incompatibilidad\" href=\"http://www.santiagodecompostela.gal/medi/departamento/atencion_cidadan/Rexistro_Intereses/Ano_2019/Manuel_Cutrin_Dominguez._Asesoria._Declaracion_incompatibilidade.pdf\">Declaraci&oacute;n de causas de posible incompatibilidad</a></p>\r\n<p>&nbsp;</p>\r\n<p><strong>VICEDIRECTOR DA ASESOR&Iacute;A XUR&Iacute;DICA</strong></p>\r\n<p><strong>Pablo Abu&iacute;n Rat&oacute;n</strong></p>\r\n<p><a title=\"Declaraci&oacute;n de bienes patrimoniales\" href=\"http://www.santiagodecompostela.gal/medi/departamento/atencion_cidadan/Rexistro_Intereses/Ano_2019/Pablo_Abuin_Raton._Declaracion_de_bens_patrimoniais.pdf\">Declaraci&oacute;n de bienes patrimoniales</a></p>\r\n<p><a title=\"Declaraci&oacute;n de causas de posible incompatibilidad\" href=\"http://www.santiagodecompostela.gal/medi/departamento/atencion_cidadan/Rexistro_Intereses/Ano_2019/Pablo_Abuin_Raton._Causas_de_posible_incompatibilidade.pdf\">Declaraci&oacute;n de causas de posible incompatibilidad</a></p>\r\n<p>&nbsp;</p>\r\n<p><strong>DIRECTOR DA &Aacute;REA DE R&Eacute;XIME INTERIOR</strong></p>\r\n<p><strong>Juan Carlos Porr&uacute;a Pardal</strong></p>\r\n<p><a title=\"Declaraci&oacute;n de bienes patrimoniales\" href=\"http://www.santiagodecompostela.gal/medi/departamento/atencion_cidadan/Rexistro_Intereses/Ano_2019/Juan_Carlos_Porrua_Pardal._Declaracion_de_bens.pdf\">Declaraci&oacute;n de bienes patrimoniales</a></p>\r\n<p><a title=\"Declaraci&oacute;n de causas de posible incompatibilidad\" href=\"http://www.santiagodecompostela.gal/medi/departamento/atencion_cidadan/Rexistro_Intereses/Ano_2019/Juan_Carlos_Porrua_Pardal._Causas_incompatibiliade.pdf\">Declaraci&oacute;n de causas de posible incompatibilidad</a></p>\r\n<p>&nbsp;</p>\r\n<p><strong>COORDINADOR XERAL</strong></p>\r\n<p><strong>Xos&eacute; Ant&oacute;n Freire Ramos</strong></p>\r\n<p><a title=\"Declaraci&oacute;n de causas de posible incompatibilidad y de bienes patrimoniales\" href=\"http://www.santiagodecompostela.gal/medi/departamento/atencion_cidadan/Rexistro_Intereses/Corporacion_2023-2027/Xose_Anton_Freire_Ramos.pdf\">Declaraci&oacute;n de causas de posible incompatibilidad y de bienes patrimoniales</a></p>','','','',0,5);

--
