(16889,'2023-05-15','log_abertool_15-05-2023','../archivos_log/log_abertool_15-05-2023.txt'),(16890,'2023-05-15','log_abertool_15-05-2023','../archivos_log/log_abertool_15-05-2023.txt'),(16891,'2023-05-16','log_abertool_16-05-2023','../archivos_log/log_abertool_16-05-2023.txt'),(16892,'2023-05-19','log_abertool_19-05-2023','../archivos_log/log_abertool_19-05-2023.txt'),(16893,'2023-05-19','log_abertool_19-05-2023','../archivos_log/log_abertool_19-05-2023.txt'),(16894,'2023-05-22','log_abertool_22-05-2023','../archivos_log/log_abertool_22-05-2023.txt'),(16895,'2023-05-22','log_abertool_22-05-2023','../archivos_log/log_abertool_22-05-2023.txt'),(16896,'2023-05-23','log_abertool_23-05-2023','../archivos_log/log_abertool_23-05-2023.txt'),(16897,'2023-05-24','log_abertool_24-05-2023','../archivos_log/log_abertool_24-05-2023.txt'),(16898,'2023-05-24','log_abertool_24-05-2023','../archivos_log/log_abertool_24-05-2023.txt'),(16899,'2023-05-24','log_abertool_24-05-2023','../archivos_log/log_abertool_24-05-2023.txt'),(16900,'2023-05-26','log_abertool_26-05-2023','../archivos_log/log_abertool_26-05-2023.txt'),(16901,'2023-05-26','log_abertool_26-05-2023','../archivos_log/log_abertool_26-05-2023.txt'),(16902,'2023-05-26','log_abertool_26-05-2023','../archivos_log/log_abertool_26-05-2023.txt'),(16903,'2023-05-31','log_abertool_31-05-2023','../archivos_log/log_abertool_31-05-2023.txt'),(16904,'2023-05-31','log_abertool_31-05-2023','../archivos_log/log_abertool_31-05-2023.txt'),(16905,'2023-05-31','log_abertool_31-05-2023','../archivos_log/log_abertool_31-05-2023.txt'),(16906,'2023-05-31','log_abertool_31-05-2023','../archivos_log/log_abertool_31-05-2023.txt'),(16907,'2023-05-31','log_abertool_31-05-2023','../archivos_log/log_abertool_31-05-2023.txt'),(16908,'2023-06-01','log_abertool_01-06-2023','../archivos_log/log_abertool_01-06-2023.txt'),(16909,'2023-06-02','log_abertool_02-06-2023','../archivos_log/log_abertool_02-06-2023.txt'),(16910,'2023-06-02','log_abertool_02-06-2023','../archivos_log/log_abertool_02-06-2023.txt'),(16911,'2023-06-02','log_abertool_02-06-2023','../archivos_log/log_abertool_02-06-2023.txt'),(16912,'2023-06-02','log_abertool_02-06-2023','../archivos_log/log_abertool_02-06-2023.txt'),(16913,'2023-06-02','log_abertool_02-06-2023','../archivos_log/log_abertool_02-06-2023.txt'),(16914,'2023-06-05','log_abertool_05-06-2023','../archivos_log/log_abertool_05-06-2023.txt'),(16915,'2023-06-05','log_abertool_05-06-2023','../archivos_log/log_abertool_05-06-2023.txt'),(16916,'2023-06-05','log_abertool_05-06-2023','../archivos_log/log_abertool_05-06-2023.txt'),(16917,'2023-06-05','log_abertool_05-06-2023','../archivos_log/log_abertool_05-06-2023.txt'),(16918,'2023-06-05','log_abertool_05-06-2023','../archivos_log/log_abertool_05-06-2023.txt'),(16919,'2023-06-05','log_abertool_05-06-2023','../archivos_log/log_abertool_05-06-2023.txt'),(16920,'2023-06-05','log_abertool_05-06-2023','../archivos_log/log_abertool_05-06-2023.txt'),(16921,'2023-06-05','log_abertool_05-06-2023','../archivos_log/log_abertool_05-06-2023.txt'),(16922,'2023-06-06','log_abertool_06-06-2023','../archivos_log/log_abertool_06-06-2023.txt'),(16923,'2023-06-06','log_abertool_06-06-2023','../archivos_log/log_abertool_06-06-2023.txt'),(16924,'2023-06-06','log_abertool_06-06-2023','../archivos_log/log_abertool_06-06-2023.txt'),(16925,'2023-06-06','log_abertool_06-06-2023','../archivos_log/log_abertool_06-06-2023.txt'),(16926,'2023-06-06','log_abertool_06-06-2023','../archivos_log/log_abertool_06-06-2023.txt'),(16927,'2023-06-06','log_abertool_06-06-2023','../archivos_log/log_abertool_06-06-2023.txt'),(16928,'2023-06-06','log_abertool_06-06-2023','../archivos_log/log_abertool_06-06-2023.txt'),(16929,'2023-06-06','log_abertool_06-06-2023','../archivos_log/log_abertool_06-06-2023.txt'),(16930,'2023-06-06','log_abertool_06-06-2023','../archivos_log/log_abertool_06-06-2023.txt'),(16931,'2023-06-06','log_abertool_06-06-2023','../archivos_log/log_abertool_06-06-2023.txt'),(16932,'2023-06-07','log_abertool_07-06-2023','../archivos_log/log_abertool_07-06-2023.txt'),(16933,'2023-06-09','log_abertool_09-06-2023','../archivos_log/log_abertool_09-06-2023.txt'),(16934,'2023-06-09','log_abertool_09-06-2023','../archivos_log/log_abertool_09-06-2023.txt'),(16935,'2023-06-09','log_abertool_09-06-2023','../archivos_log/log_abertool_09-06-2023.txt'),(16936,'2023-06-12','log_abertool_12-06-2023','../archivos_log/log_abertool_12-06-2023.txt'),(16937,'2023-06-14','log_abertool_14-06-2023','../archivos_log/log_abertool_14-06-2023.txt'),(16938,'2023-06-14','log_abertool_14-06-2023','../archivos_log/log_abertool_14-06-2023.txt'),(16939,'2023-06-14','log_abertool_14-06-2023','../archivos_log/log_abertool_14-06-2023.txt'),(16940,'2023-06-14','log_abertool_14-06-2023','../archivos_log/log_abertool_14-06-2023.txt'),(16941,'2023-06-14','log_abertool_14-06-2023','../archivos_log/log_abertool_14-06-2023.txt'),(16942,'2023-06-14','log_abertool_14-06-2023','../archivos_log/log_abertool_14-06-2023.txt'),(16943,'2023-06-14','log_abertool_14-06-2023','../archivos_log/log_abertool_14-06-2023.txt'),(16944,'2023-06-21','log_abertool_21-06-2023','../archivos_log/log_abertool_21-06-2023.txt'),(16945,'2023-06-21','log_abertool_21-06-2023','../archivos_log/log_abertool_21-06-2023.txt'),(16946,'2023-06-21','log_abertool_21-06-2023','../archivos_log/log_abertool_21-06-2023.txt'),(16947,'2023-06-21','log_abertool_21-06-2023','../archivos_log/log_abertool_21-06-2023.txt'),(16948,'2023-06-21','log_abertool_21-06-2023','../archivos_log/log_abertool_21-06-2023.txt'),(16949,'2023-06-21','log_abertool_21-06-2023','../archivos_log/log_abertool_21-06-2023.txt'),(16950,'2023-06-21','log_abertool_21-06-2023','../archivos_log/log_abertool_21-06-2023.txt'),(16951,'2023-06-21','log_abertool_21-06-2023','../archivos_log/log_abertool_21-06-2023.txt'),(16952,'2023-06-21','log_abertool_21-06-2023','../archivos_log/log_abertool_21-06-2023.txt'),(16953,'2023-06-21','log_abertool_21-06-2023','../archivos_log/log_abertool_21-06-2023.txt'),(16954,'2023-06-22','log_abertool_22-06-2023','../archivos_log/log_abertool_22-06-2023.txt'),(16955,'2023-06-22','log_abertool_22-06-2023','../archivos_log/log_abertool_22-06-2023.txt'),(16956,'2023-06-22','log_abertool_22-06-2023','../archivos_log/log_abertool_22-06-2023.txt'),(16957,'2023-06-22','log_abertool_22-06-2023','../archivos_log/log_abertool_22-06-2023.txt'),(16958,'2023-06-22','log_abertool_22-06-2023','../archivos_log/log_abertool_22-06-2023.txt'),(16959,'2023-06-22','log_abertool_22-06-2023','../archivos_log/log_abertool_22-06-2023.txt'),(16960,'2023-06-22','log_abertool_22-06-2023','../archivos_log/log_abertool_22-06-2023.txt'),(16961,'2023-06-22','log_abertool_22-06-2023','../archivos_log/log_abertool_22-06-2023.txt'),(16962,'2023-06-22','log_abertool_22-06-2023','../archivos_log/log_abertool_22-06-2023.txt'),(16963,'2023-06-22','log_abertool_22-06-2023','../archivos_log/log_abertool_22-06-2023.txt'),(16964,'2023-06-22','log_abertool_22-06-2023','../archivos_log/log_abertool_22-06-2023.txt'),(16965,'2023-06-22','log_abertool_22-06-2023','../archivos_log/log_abertool_22-06-2023.txt'),(16966,'2023-06-22','log_abertool_22-06-2023','../archivos_log/log_abertool_22-06-2023.txt'),(16967,'2023-06-22','log_abertool_22-06-2023','../archivos_log/log_abertool_22-06-2023.txt'),(16968,'2023-06-22','log_abertool_22-06-2023','../archivos_log/log_abertool_22-06-2023.txt'),(16969,'2023-06-22','log_abertool_22-06-2023','../archivos_log/log_abertool_22-06-2023.txt'),(16970,'2023-06-22','log_abertool_22-06-2023','../archivos_log/log_abertool_22-06-2023.txt'),(16971,'2023-06-23','log_abertool_23-06-2023','../archivos_log/log_abertool_23-06-2023.txt'),(16972,'2023-06-23','log_abertool_23-06-2023','../archivos_log/log_abertool_23-06-2023.txt'),(16973,'2023-06-23','log_abertool_23-06-2023','../archivos_log/log_abertool_23-06-2023.txt'),(16974,'2023-06-23','log_abertool_23-06-2023','../archivos_log/log_abertool_23-06-2023.txt'),(16975,'2023-06-23','log_abertool_23-06-2023','../archivos_log/log_abertool_23-06-2023.txt'),(16976,'2023-06-23','log_abertool_23-06-2023','../archivos_log/log_abertool_23-06-2023.txt'),(16977,'2023-06-23','log_abertool_23-06-2023','../archivos_log/log_abertool_23-06-2023.txt'),(16978,'2023-06-23','log_abertool_23-06-2023','../archivos_log/log_abertool_23-06-2023.txt'),(16979,'2023-06-23','log_abertool_23-06-2023','../archivos_log/log_abertool_23-06-2023.txt'),(16980,'2023-06-23','log_abertool_23-06-2023','../archivos_log/log_abertool_23-06-2023.txt'),(16981,'2023-06-23','log_abertool_23-06-2023','../archivos_log/log_abertool_23-06-2023.txt'),(16982,'2023-06-23','log_abertool_23-06-2023','../archivos_log/log_abertool_23-06-2023.txt'),(16983,'2023-06-23','log_abertool_23-06-2023','../archivos_log/log_abertool_23-06-2023.txt'),(16984,'2023-06-23','log_abertool_23-06-2023','../archivos_log/log_abertool_23-06-2023.txt'),(16985,'2023-06-23','log_abertool_23-06-2023','../archivos_log/log_abertool_23-06-2023.txt'),(16986,'2023-06-23','log_abertool_23-06-2023','../archivos_log/log_abertool_23-06-2023.txt'),(16987,'2023-06-26','log_abertool_26-06-2023','../archivos_log/log_abertool_26-06-2023.txt'),(16988,'2023-06-26','log_abertool_26-06-2023','../archivos_log/log_abertool_26-06-2023.txt'),(16989,'2023-06-26','log_abertool_26-06-2023','../archivos_log/log_abertool_26-06-2023.txt'),(16990,'2023-06-26','log_abertool_26-06-2023','../archivos_log/log_abertool_26-06-2023.txt'),(16991,'2023-06-26','log_abertool_26-06-2023','../archivos_log/log_abertool_26-06-2023.txt'),(16992,'2023-06-26','log_abertool_26-06-2023','../archivos_log/log_abertool_26-06-2023.txt'),(16993,'2023-06-26','log_abertool_26-06-2023','../archivos_log/log_abertool_26-06-2023.txt'),(16994,'2023-06-26','log_abertool_26-06-2023','../archivos_log/log_abertool_26-06-2023.txt'),(16995,'2023-06-26','log_abertool_26-06-2023','../archivos_log/log_abertool_26-06-2023.txt'),(16996,'2023-06-26','log_abertool_26-06-2023','../archivos_log/log_abertool_26-06-2023.txt'),(16997,'2023-06-26','log_abertool_26-06-2023','../archivos_log/log_abertool_26-06-2023.txt'),(16998,'2023-06-26','log_abertool_26-06-2023','../archivos_log/log_abertool_26-06-2023.txt'),(16999,'2023-06-26','log_abertool_26-06-2023','../archivos_log/log_abertool_26-06-2023.txt'),(17000,'2023-06-26','log_abertool_26-06-2023','../archivos_log/log_abertool_26-06-2023.txt'),(17001,'2023-06-26','log_abertool_26-06-2023','../archivos_log/log_abertool_26-06-2023.txt'),(17002,'2023-06-26','log_abertool_26-06-2023','../archivos_log/log_abertool_26-06-2023.txt'),(17003,'2023-06-26','log_abertool_26-06-2023','../archivos_log/log_abertool_26-06-2023.txt'),(17004,'2023-06-26','log_abertool_26-06-2023','../archivos_log/log_abertool_26-06-2023.txt'),(17005,'2023-06-26','log_abertool_26-06-2023','../archivos_log/log_abertool_26-06-2023.txt'),(17006,'2023-06-26','log_abertool_26-06-2023','../archivos_log/log_abertool_26-06-2023.txt'),(17007,'2023-06-26','log_abertool_26-06-2023','../archivos_log/log_abertool_26-06-2023.txt'),(17008,'2023-06-26','log_abertool_26-06-2023','../archivos_log/log_abertool_26-06-2023.txt'),(17009,'2023-06-27','log_abertool_27-06-2023','../archivos_log/log_abertool_27-06-2023.txt'),(17010,'2023-06-27','log_abertool_27-06-2023','../archivos_log/log_abertool_27-06-2023.txt'),(17011,'2023-06-27','log_abertool_27-06-2023','../archivos_log/log_abertool_27-06-2023.txt'),(17012,'2023-06-27','log_abertool_27-06-2023','../archivos_log/log_abertool_27-06-2023.txt'),(17013,'2023-06-27','log_abertool_27-06-2023','../archivos_log/log_abertool_27-06-2023.txt'),(17014,'2023-06-27','log_abertool_27-06-2023','../archivos_log/log_abertool_27-06-2023.txt'),(17015,'2023-06-27','log_abertool_27-06-2023','../archivos_log/log_abertool_27-06-2023.txt'),(17016,'2023-06-27','log_abertool_27-06-2023','../archivos_log/log_abertool_27-06-2023.txt'),(17017,'2023-06-28','log_abertool_28-06-2023','../archivos_log/log_abertool_28-06-2023.txt'),(17018,'2023-06-28','log_abertool_28-06-2023','../archivos_log/log_abertool_28-06-2023.txt'),(17019,'2023-06-28','log_abertool_28-06-2023','../archivos_log/log_abertool_28-06-2023.txt'),(17020,'2023-06-28','log_abertool_28-06-2023','../archivos_log/log_abertool_28-06-2023.txt'),(17021,'2023-06-28','log_abertool_28-06-2023','../archivos_log/log_abertool_28-06-2023.txt'),(17022,'2023-06-28','log_abertool_28-06-2023','../archivos_log/log_abertool_28-06-2023.txt'),(17023,'2023-06-28','log_abertool_28-06-2023','../archivos_log/log_abertool_28-06-2023.txt'),(17024,'2023-06-28','log_abertool_28-06-2023','../archivos_log/log_abertool_28-06-2023.txt'),(17025,'2023-06-28','log_abertool_28-06-2023','../archivos_log/log_abertool_28-06-2023.txt'),(17026,'2023-06-28','log_abertool_28-06-2023','../archivos_log/log_abertool_28-06-2023.txt'),(17027,'2023-06-28','log_abertool_28-06-2023','../archivos_log/log_abertool_28-06-2023.txt'),(17028,'2023-06-28','log_abertool_28-06-2023','../archivos_log/log_abertool_28-06-2023.txt'),(17029,'2023-06-28','log_abertool_28-06-2023','../archivos_log/log_abertool_28-06-2023.txt'),(17030,'2023-06-28','log_abertool_28-06-2023','../archivos_log/log_abertool_28-06-2023.txt'),(17031,'2023-06-28','log_abertool_28-06-2023','../archivos_log/log_abertool_28-06-2023.txt'),(17032,'2023-06-28','log_abertool_28-06-2023','../archivos_log/log_abertool_28-06-2023.txt'),(17033,'2023-06-28','log_abertool_28-06-2023','../archivos_log/log_abertool_28-06-2023.txt'),(17034,'2023-06-28','log_abertool_28-06-2023','../archivos_log/log_abertool_28-06-2023.txt'),(17035,'2023-06-28','log_abertool_28-06-2023','../archivos_log/log_abertool_28-06-2023.txt'),(17036,'2023-06-28','log_abertool_28-06-2023','../archivos_log/log_abertool_28-06-2023.txt'),(17037,'2023-06-28','log_abertool_28-06-2023','../archivos_log/log_abertool_28-06-2023.txt'),(17038,'2023-06-28','log_abertool_28-06-2023','../archivos_log/log_abertool_28-06-2023.txt'),(17039,'2023-06-28','log_abertool_28-06-2023','../archivos_log/log_abertool_28-06-2023.txt'),(17040,'2023-06-28','log_abertool_28-06-2023','../archivos_log/log_abertool_28-06-2023.txt'),(17041,'2023-06-28','log_abertool_28-06-2023','../archivos_log/log_abertool_28-06-2023.txt'),(17042,'2023-06-28','log_abertool_28-06-2023','../archivos_log/log_abertool_28-06-2023.txt'),(17043,'2023-06-28','log_abertool_28-06-2023','../archivos_log/log_abertool_28-06-2023.txt'),(17044,'2023-06-28','log_abertool_28-06-2023','../archivos_log/log_abertool_28-06-2023.txt'),(17045,'2023-06-28','log_abertool_28-06-2023','../archivos_log/log_abertool_28-06-2023.txt'),(17046,'2023-06-28','log_abertool_28-06-2023','../archivos_log/log_abertool_28-06-2023.txt'),(17047,'2023-06-28','log_abertool_28-06-2023','../archivos_log/log_abertool_28-06-2023.txt'),(17048,'2023-06-28','log_abertool_28-06-2023','../archivos_log/log_abertool_28-06-2023.txt'),(17049,'2023-06-28','log_abertool_28-06-2023','../archivos_log/log_abertool_28-06-2023.txt'),(17050,'2023-06-28','log_abertool_28-06-2023','../archivos_log/log_abertool_28-06-2023.txt'),(17051,'2023-06-29','log_abertool_29-06-2023','../archivos_log/log_abertool_29-06-2023.txt'),(17052,'2023-06-29','log_abertool_29-06-2023','../archivos_log/log_abertool_29-06-2023.txt'),(17053,'2023-06-29','log_abertool_29-06-2023','../archivos_log/log_abertool_29-06-2023.txt'),(17054,'2023-06-29','log_abertool_29-06-2023','../archivos_log/log_abertool_29-06-2023.txt'),(17055,'2023-06-29','log_abertool_29-06-2023','../archivos_log/log_abertool_29-06-2023.txt'),(17056,'2023-06-29','log_abertool_29-06-2023','../archivos_log/log_abertool_29-06-2023.txt'),(17057,'2023-06-29','log_abertool_29-06-2023','../archivos_log/log_abertool_29-06-2023.txt'),(17058,'2023-06-29','log_abertool_29-06-2023','../archivos_log/log_abertool_29-06-2023.txt'),(17059,'2023-06-29','log_abertool_29-06-2023','../archivos_log/log_abertool_29-06-2023.txt'),(17060,'2023-06-29','log_abertool_29-06-2023','../archivos_log/log_abertool_29-06-2023.txt'),(17061,'2023-06-29','log_abertool_29-06-2023','../archivos_log/log_abertool_29-06-2023.txt'),(17062,'2023-06-29','log_abertool_29-06-2023','../archivos_log/log_abertool_29-06-2023.txt'),(17063,'2023-06-29','log_abertool_29-06-2023','../archivos_log/log_abertool_29-06-2023.txt'),(17064,'2023-06-30','log_abertool_30-06-2023','../archivos_log/log_abertool_30-06-2023.txt'),(17065,'2023-06-30','log_abertool_30-06-2023','../archivos_log/log_abertool_30-06-2023.txt'),(17066,'2023-06-30','log_abertool_30-06-2023','../archivos_log/log_abertool_30-06-2023.txt'),(17067,'2023-06-30','log_abertool_30-06-2023','../archivos_log/log_abertool_30-06-2023.txt'),(17068,'2023-06-30','log_abertool_30-06-2023','../archivos_log/log_abertool_30-06-2023.txt'),(17069,'2023-06-30','log_abertool_30-06-2023','../archivos_log/log_abertool_30-06-2023.txt'),(17070,'2023-06-30','log_abertool_30-06-2023','../archivos_log/log_abertool_30-06-2023.txt'),(17071,'2023-06-30','log_abertool_30-06-2023','../archivos_log/log_abertool_30-06-2023.txt'),(17072,'2023-06-30','log_abertool_30-06-2023','../archivos_log/log_abertool_30-06-2023.txt'),(17073,'2023-06-30','log_abertool_30-06-2023','../archivos_log/log_abertool_30-06-2023.txt'),(17074,'2023-06-30','log_abertool_30-06-2023','../archivos_log/log_abertool_30-06-2023.txt'),(17075,'2023-07-03','log_abertool_03-07-2023','../archivos_log/log_abertool_03-07-2023.txt'),(17076,'2023-07-03','log_abertool_03-07-2023','../archivos_log/log_abertool_03-07-2023.txt'),(17077,'2023-07-03','log_abertool_03-07-2023','../archivos_log/log_abertool_03-07-2023.txt'),(17078,'2023-07-03','log_abertool_03-07-2023','../archivos_log/log_abertool_03-07-2023.txt'),(17079,'2023-07-03','log_abertool_03-07-2023','../archivos_log/log_abertool_03-07-2023.txt'),(17080,'2023-07-03','log_abertool_03-07-2023','../archivos_log/log_abertool_03-07-2023.txt'),(17081,'2023-07-04','log_abertool_04-07-2023','../archivos_log/log_abertool_04-07-2023.txt'),(17082,'2023-07-04','log_abertool_04-07-2023','../archivos_log/log_abertool_04-07-2023.txt'),(17083,'2023-07-04','log_abertool_04-07-2023','../archivos_log/log_abertool_04-07-2023.txt'),(17084,'2023-07-04','log_abertool_04-07-2023','../archivos_log/log_abertool_04-07-2023.txt'),(17085,'2023-07-04','log_abertool_04-07-2023','../archivos_log/log_abertool_04-07-2023.txt'),(17086,'2023-07-04','log_abertool_04-07-2023','../archivos_log/log_abertool_04-07-2023.txt'),(17087,'2023-07-04','log_abertool_04-07-2023','../archivos_log/log_abertool_04-07-2023.txt'),(17088,'2023-07-04','log_abertool_04-07-2023','../archivos_log/log_abertool_04-07-2023.txt'),(17089,'2023-07-04','log_abertool_04-07-2023','../archivos_log/log_abertool_04-07-2023.txt'),(17090,'2023-07-04','log_abertool_04-07-2023','../archivos_log/log_abertool_04-07-2023.txt'),(17091,'2023-07-05','log_abertool_05-07-2023','../archivos_log/log_abertool_05-07-2023.txt'),(17092,'2023-07-05','log_abertool_05-07-2023','../archivos_log/log_abertool_05-07-2023.txt'),(17093,'2023-07-05','log_abertool_05-07-2023','../archivos_log/log_abertool_05-07-2023.txt'),(17094,'2023-07-05','log_abertool_05-07-2023','../archivos_log/log_abertool_05-07-2023.txt'),(17095,'2023-07-07','log_abertool_07-07-2023','../archivos_log/log_abertool_07-07-2023.txt'),(17096,'2023-07-10','log_abertool_10-07-2023','../archivos_log/log_abertool_10-07-2023.txt'),(17097,'2023-07-10','log_abertool_10-07-2023','../archivos_log/log_abertool_10-07-2023.txt'),(17098,'2023-07-10','log_abertool_10-07-2023','../archivos_log/log_abertool_10-07-2023.txt'),(17099,'2023-07-10','log_abertool_10-07-2023','../archivos_log/log_abertool_10-07-2023.txt'),(17100,'2023-07-10','log_abertool_10-07-2023','../archivos_log/log_abertool_10-07-2023.txt'),(17101,'2023-07-10','log_abertool_10-07-2023','../archivos_log/log_abertool_10-07-2023.txt'),(17102,'2023-07-10','log_abertool_10-07-2023','../archivos_log/log_abertool_10-07-2023.txt'),(17103,'2023-07-10','log_abertool_10-07-2023','../archivos_log/log_abertool_10-07-2023.txt'),(17104,'2023-07-10','log_abertool_10-07-2023','../archivos_log/log_abertool_10-07-2023.txt'),(17105,'2023-07-10','log_abertool_10-07-2023','../archivos_log/log_abertool_10-07-2023.txt'),(17106,'2023-07-11','log_abertool_11-07-2023','../archivos_log/log_abertool_11-07-2023.txt'),(17107,'2023-07-11','log_abertool_11-07-2023','../archivos_log/log_abertool_11-07-2023.txt'),(17108,'2023-07-11','log_abertool_11-07-2023','../archivos_log/log_abertool_11-07-2023.txt'),(17109,'2023-07-12','log_abertool_12-07-2023','../archivos_log/log_abertool_12-07-2023.txt'),(17110,'2023-07-17','log_abertool_17-07-2023','../archivos_log/log_abertool_17-07-2023.txt'),(17111,'2023-07-17','log_abertool_17-07-2023','../archivos_log/log_abertool_17-07-2023.txt'),(17112,'2023-07-21','log_abertool_21-07-2023','../archivos_log/log_abertool_21-07-2023.txt'),(17113,'2023-07-24','log_abertool_24-07-2023','../archivos_log/log_abertool_24-07-2023.txt'),(17114,'2023-07-26','log_abertool_26-07-2023','../archivos_log/log_abertool_26-07-2023.txt'),(17115,'2023-07-27','log_abertool_27-07-2023','../archivos_log/log_abertool_27-07-2023.txt'),(17116,'2023-07-27','log_abertool_27-07-2023','../archivos_log/log_abertool_27-07-2023.txt'),(17117,'2023-07-27','log_abertool_27-07-2023','../archivos_log/log_abertool_27-07-2023.txt'),(17118,'2023-07-27','log_abertool_27-07-2023','../archivos_log/log_abertool_27-07-2023.txt'),(17119,'2023-07-27','log_abertool_27-07-2023','../archivos_log/log_abertool_27-07-2023.txt'),(17120,'2023-07-27','log_abertool_27-07-2023','../archivos_log/log_abertool_27-07-2023.txt'),(17121,'2023-07-27','log_abertool_27-07-2023','../archivos_log/log_abertool_27-07-2023.txt'),(17122,'2023-07-27','log_abertool_27-07-2023','../archivos_log/log_abertool_27-07-2023.txt'),(17123,'2023-07-27','log_abertool_27-07-2023','../archivos_log/log_abertool_27-07-2023.txt'),(17124,'2023-07-27','log_abertool_27-07-2023','../archivos_log/log_abertool_27-07-2023.txt'),(17125,'2023-07-27','log_abertool_27-07-2023','../archivos_log/log_abertool_27-07-2023.txt'),(17126,'2023-07-27','log_abertool_27-07-2023','../archivos_log/log_abertool_27-07-2023.txt'),(17127,'2023-07-28','log_abertool_28-07-2023','../archivos_log/log_abertool_28-07-2023.txt'),(17128,'2023-07-31','log_abertool_31-07-2023','../archivos_log/log_abertool_31-07-2023.txt'),(17129,'2023-07-31','log_abertool_31-07-2023','../archivos_log/log_abertool_31-07-2023.txt'),(17130,'2023-07-31','log_abertool_31-07-2023','../archivos_log/log_abertool_31-07-2023.txt'),(17131,'2023-07-31','log_abertool_31-07-2023','../archivos_log/log_abertool_31-07-2023.txt'),(17132,'2023-08-04','log_abertool_04-08-2023','../archivos_log/log_abertool_04-08-2023.txt'),(17133,'2023-08-04','log_abertool_04-08-2023','../archivos_log/log_abertool_04-08-2023.txt'),(17134,'2023-08-04','log_abertool_04-08-2023','../archivos_log/log_abertool_04-08-2023.txt'),(17135,'2023-08-07','log_abertool_07-08-2023','../archivos_log/log_abertool_07-08-2023.txt'),(17136,'2023-08-07','log_abertool_07-08-2023','../archivos_log/log_abertool_07-08-2023.txt'),(17137,'2023-08-07','log_abertool_07-08-2023','../archivos_log/log_abertool_07-08-2023.txt'),(17138,'2023-08-18','log_abertool_18-08-2023','../archivos_log/log_abertool_18-08-2023.txt'),(17139,'2023-08-21','log_abertool_21-08-2023','../archivos_log/log_abertool_21-08-2023.txt'),(17140,'2023-08-21','log_abertool_21-08-2023','../archivos_log/log_abertool_21-08-2023.txt'),(17141,'2023-08-22','log_abertool_22-08-2023','../archivos_log/log_abertool_22-08-2023.txt'),(17142,'2023-08-22','log_abertool_22-08-2023','../archivos_log/log_abertool_22-08-2023.txt'),(17143,'2023-08-22','log_abertool_22-08-2023','../archivos_log/log_abertool_22-08-2023.txt'),(17144,'2023-08-22','log_abertool_22-08-2023','../archivos_log/log_abertool_22-08-2023.txt'),(17145,'2023-08-22','log_abertool_22-08-2023','../archivos_log/log_abertool_22-08-2023.txt'),(17146,'2023-08-22','log_abertool_22-08-2023','../archivos_log/log_abertool_22-08-2023.txt'),(17147,'2023-08-22','log_abertool_22-08-2023','../archivos_log/log_abertool_22-08-2023.txt'),(17148,'2023-08-22','log_abertool_22-08-2023','../archivos_log/log_abertool_22-08-2023.txt'),(17149,'2023-08-22','log_abertool_22-08-2023','../archivos_log/log_abertool_22-08-2023.txt'),(17150,'2023-08-22','log_abertool_22-08-2023','../archivos_log/log_abertool_22-08-2023.txt'),(17151,'2023-08-22','log_abertool_22-08-2023','../archivos_log/log_abertool_22-08-2023.txt'),(17152,'2023-08-22','log_abertool_22-08-2023','../archivos_log/log_abertool_22-08-2023.txt'),(17153,'2023-08-23','log_abertool_23-08-2023','../archivos_log/log_abertool_23-08-2023.txt'),(17154,'2023-08-23','log_abertool_23-08-2023','../archivos_log/log_abertool_23-08-2023.txt'),(17155,'2023-08-23','log_abertool_23-08-2023','../archivos_log/log_abertool_23-08-2023.txt'),(17156,'2023-08-23','log_abertool_23-08-2023','../archivos_log/log_abertool_23-08-2023.txt'),(17157,'2023-08-23','log_abertool_23-08-2023','../archivos_log/log_abertool_23-08-2023.txt'),(17158,'2023-08-23','log_abertool_23-08-2023','../archivos_log/log_abertool_23-08-2023.txt'),(17159,'2023-08-23','log_abertool_23-08-2023','../archivos_log/log_abertool_23-08-2023.txt'),(17160,'2023-08-23','log_abertool_23-08-2023','../archivos_log/log_abertool_23-08-2023.txt'),(17161,'2023-08-23','log_abertool_23-08-2023','../archivos_log/log_abertool_23-08-2023.txt'),(17162,'2023-08-23','log_abertool_23-08-2023','../archivos_log/log_abertool_23-08-2023.txt'),(17163,'2023-08-23','log_abertool_23-08-2023','../archivos_log/log_abertool_23-08-2023.txt'),(17164,'2023-08-23','log_abertool_23-08-2023','../archivos_log/log_abertool_23-08-2023.txt'),(17165,'2023-08-23','log_abertool_23-08-2023','../archivos_log/log_abertool_23-08-2023.txt'),(17166,'2023-08-23','log_abertool_23-08-2023','../archivos_log/log_abertool_23-08-2023.txt'),(17167,'2023-08-23','log_abertool_23-08-2023','../archivos_log/log_abertool_23-08-2023.txt'),(17168,'2023-08-23','log_abertool_23-08-2023','../archivos_log/log_abertool_23-08-2023.txt'),(17169,'2023-08-23','log_abertool_23-08-2023','../archivos_log/log_abertool_23-08-2023.txt'),(17170,'2023-08-24','log_abertool_24-08-2023','../archivos_log/log_abertool_24-08-2023.txt'),(17171,'2023-08-25','log_abertool_25-08-2023','../archivos_log/log_abertool_25-08-2023.txt'),(17172,'2023-08-28','log_abertool_28-08-2023','../archivos_log/log_abertool_28-08-2023.txt'),(17173,'2023-08-28','log_abertool_28-08-2023','../archivos_log/log_abertool_28-08-2023.txt'),(17174,'2023-08-28','log_abertool_28-08-2023','../archivos_log/log_abertool_28-08-2023.txt'),(17175,'2023-08-31','log_abertool_31-08-2023','../archivos_log/log_abertool_31-08-2023.txt'),(17176,'2023-08-31','log_abertool_31-08-2023','../archivos_log/log_abertool_31-08-2023.txt'),(17177,'2023-08-31','log_abertool_31-08-2023','../archivos_log/log_abertool_31-08-2023.txt'),(17178,'2023-08-31','log_abertool_31-08-2023','../archivos_log/log_abertool_31-08-2023.txt'),(17179,'2023-08-31','log_abertool_31-08-2023','../archivos_log/log_abertool_31-08-2023.txt'),(17180,'2023-09-01','log_abertool_01-09-2023','../archivos_log/log_abertool_01-09-2023.txt'),(17181,'2023-09-01','log_abertool_01-09-2023','../archivos_log/log_abertool_01-09-2023.txt'),(17182,'2023-09-08','log_abertool_08-09-2023','../archivos_log/log_abertool_08-09-2023.txt'),(17183,'2023-09-08','log_abertool_08-09-2023','../archivos_log/log_abertool_08-09-2023.txt'),(17184,'2023-09-08','log_abertool_08-09-2023','../archivos_log/log_abertool_08-09-2023.txt'),(17185,'2023-09-08','log_abertool_08-09-2023','../archivos_log/log_abertool_08-09-2023.txt'),(17186,'2023-09-08','log_abertool_08-09-2023','../archivos_log/log_abertool_08-09-2023.txt'),(17187,'2023-09-11','log_abertool_11-09-2023','../archivos_log/log_abertool_11-09-2023.txt'),(17188,'2023-09-11','log_abertool_11-09-2023','../archivos_log/log_abertool_11-09-2023.txt'),(17189,'2023-09-11','log_abertool_11-09-2023','../archivos_log/log_abertool_11-09-2023.txt'),(17190,'2023-09-11','log_abertool_11-09-2023','../archivos_log/log_abertool_11-09-2023.txt'),(17191,'2023-09-11','log_abertool_11-09-2023','../archivos_log/log_abertool_11-09-2023.txt'),(17192,'2023-09-11','log_abertool_11-09-2023','../archivos_log/log_abertool_11-09-2023.txt'),(17193,'2023-09-11','log_abertool_11-09-2023','../archivos_log/log_abertool_11-09-2023.txt'),(17194,'2023-09-11','log_abertool_11-09-2023','../archivos_log/log_abertool_11-09-2023.txt'),(17195,'2023-09-11','log_abertool_11-09-2023','../archivos_log/log_abertool_11-09-2023.txt'),(17196,'2023-09-15','log_abertool_15-09-2023','../archivos_log/log_abertool_15-09-2023.txt'),(17197,'2023-09-15','log_abertool_15-09-2023','../archivos_log/log_abertool_15-09-2023.txt'),(17198,'2023-09-18','log_abertool_18-09-2023','../archivos_log/log_abertool_18-09-2023.txt'),(17199,'2023-09-18','log_abertool_18-09-2023','../archivos_log/log_abertool_18-09-2023.txt'),(17200,'2023-09-18','log_abertool_18-09-2023','../archivos_log/log_abertool_18-09-2023.txt'),(17201,'2023-09-18','log_abertool_18-09-2023','../archivos_log/log_abertool_18-09-2023.txt'),(17202,'2023-09-22','log_abertool_22-09-2023','../archivos_log/log_abertool_22-09-2023.txt'),(17203,'2023-09-25','log_abertool_25-09-2023','../archivos_log/log_abertool_25-09-2023.txt'),(17204,'2023-09-26','log_abertool_26-09-2023','../archivos_log/log_abertool_26-09-2023.txt'),(17205,'2023-09-26','log_abertool_26-09-2023','../archivos_log/log_abertool_26-09-2023.txt'),(17206,'2023-09-26','log_abertool_26-09-2023','../archivos_log/log_abertool_26-09-2023.txt'),(17207,'2023-09-26','log_abertool_26-09-2023','../archivos_log/log_abertool_26-09-2023.txt'),(17208,'2023-09-26','log_abertool_26-09-2023','../archivos_log/log_abertool_26-09-2023.txt'),(17209,'2023-09-28','log_abertool_28-09-2023','../archivos_log/log_abertool_28-09-2023.txt'),(17210,'2023-09-28','log_abertool_28-09-2023','../archivos_log/log_abertool_28-09-2023.txt'),(17211,'2023-09-28','log_abertool_28-09-2023','../archivos_log/log_abertool_28-09-2023.txt'),(17212,'2023-09-28','log_abertool_28-09-2023','../archivos_log/log_abertool_28-09-2023.txt'),(17213,'2023-09-29','log_abertool_29-09-2023','../archivos_log/log_abertool_29-09-2023.txt'),(17214,'2023-09-29','log_abertool_29-09-2023','../archivos_log/log_abertool_29-09-2023.txt'),(17215,'2023-09-29','log_abertool_29-09-2023','../archivos_log/log_abertool_29-09-2023.txt'),(17216,'2023-10-02','log_abertool_02-10-2023','../archivos_log/log_abertool_02-10-2023.txt'),(17217,'2023-10-02','log_abertool_02-10-2023','../archivos_log/log_abertool_02-10-2023.txt'),(17218,'2023-10-04','log_abertool_04-10-2023','../archivos_log/log_abertool_04-10-2023.txt'),(17219,'2023-10-04','log_abertool_04-10-2023','../archivos_log/log_abertool_04-10-2023.txt'),(17220,'2023-10-04','log_abertool_04-10-2023','../archivos_log/log_abertool_04-10-2023.txt'),(17221,'2023-10-05','log_abertool_05-10-2023','../archivos_log/log_abertool_05-10-2023.txt'),(17222,'2023-10-05','log_abertool_05-10-2023','../archivos_log/log_abertool_05-10-2023.txt'),(17223,'2023-10-06','log_abertool_06-10-2023','../archivos_log/log_abertool_06-10-2023.txt'),(17224,'2023-10-09','log_abertool_09-10-2023','../archivos_log/log_abertool_09-10-2023.txt'),(17225,'2023-10-09','log_abertool_09-10-2023','../archivos_log/log_abertool_09-10-2023.txt'),(17226,'2023-10-13','log_abertool_13-10-2023','../archivos_log/log_abertool_13-10-2023.txt'),(17227,'2023-10-13','log_abertool_13-10-2023','../archivos_log/log_abertool_13-10-2023.txt'),(17228,'2023-10-13','log_abertool_13-10-2023','../archivos_log/log_abertool_13-10-2023.txt'),(17229,'2023-10-13','log_abertool_13-10-2023','../archivos_log/log_abertool_13-10-2023.txt'),(17230,'2023-10-13','log_abertool_13-10-2023','../archivos_log/log_abertool_13-10-2023.txt'),(17231,'2023-10-13','log_abertool_13-10-2023','../archivos_log/log_abertool_13-10-2023.txt'),(17232,'2023-10-13','log_abertool_13-10-2023','../archivos_log/log_abertool_13-10-2023.txt'),(17233,'2023-10-13','log_abertool_13-10-2023','../archivos_log/log_abertool_13-10-2023.txt'),(17234,'2023-10-13','log_abertool_13-10-2023','../archivos_log/log_abertool_13-10-2023.txt'),(17235,'2023-10-13','log_abertool_13-10-2023','../archivos_log/log_abertool_13-10-2023.txt'),(17236,'2023-10-13','log_abertool_13-10-2023','../archivos_log/log_abertool_13-10-2023.txt'),(17237,'2023-10-13','log_abertool_13-10-2023','../archivos_log/log_abertool_13-10-2023.txt'),(17238,'2023-10-13','log_abertool_13-10-2023','../archivos_log/log_abertool_13-10-2023.txt'),(17239,'2023-10-13','log_abertool_13-10-2023','../archivos_log/log_abertool_13-10-2023.txt'),(17240,'2023-10-13','log_abertool_13-10-2023','../archivos_log/log_abertool_13-10-2023.txt'),(17241,'2023-10-16','log_abertool_16-10-2023','../archivos_log/log_abertool_16-10-2023.txt'),(17242,'2023-10-16','log_abertool_16-10-2023','../archivos_log/log_abertool_16-10-2023.txt'),(17243,'2023-10-16','log_abertool_16-10-2023','../archivos_log/log_abertool_16-10-2023.txt'),(17244,'2023-10-16','log_abertool_16-10-2023','../archivos_log/log_abertool_16-10-2023.txt'),(17245,'2023-10-17','log_abertool_17-10-2023','../archivos_log/log_abertool_17-10-2023.txt'),(17246,'2023-10-17','log_abertool_17-10-2023','../archivos_log/log_abertool_17-10-2023.txt'),(17247,'2023-10-17','log_abertool_17-10-2023','../archivos_log/log_abertool_17-10-2023.txt'),(17248,'2023-10-17','log_abertool_17-10-2023','../archivos_log/log_abertool_17-10-2023.txt'),(17249,'2023-10-17','log_abertool_17-10-2023','../archivos_log/log_abertool_17-10-2023.txt'),(17250,'2023-10-17','log_abertool_17-10-2023','../archivos_log/log_abertool_17-10-2023.txt'),(17251,'2023-10-19','log_abertool_19-10-2023','../archivos_log/log_abertool_19-10-2023.txt'),(17252,'2023-10-19','log_abertool_19-10-2023','../archivos_log/log_abertool_19-10-2023.txt'),(17253,'2023-10-19','log_abertool_19-10-2023','../archivos_log/log_abertool_19-10-2023.txt'),(17254,'2023-10-20','log_abertool_20-10-2023','../archivos_log/log_abertool_20-10-2023.txt'),(17255,'2023-10-23','log_abertool_23-10-2023','../archivos_log/log_abertool_23-10-2023.txt'),(17256,'2023-10-23','log_abertool_23-10-2023','../archivos_log/log_abertool_23-10-2023.txt'),(17257,'2023-10-23','log_abertool_23-10-2023','../archivos_log/log_abertool_23-10-2023.txt'),(17258,'2023-10-23','log_abertool_23-10-2023','../archivos_log/log_abertool_23-10-2023.txt'),(17259,'2023-10-23','log_abertool_23-10-2023','../archivos_log/log_abertool_23-10-2023.txt'),(17260,'2023-10-23','log_abertool_23-10-2023','../archivos_log/log_abertool_23-10-2023.txt'),(17261,'2023-10-23','log_abertool_23-10-2023','../archivos_log/log_abertool_23-10-2023.txt'),(17262,'2023-10-23','log_abertool_23-10-2023','../archivos_log/log_abertool_23-10-2023.txt'),(17263,'2023-10-23','log_abertool_23-10-2023','../archivos_log/log_abertool_23-10-2023.txt'),(17264,'2023-10-23','log_abertool_23-10-2023','../archivos_log/log_abertool_23-10-2023.txt'),(17265,'2023-10-23','log_abertool_23-10-2023','../archivos_log/log_abertool_23-10-2023.txt'),(17266,'2023-10-23','log_abertool_23-10-2023','../archivos_log/log_abertool_23-10-2023.txt'),(17267,'2023-10-23','log_abertool_23-10-2023','../archivos_log/log_abertool_23-10-2023.txt'),(17268,'2023-10-23','log_abertool_23-10-2023','../archivos_log/log_abertool_23-10-2023.txt'),(17269,'2023-10-23','log_abertool_23-10-2023','../archivos_log/log_abertool_23-10-2023.txt'),(17270,'2023-10-23','log_abertool_23-10-2023','../archivos_log/log_abertool_23-10-2023.txt'),(17271,'2023-10-24','log_abertool_24-10-2023','../archivos_log/log_abertool_24-10-2023.txt'),(17272,'2023-10-24','log_abertool_24-10-2023','../archivos_log/log_abertool_24-10-2023.txt'),(17273,'2023-10-24','log_abertool_24-10-2023','../archivos_log/log_abertool_24-10-2023.txt'),(17274,'2023-10-24','log_abertool_24-10-2023','../archivos_log/log_abertool_24-10-2023.txt'),(17275,'2023-10-24','log_abertool_24-10-2023','../archivos_log/log_abertool_24-10-2023.txt'),(17276,'2023-10-24','log_abertool_24-10-2023','../archivos_log/log_abertool_24-10-2023.txt'),(17277,'2023-10-24','log_abertool_24-10-2023','../archivos_log/log_abertool_24-10-2023.txt'),(17278,'2023-10-24','log_abertool_24-10-2023','../archivos_log/log_abertool_24-10-2023.txt'),(17279,'2023-10-24','log_abertool_24-10-2023','../archivos_log/log_abertool_24-10-2023.txt'),(17280,'2023-10-24','log_abertool_24-10-2023','../archivos_log/log_abertool_24-10-2023.txt'),(17281,'2023-10-24','log_abertool_24-10-2023','../archivos_log/log_abertool_24-10-2023.txt'),(17282,'2023-10-25','log_abertool_25-10-2023','../archivos_log/log_abertool_25-10-2023.txt'),(17283,'2023-10-25','log_abertool_25-10-2023','../archivos_log/log_abertool_25-10-2023.txt'),(17284,'2023-10-27','log_abertool_27-10-2023','../archivos_log/log_abertool_27-10-2023.txt'),(17285,'2023-10-27','log_abertool_27-10-2023','../archivos_log/log_abertool_27-10-2023.txt'),(17286,'2023-10-27','log_abertool_27-10-2023','../archivos_log/log_abertool_27-10-2023.txt'),(17287,'2023-10-27','log_abertool_27-10-2023','../archivos_log/log_abertool_27-10-2023.txt'),(17288,'2023-10-30','log_abertool_30-10-2023','../archivos_log/log_abertool_30-10-2023.txt'),(17289,'2023-10-30','log_abertool_30-10-2023','../archivos_log/log_abertool_30-10-2023.txt'),(17290,'2023-10-30','log_abertool_30-10-2023','../archivos_log/log_abertool_30-10-2023.txt'),(17291,'2023-10-30','log_abertool_30-10-2023','../archivos_log/log_abertool_30-10-2023.txt'),(17292,'2023-10-30','log_abertool_30-10-2023','../archivos_log/log_abertool_30-10-2023.txt'),(17293,'2023-10-30','log_abertool_30-10-2023','../archivos_log/log_abertool_30-10-2023.txt'),(17294,'2023-10-30','log_abertool_30-10-2023','../archivos_log/log_abertool_30-10-2023.txt'),(17295,'2023-10-30','log_abertool_30-10-2023','../archivos_log/log_abertool_30-10-2023.txt'),(17296,'2023-10-30','log_abertool_30-10-2023','../archivos_log/log_abertool_30-10-2023.txt'),(17297,'2023-10-30','log_abertool_30-10-2023','../archivos_log/log_abertool_30-10-2023.txt'),(17298,'2023-10-30','log_abertool_30-10-2023','../archivos_log/log_abertool_30-10-2023.txt'),(17299,'2023-10-30','log_abertool_30-10-2023','../archivos_log/log_abertool_30-10-2023.txt'),(17300,'2023-10-30','log_abertool_30-10-2023','../archivos_log/log_abertool_30-10-2023.txt'),(17301,'2023-10-30','log_abertool_30-10-2023','../archivos_log/log_abertool_30-10-2023.txt'),(17302,'2023-10-30','log_abertool_30-10-2023','../archivos_log/log_abertool_30-10-2023.txt'),(17303,'2023-11-03','log_abertool_03-11-2023','../archivos_log/log_abertool_03-11-2023.txt'),(17304,'2023-11-03','log_abertool_03-11-2023','../archivos_log/log_abertool_03-11-2023.txt'),(17305,'2023-11-03','log_abertool_03-11-2023','../archivos_log/log_abertool_03-11-2023.txt'),(17306,'2023-11-06','log_abertool_06-11-2023','../archivos_log/log_abertool_06-11-2023.txt'),(17307,'2023-11-09','log_abertool_09-11-2023','../archivos_log/log_abertool_09-11-2023.txt'),(17308,'2023-11-09','log_abertool_09-11-2023','../archivos_log/log_abertool_09-11-2023.txt'),(17309,'2023-11-10','log_abertool_10-11-2023','../archivos_log/log_abertool_10-11-2023.txt'),(17310,'2023-11-13','log_abertool_13-11-2023','../archivos_log/log_abertool_13-11-2023.txt'),(17311,'2023-11-14','log_abertool_14-11-2023','../archivos_log/log_abertool_14-11-2023.txt'),(17312,'2023-11-16','log_abertool_16-11-2023','../archivos_log/log_abertool_16-11-2023.txt'),(17313,'2023-11-16','log_abertool_16-11-2023','../archivos_log/log_abertool_16-11-2023.txt'),(17314,'2023-11-17','log_abertool_17-11-2023','../archivos_log/log_abertool_17-11-2023.txt'),(17315,'2023-11-21','log_abertool_21-11-2023','../archivos_log/log_abertool_21-11-2023.txt'),(17316,'2023-11-21','log_abertool_21-11-2023','../archivos_log/log_abertool_21-11-2023.txt'),(17317,'2023-11-21','log_abertool_21-11-2023','../archivos_log/log_abertool_21-11-2023.txt'),(17318,'2023-11-21','log_abertool_21-11-2023','../archivos_log/log_abertool_21-11-2023.txt'),(17319,'2023-11-21','log_abertool_21-11-2023','../archivos_log/log_abertool_21-11-2023.txt'),(17320,'2023-11-24','log_abertool_24-11-2023','../archivos_log/log_abertool_24-11-2023.txt'),(17321,'2023-11-28','log_abertool_28-11-2023','../archivos_log/log_abertool_28-11-2023.txt'),(17322,'2023-11-28','log_abertool_28-11-2023','../archivos_log/log_abertool_28-11-2023.txt'),(17323,'2023-11-28','log_abertool_28-11-2023','../archivos_log/log_abertool_28-11-2023.txt'),(17324,'2023-11-28','log_abertool_28-11-2023','../archivos_log/log_abertool_28-11-2023.txt'),(17325,'2023-11-28','log_abertool_28-11-2023','../archivos_log/log_abertool_28-11-2023.txt'),(17326,'2023-11-28','log_abertool_28-11-2023','../archivos_log/log_abertool_28-11-2023.txt'),(17327,'2023-11-29','log_abertool_29-11-2023','../archivos_log/log_abertool_29-11-2023.txt'),(17328,'2023-12-01','log_abertool_01-12-2023','../archivos_log/log_abertool_01-12-2023.txt'),(17329,'2023-12-04','log_abertool_04-12-2023','../archivos_log/log_abertool_04-12-2023.txt'),(17330,'2023-12-04','log_abertool_04-12-2023','../archivos_log/log_abertool_04-12-2023.txt'),(17331,'2023-12-04','log_abertool_04-12-2023','../archivos_log/log_abertool_04-12-2023.txt'),(17332,'2023-12-04','log_abertool_04-12-2023','../archivos_log/log_abertool_04-12-2023.txt'),(17333,'2023-12-04','log_abertool_04-12-2023','../archivos_log/log_abertool_04-12-2023.txt'),(17334,'2023-12-07','log_abertool_07-12-2023','../archivos_log/log_abertool_07-12-2023.txt'),(17335,'2023-12-13','log_abertool_13-12-2023','../archivos_log/log_abertool_13-12-2023.txt'),(17336,'2023-12-13','log_abertool_13-12-2023','../archivos_log/log_abertool_13-12-2023.txt'),(17337,'2023-12-13','log_abertool_13-12-2023','../archivos_log/log_abertool_13-12-2023.txt'),(17338,'2023-12-13','log_abertool_13-12-2023','../archivos_log/log_abertool_13-12-2023.txt'),(17339,'2023-12-15','log_abertool_15-12-2023','../archivos_log/log_abertool_15-12-2023.txt'),(17340,'2023-12-15','log_abertool_15-12-2023','../archivos_log/log_abertool_15-12-2023.txt'),(17341,'2023-12-15','log_abertool_15-12-2023','../archivos_log/log_abertool_15-12-2023.txt'),(17342,'2023-12-15','log_abertool_15-12-2023','../archivos_log/log_abertool_15-12-2023.txt'),(17343,'2023-12-15','log_abertool_15-12-2023','../archivos_log/log_abertool_15-12-2023.txt'),(17344,'2023-12-15','log_abertool_15-12-2023','../archivos_log/log_abertool_15-12-2023.txt'),(17345,'2023-12-15','log_abertool_15-12-2023','../archivos_log/log_abertool_15-12-2023.txt'),(17346,'2023-12-15','log_abertool_15-12-2023','../archivos_log/log_abertool_15-12-2023.txt'),(17347,'2023-12-15','log_abertool_15-12-2023','../archivos_log/log_abertool_15-12-2023.txt'),(17348,'2023-12-15','log_abertool_15-12-2023','../archivos_log/log_abertool_15-12-2023.txt'),(17349,'2023-12-15','log_abertool_15-12-2023','../archivos_log/log_abertool_15-12-2023.txt'),(17350,'2023-12-15','log_abertool_15-12-2023','../archivos_log/log_abertool_15-12-2023.txt'),(17351,'2023-12-18','log_abertool_18-12-2023','../archivos_log/log_abertool_18-12-2023.txt'),(17352,'2023-12-19','log_abertool_19-12-2023','../archivos_log/log_abertool_19-12-2023.txt'),(17353,'2023-12-19','log_abertool_19-12-2023','../archivos_log/log_abertool_19-12-2023.txt'),(17354,'2023-12-20','log_abertool_20-12-2023','../archivos_log/log_abertool_20-12-2023.txt'),(17355,'2023-12-20','log_abertool_20-12-2023','../archivos_log/log_abertool_20-12-2023.txt'),(17356,'2023-12-20','log_abertool_20-12-2023','../archivos_log/log_abertool_20-12-2023.txt'),(17357,'2023-12-20','log_abertool_20-12-2023','../archivos_log/log_abertool_20-12-2023.txt'),(17358,'2023-12-20','log_abertool_20-12-2023','../archivos_log/log_abertool_20-12-2023.txt'),(17359,'2023-12-20','log_abertool_20-12-2023','../archivos_log/log_abertool_20-12-2023.txt'),(17360,'2023-12-20','log_abertool_20-12-2023','../archivos_log/log_abertool_20-12-2023.txt'),(17361,'2023-12-20','log_abertool_20-12-2023','../archivos_log/log_abertool_20-12-2023.txt'),(17362,'2023-12-20','log_abertool_20-12-2023','../archivos_log/log_abertool_20-12-2023.txt'),(17363,'2023-12-20','log_abertool_20-12-2023','../archivos_log/log_abertool_20-12-2023.txt'),(17364,'2023-12-20','log_abertool_20-12-2023','../archivos_log/log_abertool_20-12-2023.txt'),(17365,'2023-12-20','log_abertool_20-12-2023','../archivos_log/log_abertool_20-12-2023.txt'),(17366,'2023-12-22','log_abertool_22-12-2023','../archivos_log/log_abertool_22-12-2023.txt'),(17367,'2023-12-22','log_abertool_22-12-2023','../archivos_log/log_abertool_22-12-2023.txt'),(17368,'2023-12-22','log_abertool_22-12-2023','../archivos_log/log_abertool_22-12-2023.txt'),(17369,'2023-12-26','log_abertool_26-12-2023','../archivos_log/log_abertool_26-12-2023.txt'),(17370,'2023-12-26','log_abertool_26-12-2023','../archivos_log/log_abertool_26-12-2023.txt'),(17371,'2023-12-26','log_abertool_26-12-2023','../archivos_log/log_abertool_26-12-2023.txt'),(17372,'2023-12-26','log_abertool_26-12-2023','../archivos_log/log_abertool_26-12-2023.txt'),(17373,'2023-12-26','log_abertool_26-12-2023','../archivos_log/log_abertool_26-12-2023.txt'),(17374,'2023-12-26','log_abertool_26-12-2023','../archivos_log/log_abertool_26-12-2023.txt'),(17375,'2023-12-26','log_abertool_26-12-2023','../archivos_log/log_abertool_26-12-2023.txt'),(17376,'2023-12-26','log_abertool_26-12-2023','../archivos_log/log_abertool_26-12-2023.txt'),(17377,'2023-12-26','log_abertool_26-12-2023','../archivos_log/log_abertool_26-12-2023.txt'),(17378,'2023-12-26','log_abertool_26-12-2023','../archivos_log/log_abertool_26-12-2023.txt'),(17379,'2023-12-26','log_abertool_26-12-2023','../archivos_log/log_abertool_26-12-2023.txt'),(17380,'2023-12-26','log_abertool_26-12-2023','../archivos_log/log_abertool_26-12-2023.txt'),(17381,'2023-12-26','log_abertool_26-12-2023','../archivos_log/log_abertool_26-12-2023.txt'),(17382,'2023-12-26','log_abertool_26-12-2023','../archivos_log/log_abertool_26-12-2023.txt'),(17383,'2023-12-26','log_abertool_26-12-2023','../archivos_log/log_abertool_26-12-2023.txt'),(17384,'2023-12-26','log_abertool_26-12-2023','../archivos_log/log_abertool_26-12-2023.txt'),(17385,'2023-12-26','log_abertool_26-12-2023','../archivos_log/log_abertool_26-12-2023.txt'),(17386,'2023-12-26','log_abertool_26-12-2023','../archivos_log/log_abertool_26-12-2023.txt'),(17387,'2023-12-26','log_abertool_26-12-2023','../archivos_log/log_abertool_26-12-2023.txt'),(17388,'2023-12-26','log_abertool_26-12-2023','../archivos_log/log_abertool_26-12-2023.txt'),(17389,'2023-12-26','log_abertool_26-12-2023','../archivos_log/log_abertool_26-12-2023.txt'),(17390,'2023-12-26','log_abertool_26-12-2023','../archivos_log/log_abertool_26-12-2023.txt'),(17391,'2023-12-26','log_abertool_26-12-2023','../archivos_log/log_abertool_26-12-2023.txt'),(17392,'2023-12-26','log_abertool_26-12-2023','../archivos_log/log_abertool_26-12-2023.txt'),(17393,'2023-12-26','log_abertool_26-12-2023','../archivos_log/log_abertool_26-12-2023.txt'),(17394,'2023-12-26','log_abertool_26-12-2023','../archivos_log/log_abertool_26-12-2023.txt'),(17395,'2023-12-26','log_abertool_26-12-2023','../archivos_log/log_abertool_26-12-2023.txt'),(17396,'2023-12-26','log_abertool_26-12-2023','../archivos_log/log_abertool_26-12-2023.txt'),(17397,'2023-12-26','log_abertool_26-12-2023','../archivos_log/log_abertool_26-12-2023.txt'),(17398,'2023-12-26','log_abertool_26-12-2023','../archivos_log/log_abertool_26-12-2023.txt'),(17399,'2023-12-26','log_abertool_26-12-2023','../archivos_log/log_abertool_26-12-2023.txt'),(17400,'2023-12-26','log_abertool_26-12-2023','../archivos_log/log_abertool_26-12-2023.txt'),(17401,'2023-12-26','log_abertool_26-12-2023','../archivos_log/log_abertool_26-12-2023.txt'),(17402,'2023-12-26','log_abertool_26-12-2023','../archivos_log/log_abertool_26-12-2023.txt'),(17403,'2023-12-26','log_abertool_26-12-2023','../archivos_log/log_abertool_26-12-2023.txt'),(17404,'2023-12-26','log_abertool_26-12-2023','../archivos_log/log_abertool_26-12-2023.txt'),(17405,'2023-12-27','log_abertool_27-12-2023','../archivos_log/log_abertool_27-12-2023.txt'),(17406,'2023-12-27','log_abertool_27-12-2023','../archivos_log/log_abertool_27-12-2023.txt'),(17407,'2023-12-27','log_abertool_27-12-2023','../archivos_log/log_abertool_27-12-2023.txt'),(17408,'2023-12-27','log_abertool_27-12-2023','../archivos_log/log_abertool_27-12-2023.txt'),(17409,'2023-12-27','log_abertool_27-12-2023','../archivos_log/log_abertool_27-12-2023.txt'),(17410,'2023-12-27','log_abertool_27-12-2023','../archivos_log/log_abertool_27-12-2023.txt'),(17411,'2023-12-27','log_abertool_27-12-2023','../archivos_log/log_abertool_27-12-2023.txt'),(17412,'2023-12-27','log_abertool_27-12-2023','../archivos_log/log_abertool_27-12-2023.txt'),(17413,'2023-12-27','log_abertool_27-12-2023','../archivos_log/log_abertool_27-12-2023.txt'),(17414,'2023-12-27','log_abertool_27-12-2023','../archivos_log/log_abertool_27-12-2023.txt'),(17415,'2023-12-27','log_abertool_27-12-2023','../archivos_log/log_abertool_27-12-2023.txt'),(17416,'2023-12-27','log_abertool_27-12-2023','../archivos_log/log_abertool_27-12-2023.txt'),(17417,'2023-12-27','log_abertool_27-12-2023','../archivos_log/log_abertool_27-12-2023.txt'),(17418,'2023-12-27','log_abertool_27-12-2023','../archivos_log/log_abertool_27-12-2023.txt'),(17419,'2023-12-27','log_abertool_27-12-2023','../archivos_log/log_abertool_27-12-2023.txt'),(17420,'2023-12-27','log_abertool_27-12-2023','../archivos_log/log_abertool_27-12-2023.txt'),(17421,'2023-12-27','log_abertool_27-12-2023','../archivos_log/log_abertool_27-12-2023.txt'),(17422,'2023-12-27','log_abertool_27-12-2023','../archivos_log/log_abertool_27-12-2023.txt'),(17423,'2023-12-27','log_abertool_27-12-2023','../archivos_log/log_abertool_27-12-2023.txt'),(17424,'2023-12-27','log_abertool_27-12-2023','../archivos_log/log_abertool_27-12-2023.txt'),(17425,'2023-12-27','log_abertool_27-12-2023','../archivos_log/log_abertool_27-12-2023.txt'),(17426,'2023-12-27','log_abertool_27-12-2023','../archivos_log/log_abertool_27-12-2023.txt'),(17427,'2023-12-27','log_abertool_27-12-2023','../archivos_log/log_abertool_27-12-2023.txt'),(17428,'2023-12-27','log_abertool_27-12-2023','../archivos_log/log_abertool_27-12-2023.txt'),(17429,'2023-12-27','log_abertool_27-12-2023','../archivos_log/log_abertool_27-12-2023.txt'),(17430,'2023-12-27','log_abertool_27-12-2023','../archivos_log/log_abertool_27-12-2023.txt'),(17431,'2023-12-27','log_abertool_27-12-2023','../archivos_log/log_abertool_27-12-2023.txt'),(17432,'2023-12-27','log_abertool_27-12-2023','../archivos_log/log_abertool_27-12-2023.txt'),(17433,'2023-12-27','log_abertool_27-12-2023','../archivos_log/log_abertool_27-12-2023.txt'),(17434,'2023-12-27','log_abertool_27-12-2023','../archivos_log/log_abertool_27-12-2023.txt'),(17435,'2023-12-27','log_abertool_27-12-2023','../archivos_log/log_abertool_27-12-2023.txt'),(17436,'2023-12-29','log_abertool_29-12-2023','../archivos_log/log_abertool_29-12-2023.txt'),(17437,'2023-12-30','log_abertool_30-12-2023','../archivos_log/log_abertool_30-12-2023.txt'),(17438,'2023-12-30','log_abertool_30-12-2023','../archivos_log/log_abertool_30-12-2023.txt'),(17439,'2024-01-03','log_abertool_03-01-2024','../archivos_log/log_abertool_03-01-2024.txt'),(17440,'2024-01-03','log_abertool_03-01-2024','../archivos_log/log_abertool_03-01-2024.txt'),(17441,'2024-01-03','log_abertool_03-01-2024','../archivos_log/log_abertool_03-01-2024.txt'),(17442,'2024-01-03','log_abertool_03-01-2024','../archivos_log/log_abertool_03-01-2024.txt'),(17443,'2024-01-03','log_abertool_03-01-2024','../archivos_log/log_abertool_03-01-2024.txt'),(17444,'2024-01-03','log_abertool_03-01-2024','../archivos_log/log_abertool_03-01-2024.txt'),(17445,'2024-01-03','log_abertool_03-01-2024','../archivos_log/log_abertool_03-01-2024.txt'),(17446,'2024-01-03','log_abertool_03-01-2024','../archivos_log/log_abertool_03-01-2024.txt'),(17447,'2024-01-03','log_abertool_03-01-2024','../archivos_log/log_abertool_03-01-2024.txt'),(17448,'2024-01-05','log_abertool_05-01-2024','../archivos_log/log_abertool_05-01-2024.txt'),(17449,'2024-01-05','log_abertool_05-01-2024','../archivos_log/log_abertool_05-01-2024.txt'),(17450,'2024-01-05','log_abertool_05-01-2024','../archivos_log/log_abertool_05-01-2024.txt'),(17451,'2024-01-05','log_abertool_05-01-2024','../archivos_log/log_abertool_05-01-2024.txt'),(17452,'2024-01-08','log_abertool_08-01-2024','../archivos_log/log_abertool_08-01-2024.txt'),(17453,'2024-01-08','log_abertool_08-01-2024','../archivos_log/log_abertool_08-01-2024.txt'),(17454,'2024-01-08','log_abertool_08-01-2024','../archivos_log/log_abertool_08-01-2024.txt'),(17455,'2024-01-08','log_abertool_08-01-2024','../archivos_log/log_abertool_08-01-2024.txt'),(17456,'2024-01-08','log_abertool_08-01-2024','../archivos_log/log_abertool_08-01-2024.txt'),(17457,'2024-01-08','log_abertool_08-01-2024','../archivos_log/log_abertool_08-01-2024.txt'),(17458,'2024-01-08','log_abertool_08-01-2024','../archivos_log/log_abertool_08-01-2024.txt'),(17459,'2024-01-08','log_abertool_08-01-2024','../archivos_log/log_abertool_08-01-2024.txt'),(17460,'2024-01-08','log_abertool_08-01-2024','../archivos_log/log_abertool_08-01-2024.txt'),(17461,'2024-01-10','log_abertool_10-01-2024','../archivos_log/log_abertool_10-01-2024.txt'),(17462,'2024-01-10','log_abertool_10-01-2024','../archivos_log/log_abertool_10-01-2024.txt'),(17463,'2024-01-10','log_abertool_10-01-2024','../archivos_log/log_abertool_10-01-2024.txt'),(17464,'2024-01-12','log_abertool_12-01-2024','../archivos_log/log_abertool_12-01-2024.txt'),(17465,'2024-01-15','log_abertool_15-01-2024','../archivos_log/log_abertool_15-01-2024.txt'),(17466,'2024-01-15','log_abertool_15-01-2024','../archivos_log/log_abertool_15-01-2024.txt'),(17467,'2024-01-16','log_abertool_16-01-2024','../archivos_log/log_abertool_16-01-2024.txt'),(17468,'2024-01-16','log_abertool_16-01-2024','../archivos_log/log_abertool_16-01-2024.txt'),(17469,'2024-01-16','log_abertool_16-01-2024','../archivos_log/log_abertool_16-01-2024.txt'),(17470,'2024-01-17','log_abertool_17-01-2024','../archivos_log/log_abertool_17-01-2024.txt');

--
-- Table structure for table `maqueta`
--

CREATE TABLE `maqueta` (
  `id_maqueta` int(11) NOT NULL AUTO_INCREMENT,
  `nombre_maqueta` varchar(200) DEFAULT NULL,
  `enlace_maqueta` varchar(150) DEFAULT NULL,
  `url_imagenprevia_maqueta` varchar(200) DEFAULT NULL,
  `descripcion_maqueta` text,
  `portada_maqueta` tinyint(1) NOT NULL DEFAULT '1',
  `activo_maqueta` tinyint(1) NOT NULL DEFAULT '1',
  PRIMARY KEY (`id_maqueta`)
) ENGINE=InnoDB AUTO_INCREMENT=40 DEFAULT CHARSET=latin1 ROW_FORMAT=DYNAMIC;

--
-- Dumping data for table `maqueta`
--

INSERT INTO `maqueta` VALUES (2,'Info','info.php','http://central/flash/maquetas_web_basica/zcosas/maqueta/maquetaA/maqueta_info_completa.html','<p>Maqueta con todas las opciones necesarias para mostrar infos.</p>',0,1),(3,'Portada tipo1','portada1.php','','Portada tipo 1. Formato con cabecera, men? a la izquierda y pie.',1,1),(4,'Listado infos','listado_infos.php','','Maqueta para listado de infos.',0,0),(5,'Listado Categor&iacute;as de Galer&iacute;as','listado_galerias.php','http://central/flash/maquetas_web_basica/zcosas/maqueta/maquetaA/maqueta_listado.html','Maqueta para listado de categor?as de Galer?as',0,0),(6,'Info con Google maps','info_mapa.php','http://central/flash/maquetas_web_basica/zcosas/maqueta/maquetaA/maqueta_googlemaps.html','Info con Google Maps asociado.',0,0),(7,'Listado de Enlaces','listado_enlaces.php','http://central/flash/maquetas_web_basica/zcosas/maqueta/maquetaA/maqueta_listado.html','Maqueta que muestra un listado de enlaces.',0,1),(8,'Info con formulario de contacto','contacto.php','','Info con un formulario de contacto para env?o por mail.',0,0),(9,'Listado noticias','listado_noticias.php','','Listado de noticias',0,0),(11,'Listado Categor&iacute;a de enlaces','enlaces.php','','Listado de categor?as de enlaces',0,0),(13,'Galer&iacute;a fotogr&aacute;fica.','galeria.php','','<p>Galer&iacute;&shy;a fotogr&aacute;fica</p>',0,0),(19,'Listado de eventos','listado_eventos.php','','Listado de eventos',0,0),(24,'Listado de cursos','listado_cursos.php','','Listado de cursos',0,0),(26,'Listado directorio','listado_directorio.php',NULL,'Maqueta para listado de directorio',0,0),(27,'Mapa web','mapaweb.php',NULL,NULL,0,0),(29,'Listado Categor&iacute;&shy;as de descargas','listado_descargas.php','','<p>Listado de categor&iacute;as de descargas</p>',0,1),(30,'Listado descargas','descargas.php','','Listado descargas',0,1),(33,'Info con formulario bolet&iacute;n','boletin.php','','Info con formulario boletÃ­n',0,0),(34,'Listado categor&iacute;as de noticias','noticias.php','','<p>Listado categor&iacute;&shy;as de noticias</p>',0,0),(35,'Listado de v&iacute;&shy;deos','videos.php','','<p>Listado de v&iacute;&shy;deos</p>',0,0),(36,'Listado de encuestas','listado_encuestas.php','','Listado de encuestas',0,0),(37,'Listado de fuentes rss','listado_fuentes_rss.php','','Listado de fuentes rss',0,0),(38,'Listado de audios','audios.php','','Listado de audios																							',0,0),(39,'Listado ofertas de empleo','ofertas_empleo.php','','									Listado ofertas de empleo																',0,0);

--
-- Table structure for table `modulo`
--

CREATE TABLE `modulo` (
  `id_modulo` int(11) NOT NULL AUTO_INCREMENT,
  `desc_modulo` tinytext,
  `gestor_modulo` varchar(150) NOT NULL COMMENT 'Aqu? gardamos o nome do ficheiro que xerar? os formularios de xesti?n para este tipo de contido',
  `pl_listado_modulo` varchar(150) DEFAULT NULL,
  `pl_elemento_modulo` varchar(150) DEFAULT NULL COMMENT 'Aqu? gardamos o nome do ficheiro que xerar? a vista da parte p?blica',
  `pl_subelemento_modulo` varchar(150) DEFAULT NULL,
  `pl_categoria_modulo` varchar(150) DEFAULT NULL,
  PRIMARY KEY (`id_modulo`)
) ENGINE=InnoDB AUTO_INCREMENT=22 DEFAULT CHARSET=latin1;

--
-- Dumping data for table `modulo`
--

INSERT INTO `modulo` VALUES (1,'noticias','modulos_contenidos/nova/gest_nova.php','','','',''),(2,'infos','modulos_contenidos/info/gest_info.php',NULL,NULL,NULL,NULL),(3,'Agendas','modulos_contenidos/axenda/gest_axenda.php','listado_agendas.php','agenda.php',NULL,NULL),(4,'Galer&iacute;as','modulos_contenidos/galeria/gest_galeria.php',NULL,NULL,NULL,NULL),(7,'Descargas','modulos_contenidos/descarga/gest_descarga.php',NULL,NULL,NULL,NULL),(8,'Videoteca','modulos_contenidos/videoteca/gest_videoteca.php',NULL,NULL,NULL,NULL),(9,'Fonoteca','modulos_contenidos/fonoteca/gest_fonoteca.php','','','',''),(10,'Enlaces','modulos_contenidos/enlace/gest_enlace.php',NULL,NULL,NULL,NULL),(12,'Cursos','modulos_contenidos/curso/gest_curso.php','listado_cursos.php','curso.php',NULL,NULL),(14,'Directorio','modulos_contenidos/directorio/gest_directorio.php','listado_directorio.php',NULL,NULL,NULL),(15,'Enquisas','modulos_contenidos/enquisa/gest_enquisa.php','','enquisa.php','',''),(19,'Bolsa de emprego','modulos_contenidos/bolsaempleo/gest_bolsaempleo.php','','','',''),(20,'Xestión de catálogo de produtos','modulos_contenidos/catalogo/gest_catalogo.php	','listado_productos.php','ficha_producto.php','',''),(21,'Visitas guiadas','modulos_contenidos/visitasguiadas/gest_visitaguiada.php','listado_visitas_guiadas.php','visita_guiada.php',NULL,NULL);

--
-- Table structure for table `modulo_idiomacontrol`
--

CREATE TABLE `modulo_idiomacontrol` (
  `id_modulo` int(11) NOT NULL,
  `id_idiomacontrol` int(11) NOT NULL,
  `nombre_modulo` tinytext,
  `title_modulo` tinytext,
  PRIMARY KEY (`id_idiomacontrol`,`id_modulo`),
  KEY `rel_modulo_idiomacontrol` (`id_modulo`),
  KEY `rel_idiomacontrol_modulo` (`id_idiomacontrol`),
  CONSTRAINT `rel_idiomacontrol_modulo` FOREIGN KEY (`id_idiomacontrol`) REFERENCES `idiomacontrol` (`id_idiomacontrol`) ON DELETE NO ACTION ON UPDATE NO ACTION,
  CONSTRAINT `rel_modulo_idiomacontrol` FOREIGN KEY (`id_modulo`) REFERENCES `modulo` (`id_modulo`) ON DELETE NO ACTION ON UPDATE NO ACTION
) ENGINE=InnoDB DEFAULT CHARSET=latin1;

--
-- Dumping data for table `modulo_idiomacontrol`
--

INSERT INTO `modulo_idiomacontrol` VALUES (1,1,'Novas','ir ao xestor de novas'),(2,1,'Info','ir ao xestor de info'),(3,1,'Axendas','ir ao xestor de axendas'),(4,1,'Galerias','ir ao xestor de galerias'),(7,1,'Descargas','Ir ao m&oacute;dulo Descargas'),(8,1,'Videoteca','ir ao xestor de videoteca'),(9,1,'Fonoteca','ir ao xestor de fonoteca'),(10,1,'Ligaz&oacute;ns','ir ao xestor de ligaz&oacute;ns'),(12,1,'Cursos','Xestor de cursos'),(14,1,'Directorio','Directorio'),(15,1,'Enquisas','ir ao xestor de enquisas'),(19,1,'Bolsa de emprego','Bolsa de emprego'),(20,1,'Catálogo','Catálogo'),(21,1,'Visitas Guiadas','Visitas Guiadas'),(1,2,'Noticias','ir al gestor de noticias'),(2,2,'Info','ir al gestor de info'),(3,2,'Agendas','ir al gestor de agendas'),(4,2,'Galerias','ir al gestor de galerias'),(7,2,'Descargas','Ir al gestor de Descargas'),(8,2,'Videoteca','ir al gestor de videoteca'),(9,2,'Fonoteca','ir al gestor de fonoteca'),(10,2,'Enlaces','ir al gestor de enlaces'),(12,2,'Cursos','Gestor de cursos'),(14,2,'Directorio','Directorio'),(15,2,'Encuestas','ir al gestor de encuestas'),(19,2,'Bolsa de empleo','Bolsa de empleo'),(20,2,'Catálogo','Catálogo'),(21,2,'Visitas Guiadas','Visitas Guiadas');

--
-- Table structure for table `modulo_modulo`
--

CREATE TABLE `modulo_modulo` (
  `id_modulo` int(11) NOT NULL COMMENT 'id do m?dulo pai',
  `ref_modulo` int(11) NOT NULL COMMENT 'id do m?dulo fillo',
  `obligaseccion_modulo` tinyint(1) NOT NULL DEFAULT '0' COMMENT 'indica a obligaci?n do sistema de crear unha secci?n web filla para o m?dulo asociado.',
  PRIMARY KEY (`id_modulo`,`ref_modulo`),
  KEY `rel_modulo` (`id_modulo`),
  KEY `rel_modulo_modulo` (`ref_modulo`),
  CONSTRAINT `rel_modulo` FOREIGN KEY (`id_modulo`) REFERENCES `modulo` (`id_modulo`) ON DELETE CASCADE ON UPDATE CASCADE,
  CONSTRAINT `rel_modulo_modulo` FOREIGN KEY (`ref_modulo`) REFERENCES `modulo` (`id_modulo`) ON DELETE CASCADE ON UPDATE CASCADE
) ENGINE=InnoDB DEFAULT CHARSET=latin1;

--
-- Dumping data for table `modulo_modulo`
--


--
-- Table structure for table `moduloopcion`
--

CREATE TABLE `moduloopcion` (
  `id_moduloopcion` int(11) NOT NULL AUTO_INCREMENT,
  `ref_modulo` int(11) DEFAULT NULL,
  `desc_moduloopcion` varchar(255) DEFAULT NULL,
  `cantidad_moduloopcion` int(11) DEFAULT NULL,
  `activo_moduloopcion` tinyint(1) NOT NULL DEFAULT '1',
  PRIMARY KEY (`id_moduloopcion`),
  KEY `rel_modulo_moduloopcion` (`ref_modulo`),
  CONSTRAINT `rel_modulo_moduloopcion` FOREIGN KEY (`ref_modulo`) REFERENCES `modulo` (`id_modulo`) ON DELETE NO ACTION ON UPDATE NO ACTION
) ENGINE=InnoDB AUTO_INCREMENT=80 DEFAULT CHARSET=latin1;

--
-- Dumping data for table `moduloopcion`
--

INSERT INTO `moduloopcion` VALUES (1,1,'permitir multiples categor&iacute;as de noticias.',0,1),(2,1,'permitir antet&iacute;tulo en las noticias',NULL,1),(3,1,'permitir subt&iacute;tulo en las noticias',NULL,1),(5,1,'permitir comentarios de las noticias',NULL,1),(6,1,'permitir nombre del autor en las noticias',NULL,1),(7,1,'n&uacute;mero m&aacute;ximo de noticias activ',5,1),(8,1,'n&uacute;mero m&aacute;ximo de categor&iacute',10,1),(9,1,'n&uacute;mero m&aacute;ximo de noticias por p',15,0),(14,2,'Permitir texto de presentaci&oacute;n',NULL,1),(15,2,'Permitir t&iacute;tulo de info',NULL,1),(16,2,'Permitir m&uacute;ltiples info por secci&oacute;n',NULL,1),(17,8,'Permitir multiples categorias de videoteca',NULL,1),(18,8,'n&uacute;mero m&aacute;ximo de categor&iacute',5,1),(19,8,'n&uacute;mero m&aacute;ximo de v&iacute;deos',5,1),(20,8,'permitir t&iacute;tulo de videoteca',NULL,1),(21,8,'permitir texto de presentacion videoteca',NULL,1),(22,2,'N&uacute;mero de categorias por p&paxina',10,1),(23,2,'N&uacute;mero maximo de infos por paxina',10,1),(24,9,'Permitir m&uacute;ltiples categor&iacute;as de fonoteca',NULL,1),(25,9,'n&uacute;mero m&aacute;ximo de categor&iacute;as',10,1),(26,9,'n&uacute;mero m&aacute;ximo de audios por p&aacute;xina',10,1),(27,9,'permitir t&iacute;tulo de fonoteca',NULL,1),(28,9,'permitir texto de presentaci&oacute;n fonoteca',NULL,1),(29,4,'Permitir m&uacute;ltiples categor&iacute;as d',NULL,1),(30,4,'n&uacute;mero m&aacute;ximo de categor&iacute',5,1),(31,4,'n&uacute;mero m&aacute;ximo de im&aacute;gene',10,1),(32,4,'permitir t&iacute;tulo de imagen',NULL,1),(33,4,'permitir texto de presentaci&oacute;n de imag',NULL,1),(34,10,'Permitir m&uacute;ltiples categor&iacute;as d',NULL,1),(35,10,'n&uacute;mero m&aacute;ximo de categor&iacute',10,1),(36,10,'n&uacute;mero m&aacute;ximo de im&aacute;gene',10,1),(37,3,'Permitir m&uacute;ltiples categor&iacute;as d',NULL,1),(38,3,'num. max. de categor&iacute;as de agenda por',5,1),(39,3,'n&uacute;mero m&aacute;ximo de eventos por p&',10,1),(40,3,'permitir fecha en texto',NULL,1),(41,2,'Permitir autor de info',NULL,1),(42,3,'Permitir autor do evento',NULL,0),(43,4,'Permitir comentarios en galer&iacute;a',NULL,1),(44,4,'Permitir valoraci&oacute;n galer&iacute;a',NULL,1),(45,4,'Permitir autor de galer&iacute;a',NULL,1),(46,9,'Permitir comentarios en fonoteca',NULL,1),(47,9,'Permitir valoraci&oacute;n en fonoteca',NULL,1),(48,9,'Permitir autor de fonoteca',NULL,1),(49,8,'Permitir comentarios en videoteca',NULL,1),(50,8,'Permitir valoraci&oacute;n en videoteca',NULL,0),(51,8,'Permitir autor de videoteca',NULL,1),(52,7,'Permitir autor de descarga',NULL,1),(53,10,'Permitir autor de enlace',NULL,1),(62,15,'Permitir t&iacute;tulo de enquisa',NULL,1),(63,15,'Permitir m&uacute;ltiples enquisas por secci&',NULL,1),(64,15,'N&uacute;mero de categor&iacute;as por p&aacu',10,1),(65,15,'N&uacute;mero m&aacute;ximo de enquisas por p',10,1),(66,15,'Permitir autor de enquisa',NULL,1),(67,14,'Permitir parrafos',NULL,1),(68,14,'Permitir lista de imagenes',NULL,0),(69,14,'Permitir lista de audios',NULL,0),(70,14,'Permitir lista de videos',NULL,0),(71,14,'Permitir documentos relacionados',NULL,0),(72,12,'permitir multiples categor&iacute;as de cursos',NULL,1),(74,2,'S&oacute; se permite unha info',NULL,1),(75,21,'permitir multiples categor&iacute;as de visitas',NULL,1),(76,2,'Galer&iacute;a de v&iacute;deos',0,1),(77,1,'Galer&iacute;a de v&iacute;deos',0,1),(78,3,'Galer&iacute;a de v&iacute;deos',0,1),(79,20,'Galería de vídeos',0,1);

--
-- Table structure for table `moduloopcion_idiomacontrol`
--

CREATE TABLE `moduloopcion_idiomacontrol` (
  `id_moduloopcion` int(11) NOT NULL,
  `id_idiomacontrol` int(11) NOT NULL,
  `nombre_moduloopcion` varchar(255) DEFAULT NULL,
  PRIMARY KEY (`id_moduloopcion`,`id_idiomacontrol`),
  KEY `rel_moduloopcion_idiomacontrol` (`id_moduloopcion`),
  KEY `rel_idiomacontrol_moduloopcion` (`id_idiomacontrol`),
  CONSTRAINT `rel_idiomacontrol_moduloopcion` FOREIGN KEY (`id_idiomacontrol`) REFERENCES `idiomacontrol` (`id_idiomacontrol`) ON DELETE NO ACTION ON UPDATE NO ACTION,
  CONSTRAINT `rel_moduloopcion_idiomacontrol` FOREIGN KEY (`id_moduloopcion`) REFERENCES `moduloopcion` (`id_moduloopcion`) ON DELETE NO ACTION ON UPDATE NO ACTION
) ENGINE=InnoDB DEFAULT CHARSET=latin1;

--
-- Dumping data for table `moduloopcion_idiomacontrol`
--

INSERT INTO `moduloopcion_idiomacontrol` VALUES (1,1,'permitir multiples categor&iacute;as de noticias.'),(1,2,'permitir m&uacute;ltiples categor&iacute;as de noticias'),(2,1,'permitir antet&iacute;tulo nas novas'),(2,2,'permitir antet&iacute;tulo en las noticias'),(3,1,'permitir subt&iacute;tulo nas novas'),(3,2,'permitir subt&iacute;tulo en las noticias'),(5,1,'permitir comentarios nas novas'),(5,2,'permitir comentarios en las noticias'),(6,1,'permitir nome do autor nas novas'),(6,2,'permitir nombre del autor en las noticias'),(7,1,'n&uacute;mero m&aacute;ximo de novas activas'),(7,2,'n&uacute;mero m&aacute;ximo de noticias activas'),(8,1,'n&uacute;mero m&aacute;ximo de categor&iacute;as de novas, por p&aacute;xina'),(8,2,'n&uacute;mero m&aacute;ximo de categor&iacute;as de noticias, por p&aacute;gina'),(9,1,'n&uacute;mero m&aacute;ximo de novas por p&aacute;xina, na hemeroteca'),(9,2,'n&uacute;mero m&aacute;ximo de noticias por p&aacute;xina, en la  hemeroteca'),(14,1,'Permitir texto de presentaci&oacute;n'),(14,2,'Permitir texto de presentaci&oacute;n'),(15,1,'Permitir t&iacute;tulo da info'),(15,2,'Permitir t&iacute;tulo de la info'),(16,1,'Permitir m&uacute;ltiples info por secci&oacute;n'),(16,2,'Permitir m&uacute;ltiples info por secci&oacute;n'),(17,1,'Permitir m&uacute;ltiples categor&iacute;as de videoteca'),(17,2,'Permitir m&uacute;ltiples categor&iacute;as de videoteca'),(18,1,'n&uacute;mero m&aacute;ximo de categor&iacute;as de videoteca'),(18,2,'n&uacute;mero m&aacute;ximo de categor&iacute;as de videoteca'),(19,1,'n&uacute;mero m&aacute;ximo de v&iacute;deos por p&aacute;xina'),(19,2,'n&uacute;mero m&aacute;ximo de v&iacute;deos por p&aacute;gina'),(20,1,'permitir t&iacute;tulo de videoteca'),(20,2,'permitir t&iacute;tulo de videoteca'),(21,1,'permitir texto de presentaci&oacute;n videoteca'),(21,2,'permitir texto de presentaci&oacute;n videoteca'),(22,1,'N&uacute;mero m&aacute;ximo de categor&iacute;as por p&aacute;xina'),(22,2,'N&uacute;mero m&aacute;ximo de categor&iacute;as por p&aacute;gina'),(23,1,'Numero m&aacute;ximo de infos por p&aacute;xinas'),(23,2,'Numero m&aacute;ximo de infos por p&aacute;ginas'),(24,1,'Permitir m&uacute;ltiples categor&iacute;as de fonoteca'),(24,2,'Permitir m&uacute;ltiples categor&iacute;as de fonoteca'),(25,1,'n&uacute;mero m&aacute;ximo de categor&iacute;as de fonoteca por p&aacute;xina'),(25,2,'n&uacute;mero m&aacute;ximo de categor&iacute;as de fonoteca por p&aacute;gina'),(26,1,'n&uacute;mero m&aacute;ximo de audios por p&aacute;xina'),(26,2,'n&uacute;mero m&aacute;ximo de audios por p&aacute;gina'),(27,1,'permitir t&iacute;tulo de fonoteca'),(27,2,'permitir t&iacute;tulo de fonoteca'),(28,1,'permitir texto de presentaci&oacute;n fonoteca'),(28,2,'permitir texto de presentac&oacute;n fonoteca'),(29,1,'Permitir m&uacute;ltiples categor&iacute;as de galer&iacute;as'),(29,2,'Permitir m&uacute;ltiples categor&iacute;as de galer&iacute;as'),(30,1,'n&uacute;mero m&aacute;ximo de categor&iacute;as de galer&iacute;as'),(30,2,'n&uacute;mero m&aacute;ximo de categor&iacute;as de galer&iacute;as'),(31,1,'n&uacute;mero m&aacute;ximo de imaxes por p&aacute;xina'),(31,2,'n&uacute;mero m&aacute;ximo de im&aacute;genes por p&aacute;gina'),(32,1,'permitir t&iacute;tulo da imaxe'),(32,2,'permitir t&iacute;tulo de imagen'),(33,1,'permitir texto de presentaci&oacute;n da imaxe'),(33,2,'permitir texto de presentaci&oacute;n de imagen'),(34,1,'Permitir m&uacute;ltiples categor&iacute;as de ligaz&oacute;ns'),(34,2,'Permitir m&uacute;ltiples categor&iacute;as de enlaces'),(35,1,'n&uacute;mero m&aacute;ximo de categor&iacute;as de ligaz&oacute;ns'),(35,2,'n&uacute;mero m&aacute;ximo de categor&iacute;as de enlaces'),(36,1,'n&uacute;mero m&aacute;ximo de ligaz&oacute;ns por p&aacute;xina'),(36,2,'n&uacute;mero m&aacute;ximo de enlaces por p&aacute;gina'),(37,1,'Permitir m&uacute;ltiples categor&iacute;as de axenda'),(37,2,'Permitir m&uacute;ltiples categor&iacute;as de agenda'),(38,1,'num. max. de categor&iacute;as de axenda por p&aacute;xina'),(38,2,'num. max. de categor&iacute;as de agenda por p&aacute;gina'),(39,1,'n&uacute;mero m&aacute;ximo de eventos por p&aacute;xina'),(39,2,'n&uacute;mero m&aacute;ximo de eventos por p&aacute;gina'),(40,1,'permitir data en texto'),(40,2,'permitir fecha en texto'),(41,1,'Permitir autor da info'),(41,2,'Permitir autor de la info'),(43,1,'Permitir comentarios en galer&iacute;a'),(43,2,'Permitir comentarios en galer&iacute;a'),(44,2,'Permitir valoraci&oacute;n galer&iacute;a'),(45,1,'Permitir autor de galer&iacute;a'),(45,2,'Permitir autor de galer&iacute;a'),(46,1,'Permitir comentarios en fonoteca'),(46,2,'Permitir comentarios en fonoteca'),(47,1,'Permitir valoraci&oacute;n en fonoteca'),(47,2,'Permitir valoraci&oacute;n en fonoteca'),(48,1,'Permitir autor de fonoteca'),(48,2,'Permitir autor de fonoteca'),(49,1,'Permitir comentarios en videoteca'),(49,2,'Permitir comentarios en videoteca'),(50,2,'Permitir valoraci&oacute;n en videoteca'),(51,1,'Permitir autor de videoteca'),(51,2,'Permitir autor de videoteca'),(52,1,'Permitir autor da descarga'),(52,2,'Permitir autor de la descarga'),(53,1,'Permitir autor da ligaz&oacute;n'),(53,2,'Permitir autor de enlace'),(62,1,'Permitir t&iacute;tulo da enquisa'),(62,2,'Permitir t&iacute;tulo de la encuesta'),(63,1,'Permitir m&uacute;ltiples enquisas por secci&oacute;n'),(63,2,'Permitir m&uacute;ltiples encuestas por secci&oacute;n'),(64,1,'N&uacute;mero m&aacute;ximo de categor&iacute;as por p&aacute;xina'),(64,2,'N&uacute;mero m&aacute;ximo de categor&iacute;as por p&aacute;gina'),(65,1,'Numero m&aacute;ximo de enquisas por p&aacute;xinas'),(65,2,'Numero m&aacute;ximo de encuestas por p&aacute;ginas'),(66,1,'Permitir autor da enquisa'),(66,2,'Permitir autor de la encuesta'),(67,1,'Permitir paragrafos'),(67,2,'Permitir parrafos'),(68,1,'Permitir lista de imaxes'),(68,2,'Permitir lista de imagenes'),(69,1,'Permitir lista de audios'),(69,2,'Permitir lista de audios'),(70,1,'Permitir lista de videos'),(70,2,'Permitir lista de videos'),(71,1,'Permitir documentos relacionados'),(71,2,'Permitir documentos relacionados'),(72,1,'permitir m&uacute;ltiples categor&iacute;as de cursos'),(72,2,'permitir m&uacute;ltiples categor&iacute;as de cursos'),(74,1,'Info única'),(74,2,'Info &uacute;nica'),(75,1,'permitir m&uacute;ltiples categor&iacute;as de visitas'),(75,2,'permitir m&uacute;ltiples categor&iacute;as de visitas'),(76,1,'Galer&iacute;a de v&iacute;deos'),(76,2,'Galer&iacute;a de v&iacute;deos'),(77,1,'Galer&iacute;a de v&iacute;deos'),(77,2,'Galería de vídeos'),(77,3,'Galería de vídeos'),(78,1,'Galer&iacute;a de v&iacute;deos'),(78,2,'Galer&iacute;a de v&iacute;deos'),(78,3,'Galer&iacute;a de v&iacute;deos'),(79,1,'Galería de vídeos'),(79,2,'Galería de vídeos'),(79,3,'Galería de vídeos');

--
-- Table structure for table `nova`
--

CREATE TABLE `nova` (
  `id_nova` int(11) NOT NULL AUTO_INCREMENT,
  `descr_nova` varchar(255) DEFAULT NULL,
  `activo_nova` int(11) NOT NULL,
  PRIMARY KEY (`id_nova`)
) ENGINE=InnoDB DEFAULT CHARSET=latin1;

--
-- Dumping data for table `nova`
--


--
-- Table structure for table `nova_archivo_idiomaweb`
--

CREATE TABLE `nova_archivo_idiomaweb` (
  `id_nova` int(11) NOT NULL,
  `id_archivo` int(11) NOT NULL,
  `id_idiomaweb` int(11) NOT NULL,
  `titulo_nova_archivo_idiomaweb` varchar(255) DEFAULT NULL,
  `descripcion_nova_archivo_idiomaweb` text,
  `pie_nova_archivo_idiomaweb` text,
  `alt_nova_archivo_idiomaweb` varchar(255) DEFAULT NULL,
  `nova_archivo_cabecera_idiomaweb` int(11) NOT NULL,
  `alineacion_nova_archivo_idiomaweb` char(5) NOT NULL,
  `activo_nova_archivo_idiomaweb` int(11) NOT NULL,
  PRIMARY KEY (`id_nova`,`id_archivo`,`id_idiomaweb`),
  KEY `id_archivo` (`id_archivo`),
  KEY `id_idiomaweb` (`id_idiomaweb`),
  CONSTRAINT `nova_archivo_idiomaweb_ibfk_1` FOREIGN KEY (`id_nova`) REFERENCES `nova` (`id_nova`),
  CONSTRAINT `nova_archivo_idiomaweb_ibfk_2` FOREIGN KEY (`id_archivo`) REFERENCES `archivo` (`id_archivo`),
  CONSTRAINT `nova_archivo_idiomaweb_ibfk_3` FOREIGN KEY (`id_idiomaweb`) REFERENCES `idiomaweb` (`id_idiomaweb`)
) ENGINE=InnoDB DEFAULT CHARSET=latin1;

--
-- Dumping data for table `nova_archivo_idiomaweb`
--


--
-- Table structure for table `nova_idiomaweb`
--

CREATE TABLE `nova_idiomaweb` (
  `id_nova` int(11) NOT NULL,
  `id_idiomaweb` int(11) NOT NULL,
  `fecha_nova_idiomaweb` date NOT NULL,
  `hora_nova_idiomaweb` varchar(255) NOT NULL,
  `titulo_nova_idiomaweb` varchar(255) DEFAULT NULL,
  `antetitulo_nova_idiomaweb` varchar(255) DEFAULT NULL,
  `subtitulo_nova_idiomaweb` varchar(255) DEFAULT NULL,
  `textopresentacion_nova_idiomaweb` text,
  `tags_nova_idiomaweb` varchar(255) DEFAULT NULL,
  `activo_nova_idiomaweb` int(11) NOT NULL,
  `orden_nova_idiomaweb` int(11) NOT NULL,
  `autor_nova_idiomaweb` varchar(255) DEFAULT NULL,
  `mostrar_autor_nova_idiomaweb` int(11) NOT NULL,
  `mostrar_antetitulo_nova_idiomaweb` int(11) NOT NULL,
  `mostrar_subtitulo_nova_idiomaweb` int(11) NOT NULL,
  `permitir_comentarios_nova_idiomaweb` int(11) NOT NULL,
  `permitir_valoracion_nova_idiomaweb` int(11) NOT NULL,
  `hemeroteca_nova_idiomaweb` int(11) NOT NULL,
  `urxente_nova_idiomaweb` int(11) NOT NULL,
  PRIMARY KEY (`id_nova`,`id_idiomaweb`),
  KEY `id_idiomaweb` (`id_idiomaweb`),
  CONSTRAINT `nova_idiomaweb_ibfk_1` FOREIGN KEY (`id_nova`) REFERENCES `nova` (`id_nova`),
  CONSTRAINT `nova_idiomaweb_ibfk_2` FOREIGN KEY (`id_idiomaweb`) REFERENCES `idiomaweb` (`id_idiomaweb`)
) ENGINE=InnoDB DEFAULT CHARSET=latin1;

--
-- Dumping data for table `nova_idiomaweb`
--


--
-- Table structure for table `nova_relacionada`
--

CREATE TABLE `nova_relacionada` (
  `id_nova_relacionada` int(11) NOT NULL AUTO_INCREMENT,
  `ref_nova` int(11) NOT NULL,
  `ref_idiomaweb` int(11) NOT NULL,
  `ref_noticia_relacionada` int(11) NOT NULL,
  `orden_nova_relacionada` int(11) NOT NULL,
  `activo_nova_relacionada` int(11) NOT NULL,
  PRIMARY KEY (`id_nova_relacionada`),
  KEY `ref_nova` (`ref_nova`),
  KEY `ref_idiomaweb` (`ref_idiomaweb`),
  KEY `ref_noticia_relacionada` (`ref_noticia_relacionada`),
  CONSTRAINT `nova_relacionada_ibfk_1` FOREIGN KEY (`ref_nova`) REFERENCES `nova` (`id_nova`) ON DELETE CASCADE ON UPDATE CASCADE,
  CONSTRAINT `nova_relacionada_ibfk_2` FOREIGN KEY (`ref_idiomaweb`) REFERENCES `idiomaweb` (`id_idiomaweb`) ON DELETE CASCADE ON UPDATE CASCADE,
  CONSTRAINT `nova_relacionada_ibfk_3` FOREIGN KEY (`ref_noticia_relacionada`) REFERENCES `nova` (`id_nova`) ON DELETE CASCADE ON UPDATE CASCADE
) ENGINE=InnoDB DEFAULT CHARSET=latin1;

--
-- Dumping data for table `nova_relacionada`
--


--
-- Table structure for table `novaenlace_idiomaweb`
--

CREATE TABLE `novaenlace_idiomaweb` (
  `id_novaenlace_idiomaweb` int(11) NOT NULL AUTO_INCREMENT,
  `ref_nova` int(11) NOT NULL,
  `ref_idiomaweb` int(11) NOT NULL,
  `titulo_novaenlace_idiomaweb` varchar(255) DEFAULT NULL,
  `url_novaenlace_idiomaweb` text,
  `title_novaenlace_idiomaweb` varchar(255) DEFAULT NULL,
  `blank_novaenlace_idiomaweb` int(1) NOT NULL DEFAULT '1',
  `activo_novaenlace_idiomaweb` int(11) NOT NULL,
  `orden_novaenlace_idiomaweb` int(11) NOT NULL,
  PRIMARY KEY (`id_novaenlace_idiomaweb`),
  KEY `ref_nova` (`ref_nova`),
  KEY `ref_idiomaweb` (`ref_idiomaweb`),
  CONSTRAINT `novaenlace_idiomaweb_ibfk_1` FOREIGN KEY (`ref_nova`) REFERENCES `nova` (`id_nova`) ON DELETE CASCADE ON UPDATE CASCADE,
  CONSTRAINT `novaenlace_idiomaweb_ibfk_2` FOREIGN KEY (`ref_idiomaweb`) REFERENCES `idiomaweb` (`id_idiomaweb`) ON DELETE CASCADE ON UPDATE CASCADE
) ENGINE=InnoDB DEFAULT CHARSET=latin1;

--
-- Dumping data for table `novaenlace_idiomaweb`
--


--
-- Table structure for table `novaparrafo`
--

CREATE TABLE `novaparrafo` (
  `id_novaparrafo` int(11) NOT NULL AUTO_INCREMENT,
  `ref_nova` int(11) NOT NULL,
  PRIMARY KEY (`id_novaparrafo`),
  KEY `ref_nova` (`ref_nova`),
  CONSTRAINT `novaparrafo_ibfk_1` FOREIGN KEY (`ref_nova`) REFERENCES `nova` (`id_nova`) ON DELETE CASCADE ON UPDATE CASCADE
) ENGINE=InnoDB DEFAULT CHARSET=latin1;

--
-- Dumping data for table `novaparrafo`
--


--
-- Table structure for table `novaparrafo_archivo_idiomaweb`
--

CREATE TABLE `novaparrafo_archivo_idiomaweb` (
  `id_novaparrafo` int(11) NOT NULL,
  `id_idiomaweb` int(11) NOT NULL,
  `id_archivo` int(11) NOT NULL,
  `titulo_novaparrafo_archivo_idiomaweb` varchar(255) DEFAULT NULL,
  `descripcion_novaparrafo_archivo_idiomaweb` varchar(255) NOT NULL,
  `texto_novaparrafo_archivo_idiomaweb` text,
  `alt_novaparrafo_archivo_idiomaweb` varchar(255) DEFAULT NULL,
  `url_novaparrafo_archivo_idiomaweb` varchar(255) DEFAULT NULL,
  `alineacion_novaparrafo_archivo_idiomaweb` char(5) NOT NULL,
  `activo_novaparrafo_archivo_idiomaweb` int(11) NOT NULL,
  PRIMARY KEY (`id_novaparrafo`,`id_idiomaweb`,`id_archivo`),
  KEY `id_idiomaweb` (`id_idiomaweb`),
  KEY `id_archivo` (`id_archivo`),
  CONSTRAINT `novaparrafo_archivo_idiomaweb_ibfk_1` FOREIGN KEY (`id_novaparrafo`) REFERENCES `novaparrafo` (`id_novaparrafo`),
  CONSTRAINT `novaparrafo_archivo_idiomaweb_ibfk_2` FOREIGN KEY (`id_idiomaweb`) REFERENCES `idiomaweb` (`id_idiomaweb`),
  CONSTRAINT `novaparrafo_archivo_idiomaweb_ibfk_3` FOREIGN KEY (`id_archivo`) REFERENCES `archivo` (`id_archivo`)
) ENGINE=InnoDB DEFAULT CHARSET=latin1;

--
-- Dumping data for table `novaparrafo_archivo_idiomaweb`
--


--
-- Table structure for table `novaparrafo_idiomaweb`
--

CREATE TABLE `novaparrafo_idiomaweb` (
  `id_novaparrafo` int(11) NOT NULL,
  `id_idiomaweb` int(11) NOT NULL,
  `titulo_novaparrafo_idiomaweb` varchar(255) DEFAULT NULL,
  `texto_novaparrafo_idiomaweb` text,
  `titulo_textodestacado_novaparrafo_idiomaweb` varchar(255) NOT NULL,
  `textodestacado_novaparrafo_idiomaweb` varchar(255) DEFAULT NULL,
  `alineacion_textodestacado_novaparrafo_idiomaweb` varchar(3) DEFAULT NULL,
  `activo_textodestacado_novaparrafo_idiomaweb` int(11) NOT NULL,
  `orden_novaparrafo_idiomaweb` int(11) NOT NULL,
  PRIMARY KEY (`id_novaparrafo`,`id_idiomaweb`),
  KEY `id_idiomaweb` (`id_idiomaweb`),
  CONSTRAINT `novaparrafo_idiomaweb_ibfk_1` FOREIGN KEY (`id_novaparrafo`) REFERENCES `novaparrafo` (`id_novaparrafo`),
  CONSTRAINT `novaparrafo_idiomaweb_ibfk_2` FOREIGN KEY (`id_idiomaweb`) REFERENCES `idiomaweb` (`id_idiomaweb`)
) ENGINE=InnoDB DEFAULT CHARSET=latin1;

--
-- Dumping data for table `novaparrafo_idiomaweb`
--


--
-- Table structure for table `novavideo_idiomaweb`
--

CREATE TABLE `novavideo_idiomaweb` (
  `id_novavideo_idiomaweb` int(11) NOT NULL AUTO_INCREMENT,
  `ref_nova` int(11) NOT NULL,
  `ref_idiomaweb` int(11) NOT NULL,
  `titulo_novavideo_idiomaweb` varchar(255) DEFAULT NULL,
  `url_novavideo_idiomaweb` text,
  `title_novavideo_idiomaweb` varchar(255) DEFAULT NULL,
  `blank_novavideo_idiomaweb` int(1) NOT NULL DEFAULT '1',
  `activo_novavideo_idiomaweb` int(11) NOT NULL,
  `orden_novavideo_idiomaweb` int(11) NOT NULL,
  PRIMARY KEY (`id_novavideo_idiomaweb`),
  KEY `ref_nova` (`ref_nova`),
  KEY `ref_idiomaweb` (`ref_idiomaweb`)
) ENGINE=InnoDB DEFAULT CHARSET=latin1;

--
-- Dumping data for table `novavideo_idiomaweb`
--


--
-- Table structure for table `pais`
--

CREATE TABLE `pais` (
  `id_pais` int(11) NOT NULL AUTO_INCREMENT,
  `texto_pais` varchar(255) NOT NULL,
  PRIMARY KEY (`id_pais`)
) ENGINE=InnoDB AUTO_INCREMENT=242 DEFAULT CHARSET=latin1;

--
-- Dumping data for table `pais`
--

INSERT INTO `pais` VALUES (1,'Afganist'),(2,'Albania'),(3,'Alemania'),(4,'American Samoa'),(5,'Andorra'),(6,'Angola'),(7,'Anguila'),(8,'Antigua and Barbuda'),(9,'Antillas Holandesas'),(10,'AntÃ¡rtida'),(11,'Arabia Saudita'),(12,'Argelia'),(13,'Argentina'),(14,'Armenia'),(15,'Aruba'),(17,'Australia'),(18,'Austria'),(19,'Azerbaijan'),(20,'Bahamas'),(21,'Bahrein'),(22,'Bangladesh'),(23,'Barbados'),(24,'Belice'),(25,'Benin'),(26,'Bermuda'),(27,'Bielorrusia'),(28,'Bolivia'),(29,'Bosnia y Herzegovina'),(30,'Botsuana'),(31,'Bouvet Island'),(32,'Brasil'),(33,'British Indian Ocean Territory'),(34,'Brunei Darussalam'),(35,'Bulgaria'),(36,'Burkina Faso'),(37,'Burundi'),(38,'But'),(39,'B?lgica'),(40,'Cabo Verda'),(41,'Camboya'),(42,'Camer?n'),(44,'Canad'),(45,'Chad'),(46,'Chile'),(47,'China'),(48,'Chipre'),(49,'Colombia'),(50,'Comores'),(51,'Congo'),(52,'Corea del Norte'),(53,'Corea del Sur'),(54,'Costa Rica'),(55,'Cote D Ivoire'),(56,'Croacia'),(57,'Cuba'),(58,'Dinamarca'),(59,'Djibouti'),(60,'Dominica'),(61,'East Timor'),(62,'Ecuador'),(63,'Egipto'),(64,'El Salvador'),(65,'El Vaticano'),(66,'Emiratos Arabes Unidos'),(67,'Eritrea'),(68,'Eslovaquia'),(69,'Eslovenia'),(70,'Espa?a'),(71,'Estados Unidos'),(72,'Estonia'),(73,'Etiop'),(74,'Fiji'),(75,'Filipinas'),(76,'Finlandia'),(77,'Francia'),(78,'French Guiana'),(79,'French Polynesia'),(80,'French Southern Territories'),(81,'Gab?n'),(82,'Gambia'),(83,'Georgia'),(84,'Ghana'),(85,'Gibraltar'),(86,'Granada'),(87,'Grecia'),(88,'Groenlandia'),(89,'Guadalupe'),(90,'Guam'),(91,'Guatemala'),(92,'Guinea'),(93,'Guinea Ecuatorial'),(94,'Guinea-Bissau'),(95,'Guyana'),(96,'Hait'),(97,'Heard Island and McDonald Isla'),(98,'Holanda'),(99,'Honduras'),(100,'Hong Kong'),(101,'Hungr'),(102,'India'),(103,'Indonesia'),(104,'Iraq'),(105,'Irlanda'),(106,'Isalas Cocos'),(107,'Isla Christmas'),(108,'Islandia'),(109,'Islas Caim'),(110,'Islas Cook'),(111,'Islas Feroe'),(112,'Islas Malvinas'),(113,'Islas Marshall'),(114,'Islas Mauricio'),(115,'Islas Salom?n'),(116,'Islas Sandwhich'),(117,'Islas Turks y Caicos'),(118,'Islas Wallis y Futuna'),(119,'Israel'),(120,'Italia'),(121,'Jamaica'),(122,'Jap?n'),(123,'Jordania'),(124,'Kazakhst'),(125,'Kenia'),(126,'Kiribati'),(127,'Kuwait'),(128,'Kyrgyzst'),(129,'Laos'),(130,'Latvia'),(131,'Lesoto'),(132,'Liberia'),(133,'Libia'),(134,'Liechtenstein'),(135,'Lituania'),(136,'Luxemburgo'),(137,'L?bano'),(138,'Macao'),(139,'Macedonia'),(140,'Madagascar'),(141,'Malasia'),(142,'Malaui'),(143,'Maldivas'),(144,'Malta'),(145,'Mal'),(146,'Marruecos'),(147,'Martinique'),(148,'Mauritania'),(149,'Mayotte'),(150,'Micronesia'),(151,'Moldavia'),(152,'Mongolia'),(153,'Montserrat'),(154,'Mozambique'),(155,'Myanmar'),(156,'M?xico'),(157,'M?naco'),(158,'Namibia'),(159,'Nauru'),(160,'Nepal'),(161,'Nicaragua'),(162,'Nigeria'),(163,'Niue'),(164,'Norfolk Island'),(165,'Northern Mariana Islands'),(166,'Noruega'),(167,'Nueva Caledonia'),(168,'Nueva Zelanda'),(169,'N?ger'),(170,'Om'),(171,'Pakist'),(172,'Palau'),(173,'Palestinian Territory'),(174,'Panam'),(175,'Pap?a Nueva Guinea'),(176,'Paraguay'),(177,'Per?'),(178,'Pitcairn'),(179,'Polonia'),(180,'Portugal'),(181,'Puerto Rico'),(182,'Qatar'),(183,'Reino Unido'),(184,'Rep?blica Centroafricana'),(185,'Rep?blica Checa'),(186,'Rep?blica Democr?tica del Congo'),(187,'Rep?blica Dominicana'),(188,'Rep?blica Isl?mica de Ir'),(189,'Ruanda'),(190,'Rumania'),(191,'Rusian'),(192,'Saint Kitts and Nevis'),(193,'Saint Pierre y Miquelon'),(194,'Samoa'),(195,'San Marino'),(196,'San Vicente y Las Granadinas'),(197,'Santa Elena'),(198,'Santa Luc'),(199,'Sao Tome and Principe'),(200,'Senegal'),(201,'Serbia y Montenegro'),(202,'Seychelles'),(203,'Sierra Leona'),(204,'Singapur'),(205,'Siria'),(206,'Somalia'),(207,'Sri Lanka'),(208,'Suazilandia'),(209,'Sud?frica'),(210,'Sud'),(211,'Suecia'),(212,'Suiza'),(213,'Surinam'),(214,'Svalbard and Jan Mayen'),(215,'Tailandia'),(216,'Taiwan'),(217,'Tajikist'),(218,'Tanzania'),(219,'Togo'),(220,'Tonga'),(221,'Toquelau'),(222,'Trinidad y Tobago'),(223,'Turkmenist'),(224,'Turqu'),(225,'Tuvalu'),(226,'T?nez'),(227,'Ucrania'),(228,'Uganda'),(229,'United States Minor Outlying I'),(230,'Uruguay'),(231,'Uzbekist'),(232,'Vanuatu'),(233,'Venezuela'),(234,'Vietnam'),(235,'Virgin Islands British'),(236,'Virgin Islands U.S.'),(237,'Western Sahara'),(238,'Yemen'),(239,'Zaire'),(240,'Zambia'),(241,'Zimbabue');

--
-- Table structure for table `perfil`
--

CREATE TABLE `perfil` (
  `id_perfil` int(11) NOT NULL AUTO_INCREMENT,
  `ref_perfil` int(11) DEFAULT NULL,
  `nombre_perfil` varchar(45) DEFAULT NULL,
  `nivel_perfil` int(11) NOT NULL DEFAULT '1',
  `orden_perfil` int(11) DEFAULT NULL,
  `accesototal_perfil` tinyint(1) NOT NULL DEFAULT '0',
  `activo_perfil` tinyint(1) NOT NULL DEFAULT '1',
  PRIMARY KEY (`id_perfil`),
  KEY `rel_perfil` (`ref_perfil`),
  CONSTRAINT `rel_perfil` FOREIGN KEY (`ref_perfil`) REFERENCES `perfil` (`id_perfil`) ON DELETE NO ACTION ON UPDATE NO ACTION
) ENGINE=InnoDB AUTO_INCREMENT=5 DEFAULT CHARSET=latin1;

--
-- Dumping data for table `perfil`
--

INSERT INTO `perfil` VALUES (1,NULL,'super',1,0,1,1),(3,NULL,'Mantemento',1,1,0,1),(4,NULL,'Prensa',1,2,0,1);

--
-- Table structure for table `perfil_categoria`
--

CREATE TABLE `perfil_categoria` (
  `id_perfil` int(11) NOT NULL,
  `id_categoria` int(11) NOT NULL,
  `lector_perfil` tinyint(1) NOT NULL DEFAULT '0',
  `editor_perfil` tinyint(1) NOT NULL DEFAULT '0',
  `publicador_perfil` tinyint(1) NOT NULL DEFAULT '1',
  PRIMARY KEY (`id_perfil`,`id_categoria`),
  KEY `rel_perfil_categoria` (`id_perfil`),
  KEY `rel_categoria_perfil` (`id_categoria`),
  CONSTRAINT `rel_categoria_perfil` FOREIGN KEY (`id_categoria`) REFERENCES `categoria` (`id_categoria`) ON DELETE NO ACTION ON UPDATE NO ACTION,
  CONSTRAINT `rel_perfil_categoria` FOREIGN KEY (`id_perfil`) REFERENCES `perfil` (`id_perfil`) ON DELETE NO ACTION ON UPDATE NO ACTION
) ENGINE=InnoDB DEFAULT CHARSET=latin1;

--
-- Dumping data for table `perfil_categoria`
--

INSERT INTO `perfil_categoria` VALUES (3,2,1,1,1),(3,3,1,0,0),(3,6,1,0,0),(3,7,1,0,0),(3,8,1,1,1),(3,9,1,0,0),(3,10,1,1,1),(3,11,1,1,1),(3,12,1,0,0),(3,13,1,0,0),(3,14,1,1,1),(3,15,1,1,1),(3,16,1,1,1),(3,17,1,1,1),(3,18,1,0,0),(3,19,1,0,0),(3,20,1,0,0),(3,21,1,0,0),(3,22,1,1,1),(3,23,1,1,1),(3,24,1,0,0),(3,25,1,1,1),(3,26,1,1,1),(3,27,1,1,1),(3,28,1,0,0),(3,29,1,0,0),(3,30,1,1,1),(3,31,1,1,1),(3,32,1,1,1),(3,33,1,1,1),(3,34,1,1,1),(3,35,1,1,1),(3,36,1,1,1),(3,37,1,1,1),(3,38,1,1,1),(3,39,1,1,1),(3,40,1,1,1),(3,41,1,1,1),(3,42,1,0,0),(3,44,1,1,1),(3,45,1,1,1),(3,46,1,1,1),(3,47,1,1,1),(3,48,1,1,1),(3,49,1,1,1),(3,50,1,1,1),(3,51,1,1,1),(3,52,1,1,1),(3,53,1,1,1),(3,54,1,0,0),(3,55,1,0,0),(3,56,1,1,1),(3,57,1,1,1),(3,58,1,0,0),(3,59,1,1,1),(3,60,1,1,1),(3,61,1,1,1),(3,62,1,0,0),(3,63,1,0,0),(3,64,1,1,1),(3,65,1,1,1),(3,66,1,1,1),(3,67,1,1,1),(3,68,1,1,1),(3,69,1,1,1),(3,70,1,1,1),(3,71,1,0,0),(3,72,1,1,1),(3,73,1,1,1),(3,74,1,1,1),(3,75,1,1,1),(3,76,1,0,0),(3,77,1,1,1),(3,78,1,1,1),(3,79,1,0,0),(3,80,1,1,1),(3,81,1,1,1),(3,82,1,1,1),(3,83,1,1,1),(3,84,1,1,1),(3,85,1,1,1),(3,86,1,1,1),(3,87,1,0,0),(3,88,1,1,0),(3,89,1,1,0),(3,90,1,0,0),(3,91,1,1,1),(3,92,1,1,1),(3,93,1,1,1),(3,94,1,1,1),(3,95,1,1,1),(3,96,1,1,1),(3,97,1,1,1),(3,98,1,1,1),(3,99,1,1,1),(3,100,1,1,1),(3,101,1,1,1),(3,103,1,1,1),(3,104,1,1,1),(3,105,1,0,0),(3,106,1,1,1),(3,107,1,1,1),(3,108,1,1,1),(3,109,1,1,1),(3,110,1,1,1),(3,111,1,1,1),(3,112,1,1,1),(3,113,1,1,1),(3,114,1,1,1),(3,115,1,1,1),(3,116,1,1,1),(3,117,1,1,1),(3,118,1,1,1),(3,119,1,1,1),(3,120,1,1,1),(3,121,1,1,1),(3,122,1,1,1),(3,123,1,1,1),(3,124,1,1,1),(3,125,1,1,1),(3,126,1,1,1),(3,127,1,1,0),(3,128,1,1,0),(3,129,1,1,1),(3,130,1,1,1),(3,131,1,1,1),(3,132,1,1,1),(3,133,1,1,1),(3,134,1,1,1),(3,135,1,1,1),(3,136,1,1,1),(3,137,1,1,1),(3,138,1,1,1),(3,139,1,1,1),(3,140,1,1,1),(3,141,1,1,1),(3,142,1,1,1),(3,143,1,1,1),(3,144,1,1,1),(3,145,1,1,1),(3,146,1,1,1),(3,147,1,1,1),(3,148,1,1,1),(3,149,1,1,1),(3,150,1,1,1),(3,151,1,1,1),(3,152,1,1,1),(3,153,1,1,1),(3,154,1,1,1),(3,155,1,1,0),(3,156,1,1,1),(3,157,1,1,1),(3,158,1,1,1),(3,160,1,0,0),(3,161,1,1,1),(3,162,1,1,1),(3,163,1,1,1),(3,164,1,1,1),(3,165,1,1,1),(3,166,1,1,1),(3,167,1,1,1),(3,168,1,0,0),(3,169,1,1,1),(3,170,1,0,0),(3,171,1,1,1),(3,172,1,1,1),(3,173,1,1,1),(3,175,1,1,1),(3,179,1,1,1),(3,180,1,1,1),(3,181,1,1,1),(3,182,1,1,1),(3,183,1,1,1),(3,184,1,1,1),(3,185,1,1,1),(3,188,1,1,1),(3,189,1,1,1),(3,190,1,1,1),(3,191,1,1,1),(3,192,1,1,1),(3,193,1,1,1),(3,194,1,1,1),(3,195,1,1,1),(3,196,1,1,1),(3,197,1,1,1),(3,198,1,1,1),(3,199,1,1,1),(3,200,1,1,1),(3,201,1,1,1),(3,202,1,1,1),(3,203,1,1,1),(3,204,1,1,1),(3,205,1,1,1),(3,206,1,1,1),(3,207,1,1,1),(3,208,1,1,0),(3,209,1,1,0),(3,210,1,1,0),(3,211,1,1,0),(3,212,1,1,0),(3,213,1,1,1),(3,214,1,1,0),(3,215,1,1,0),(3,216,1,1,0),(3,217,1,1,0),(3,219,1,1,1),(3,220,1,1,1),(3,222,1,1,1),(3,223,1,1,1),(3,224,1,1,1),(3,227,1,1,1),(3,228,1,1,1),(3,229,1,1,1),(3,230,1,1,1),(3,231,1,1,1),(3,232,1,1,1),(3,233,1,1,1),(3,234,1,0,0),(3,235,1,0,0),(3,236,1,1,1),(3,238,1,1,1),(3,239,1,1,1),(3,240,1,1,1),(3,241,1,1,1),(3,242,1,1,1),(3,243,1,1,1),(3,244,1,1,1),(3,245,1,1,1),(3,246,1,1,1),(3,247,1,1,1),(3,248,1,1,1),(3,249,1,1,1),(3,250,1,1,1),(3,251,1,1,1),(3,252,1,1,1),(3,253,1,1,1),(3,254,1,1,1),(3,255,1,1,1),(3,256,1,1,1),(3,257,1,1,1),(3,258,1,1,1),(3,259,1,1,1),(3,260,1,1,1),(3,261,1,1,1),(3,262,1,1,1),(3,263,1,1,1),(3,264,1,1,1),(3,265,1,1,1),(3,266,1,1,1),(3,267,1,1,1),(3,268,1,1,1),(3,269,1,1,1),(3,272,1,1,1),(3,274,1,1,1),(3,275,1,1,1),(3,276,1,1,1),(3,278,1,1,1),(3,279,1,1,1),(3,280,1,1,1),(3,281,1,1,1),(3,282,1,1,1),(3,283,1,1,1),(3,284,1,1,1),(3,285,1,1,1),(3,286,1,1,1),(3,287,1,1,1),(3,288,1,1,1),(3,289,1,1,1),(3,290,1,1,1),(3,291,1,1,1),(3,292,1,1,1),(3,293,1,1,1),(3,294,1,1,1),(3,295,1,1,1),(3,296,1,1,1),(3,297,1,1,1),(3,298,1,1,1),(3,299,1,1,1),(3,300,1,1,1),(3,301,1,1,1),(3,302,1,1,1),(3,303,1,1,1),(3,304,1,1,1),(3,305,1,1,1),(3,306,1,1,1),(3,307,1,1,1),(3,308,1,1,1),(3,309,1,1,1),(3,310,1,1,1),(3,311,1,1,1),(3,312,1,1,1),(3,313,1,1,1),(3,314,1,1,1),(3,315,1,1,1),(3,316,1,1,1),(3,317,1,1,1),(3,318,1,1,1),(3,319,1,1,1),(3,320,1,1,1),(3,321,1,1,1),(3,322,1,1,1),(3,323,1,1,1),(3,324,1,1,1),(3,325,1,1,1),(3,326,1,1,1),(3,327,1,1,1),(3,328,1,1,1),(3,329,1,1,1),(3,330,1,1,1),(3,331,1,1,1),(3,332,1,1,1),(3,333,1,1,1),(3,334,1,1,1),(3,335,1,1,1),(3,336,1,1,1),(3,337,1,1,1),(3,338,1,1,1),(3,339,1,1,1),(3,340,1,1,1),(3,341,1,1,1),(3,342,1,1,1),(3,343,1,1,1),(3,344,1,1,1),(3,345,1,1,1),(3,346,1,1,1),(3,347,1,1,1),(3,348,1,1,1),(3,349,1,1,1),(3,350,1,1,1),(3,351,1,1,1),(3,352,1,1,1),(3,353,1,1,1),(3,354,1,1,1),(3,355,1,1,1),(3,356,1,1,1),(3,357,1,1,1),(3,358,1,1,1),(3,359,1,1,1),(3,360,1,1,1),(3,361,1,1,1),(3,362,1,1,1),(3,363,1,1,1),(3,364,1,1,1),(3,365,1,1,1),(3,366,1,1,1),(3,367,1,1,1),(3,368,1,1,1),(3,369,1,1,1),(3,370,1,1,1),(3,371,1,1,1),(3,372,1,1,1),(3,373,1,1,1),(3,374,1,1,1),(3,375,1,1,1),(3,376,1,1,1),(3,377,1,1,1),(3,378,1,1,1),(3,379,1,1,1),(3,380,1,1,1),(3,381,1,1,1),(3,382,1,1,1),(3,383,1,1,1),(3,384,1,1,1),(3,385,1,1,1),(3,388,1,1,1),(3,389,1,1,1),(3,390,1,1,1),(3,391,1,1,1),(3,392,1,1,1),(3,393,1,1,1),(3,394,1,1,1),(3,395,1,1,1),(3,396,1,1,1),(3,397,1,1,1),(3,398,1,1,1),(3,399,1,1,1),(3,400,1,1,1),(3,401,1,1,1),(3,402,1,1,1),(3,403,1,1,1),(3,404,1,1,1),(3,405,1,1,1),(3,406,1,1,1),(3,407,1,1,1),(3,408,1,1,1),(3,409,1,1,1),(3,410,1,1,1),(3,411,1,1,1),(3,412,1,1,1),(3,413,1,1,1),(3,414,1,1,1),(3,415,1,1,1),(3,416,1,1,1),(3,417,1,1,1),(3,418,1,1,1),(3,419,1,1,1),(3,420,1,1,1),(3,421,1,1,1),(3,422,1,1,1),(3,423,1,1,1),(3,424,1,1,1),(3,425,1,1,1),(3,426,1,1,1),(3,427,1,1,1),(3,428,1,1,1),(3,429,1,1,1),(3,430,1,1,1),(3,431,1,1,1),(3,432,1,1,1),(3,433,1,1,1),(3,434,1,1,1),(3,435,1,1,1),(3,436,1,1,1),(3,437,1,1,1),(3,438,1,1,1),(3,439,1,1,1),(3,440,1,1,1),(3,441,1,1,1),(3,442,1,1,1),(3,443,1,1,1),(3,444,1,1,1),(3,445,1,1,1),(3,446,1,1,1),(3,447,1,1,1),(3,448,1,1,1),(3,449,1,1,1),(3,450,1,1,1),(3,452,1,1,1),(3,453,1,1,1),(3,454,1,1,1),(3,455,1,1,1),(3,456,1,1,1),(3,457,1,1,1),(3,458,1,1,1),(3,459,1,1,1),(3,460,1,1,1),(3,461,1,1,1),(3,462,1,1,1),(3,463,1,1,1),(3,464,1,1,1),(3,465,1,1,1),(3,466,1,1,1),(3,467,1,1,1),(3,468,1,1,1),(3,469,1,1,1),(3,470,1,1,1),(3,471,1,1,1),(3,472,1,1,1),(3,473,1,1,1),(3,474,1,1,1),(3,475,1,1,1),(3,476,1,1,1),(3,477,1,1,1),(3,478,1,1,1),(3,479,1,1,1),(3,480,1,1,1),(3,483,1,1,1),(3,484,1,1,1),(3,485,1,1,1),(3,486,1,1,1),(3,487,1,1,1),(3,488,1,1,1),(3,489,1,1,1),(3,490,1,1,1),(3,491,1,1,1),(3,492,1,1,1),(3,494,1,1,1),(3,495,1,1,1),(3,496,1,1,1),(3,497,1,1,1),(3,498,1,1,1),(3,499,1,1,1),(3,500,1,1,1),(3,501,1,1,1),(3,502,1,1,1),(3,503,1,1,1),(3,504,1,1,1),(3,505,1,1,1),(3,506,1,1,1),(3,507,1,1,1),(3,508,1,1,1),(3,509,1,1,1),(3,510,1,1,1),(3,511,1,1,1),(3,512,1,1,1),(3,513,1,1,1),(3,514,1,1,1),(3,515,1,1,1),(3,516,1,1,1),(3,517,1,1,1),(3,518,1,1,1),(3,519,1,1,1),(3,520,1,1,1),(3,521,1,1,1),(3,522,1,1,1),(3,523,1,1,1),(3,524,1,1,1),(3,525,1,1,1),(3,526,1,1,1),(3,527,1,1,1),(3,528,1,1,1),(3,529,1,1,1),(3,530,1,1,1),(3,531,1,1,1),(3,532,1,1,1),(3,533,1,1,1),(3,534,1,1,1),(3,535,1,1,1),(3,536,1,1,1),(3,537,1,1,1),(3,538,1,1,1),(3,539,1,1,1),(3,540,1,1,1),(3,541,1,1,1),(3,542,1,1,1),(3,543,1,1,1),(3,544,1,1,1),(3,545,1,1,1),(3,547,1,1,1),(3,548,1,1,1),(3,549,1,1,1),(3,550,1,1,1),(3,551,1,1,1),(3,552,1,1,1),(3,553,1,1,1),(3,554,1,1,1),(3,555,1,1,1),(3,556,1,1,1),(3,557,1,1,1),(3,558,1,1,1),(3,559,1,1,1),(3,560,1,1,1),(3,561,1,1,1),(3,562,1,1,1),(3,563,1,1,1),(3,564,1,1,1),(3,565,1,1,1),(3,566,1,1,1),(3,567,1,1,1),(3,568,1,1,1),(3,569,1,1,1),(3,570,1,1,1),(3,571,1,1,1),(3,572,1,1,1),(3,573,1,1,1),(3,574,1,1,1),(3,575,1,1,1),(3,576,1,1,1),(3,577,1,1,1),(3,578,1,1,1),(3,579,1,1,1),(3,580,1,1,1),(3,581,1,1,1),(3,582,1,1,1),(3,583,1,1,1),(3,584,1,1,1),(3,585,1,1,1),(3,586,1,1,1),(3,587,1,1,1),(3,588,1,1,1),(3,589,1,1,1),(3,590,1,1,1),(3,591,1,1,1),(3,592,1,1,1),(3,593,1,1,1),(3,594,1,1,1),(3,595,1,1,1),(3,596,1,1,1),(3,597,1,1,1),(3,598,1,1,1),(3,599,1,1,1),(3,600,1,1,1),(3,601,1,1,1),(3,602,1,1,1),(3,603,1,1,1),(3,604,1,1,1),(3,605,1,1,1),(3,606,1,1,1),(3,607,1,1,1),(3,608,1,1,1),(3,609,1,1,1),(3,610,1,1,1),(3,611,1,1,1),(3,612,1,1,1),(3,613,1,1,1),(3,614,1,1,1),(3,615,1,1,1),(3,616,1,1,1),(3,617,1,1,1),(3,618,1,1,1),(3,619,1,1,1),(3,620,1,1,1),(3,621,1,1,1),(3,622,1,1,1),(3,623,1,1,1),(3,624,1,1,1),(3,625,1,1,1),(3,626,1,1,1),(3,627,1,1,1),(3,628,1,1,1),(3,629,1,1,1),(3,630,1,1,1),(3,631,1,1,1),(3,632,1,1,1),(3,633,1,1,1),(3,634,1,1,1),(3,635,1,1,1),(3,636,1,1,1),(3,637,1,1,1),(3,638,1,1,1),(3,639,1,1,1),(3,640,1,1,1),(3,641,1,1,1),(3,642,1,1,1),(3,643,1,1,1),(3,644,1,1,1),(3,645,1,1,1),(3,646,1,1,1),(3,647,1,1,1),(3,648,1,1,1),(3,649,1,1,1),(3,650,1,1,1),(3,651,1,1,1),(3,652,1,1,1),(3,653,1,1,1),(3,654,1,1,1),(3,655,1,1,1),(3,656,1,1,1),(3,657,1,1,1),(3,658,1,1,1),(3,659,1,1,1),(3,660,1,1,1),(3,661,1,1,1),(3,662,1,1,1),(3,663,1,1,1),(3,664,1,1,1),(3,665,1,1,1),(3,666,1,1,1),(3,667,1,1,1),(3,668,1,1,1),(3,669,1,1,1),(3,670,1,1,1),(3,671,1,1,1),(3,672,1,1,1),(3,673,1,1,1),(3,674,1,1,1),(3,675,1,1,1),(3,676,1,1,1),(3,677,1,1,1),(3,678,1,1,1),(3,679,1,1,1),(3,680,1,1,1),(3,681,1,1,1),(3,682,1,1,1),(3,683,1,1,1),(3,684,1,1,1),(3,685,1,1,1),(3,686,1,1,1),(3,687,1,1,1),(3,688,1,1,1),(3,689,1,1,1),(3,690,1,1,1),(3,691,1,1,1),(3,692,1,1,1),(3,693,1,1,1),(3,694,1,1,1),(3,695,1,1,1),(3,696,1,1,1),(3,697,1,1,1),(3,698,1,1,1),(3,699,1,1,1),(3,700,1,1,1),(3,701,1,1,1),(3,702,1,1,1),(3,703,1,1,1),(3,704,1,1,1),(3,705,1,1,1),(3,706,1,1,1),(3,707,1,1,1),(3,708,1,1,1),(3,709,1,1,1),(3,710,1,1,1),(3,711,1,1,1),(3,712,1,1,1),(3,713,1,1,1),(3,714,1,1,1),(3,715,1,1,1),(3,716,1,1,1),(3,717,1,1,1),(3,718,1,1,1),(3,719,1,1,1),(3,720,1,1,1),(3,721,1,1,1),(3,722,1,1,1),(3,723,1,1,1),(3,724,1,1,1),(3,725,1,1,1),(3,726,1,1,1),(3,727,1,1,1),(3,728,1,1,1),(3,729,1,1,1),(3,730,1,1,1),(3,731,1,1,1),(3,732,1,1,1),(3,733,1,1,1),(3,734,1,1,1),(3,735,1,1,1),(3,736,1,1,1),(3,737,1,1,1),(3,738,1,1,1),(3,739,1,1,1),(3,740,1,1,1),(3,741,1,1,1),(3,742,1,1,1),(3,743,1,1,1),(3,744,1,1,1),(3,745,1,1,1),(3,746,1,1,1),(3,747,1,1,1),(3,748,1,1,1),(3,749,1,1,1),(3,750,1,1,1),(3,751,1,1,1),(3,752,1,1,1),(3,753,1,1,1),(3,754,1,1,1),(3,755,1,1,1),(3,756,1,1,1),(3,757,1,1,1),(3,758,1,1,1),(3,759,1,1,1),(3,760,1,1,1),(3,761,1,1,1),(3,762,1,1,1),(3,763,1,1,1),(3,764,1,1,1),(3,765,1,1,1),(3,766,1,1,1),(3,767,1,1,1),(3,768,1,1,1),(3,769,1,1,1),(3,770,1,1,1),(3,771,1,1,1),(4,18,1,0,0),(4,19,1,0,0),(4,20,1,0,0),(4,21,1,1,1),(4,22,1,1,1),(4,23,1,1,1),(4,24,1,1,1),(4,25,1,1,1),(4,26,1,1,1),(4,27,1,1,1),(4,28,1,0,0),(4,29,1,1,1),(4,30,1,1,1),(4,31,1,1,1),(4,32,1,1,1),(4,33,1,1,1),(4,34,1,1,1),(4,35,1,1,1),(4,36,1,1,1),(4,37,1,1,1),(4,38,1,1,1),(4,39,1,1,1),(4,40,1,1,1),(4,41,1,1,1),(4,42,1,1,1),(4,44,1,1,1),(4,45,1,1,1),(4,46,1,1,1),(4,47,1,1,1),(4,48,1,1,1),(4,49,1,1,1),(4,50,1,1,1),(4,51,1,1,1),(4,52,1,1,1),(4,53,1,1,1),(4,130,1,1,1),(4,131,1,1,1),(4,132,1,1,1),(4,133,1,1,1),(4,134,1,1,1),(4,135,1,1,1),(4,136,1,1,1),(4,137,1,1,1),(4,138,1,1,1),(4,158,1,1,1),(4,188,1,1,1),(4,189,1,1,1),(4,190,1,1,1),(4,315,1,1,1),(4,326,1,1,1),(4,327,1,1,1),(4,328,1,1,1),(4,329,1,1,1),(4,417,1,1,1),(4,418,1,1,1),(4,419,1,1,1),(4,420,1,1,1),(4,469,1,1,1),(4,470,1,1,1),(4,471,1,1,1),(4,474,1,1,1),(4,541,1,1,1),(4,542,1,1,1),(4,543,1,1,1),(4,544,1,1,1),(4,624,1,1,1),(4,626,1,1,1),(4,627,1,1,1),(4,628,1,1,1),(4,691,1,1,1),(4,692,1,1,1),(4,693,1,1,1),(4,694,1,1,1),(4,763,1,1,1),(4,764,1,1,1),(4,766,1,1,1),(4,768,1,1,1);

--
-- Table structure for table `perfil_seccioncontrol`
--

CREATE TABLE `perfil_seccioncontrol` (
  `id_perfil` int(11) NOT NULL,
  `id_seccioncontrol` int(11) NOT NULL,
  `lector_perfil` tinyint(1) NOT NULL DEFAULT '0',
  `editor_perfil` tinyint(1) NOT NULL DEFAULT '0',
  `publicador_perfil` tinyint(1) NOT NULL DEFAULT '1',
  PRIMARY KEY (`id_seccioncontrol`,`id_perfil`),
  KEY `rel_perfil_seccioncontrol` (`id_perfil`),
  KEY `rel_seccioncontrol_perfil` (`id_seccioncontrol`),
  CONSTRAINT `rel_perfil_seccioncontrol` FOREIGN KEY (`id_perfil`) REFERENCES `perfil` (`id_perfil`) ON DELETE NO ACTION ON UPDATE NO ACTION,
  CONSTRAINT `rel_seccioncontrol_perfil` FOREIGN KEY (`id_seccioncontrol`) REFERENCES `seccioncontrol` (`id_seccioncontrol`) ON DELETE NO ACTION ON UPDATE NO ACTION
) ENGINE=InnoDB DEFAULT CHARSET=latin1;

--
-- Dumping data for table `perfil_seccioncontrol`
--

INSERT INTO `perfil_seccioncontrol` VALUES (3,1,1,1,1),(4,1,1,0,0),(3,4,1,1,1),(3,8,1,1,1),(3,9,1,1,1),(4,9,1,0,0),(3,12,1,1,1),(3,19,1,1,1),(3,21,1,0,0),(3,71,1,1,1),(3,74,1,0,0),(3,104,1,1,1),(3,106,1,1,1),(4,106,1,1,1),(3,109,1,1,0),(4,109,1,0,0);

--
-- Table structure for table `posibleidioma`
--

CREATE TABLE `posibleidioma` (
  `id_posibleidioma` int(11) NOT NULL AUTO_INCREMENT,
  `prefijo_posibleidioma` varchar(20) DEFAULT NULL,
  `nombre_posibleidioma` varchar(45) DEFAULT NULL,
  PRIMARY KEY (`id_posibleidioma`)
) ENGINE=InnoDB AUTO_INCREMENT=11 DEFAULT CHARSET=latin1;

--
-- Dumping data for table `posibleidioma`
--

INSERT INTO `posibleidioma` VALUES (1,'es','castellano'),(2,'gl','galego'),(3,'en','english'),(4,'fr','franÃ§ais'),(5,'it','italiano'),(6,'de','deutsch'),(7,'pt-BR','portuguÃ«s (Brasil)'),(8,'pt-PT','portuguÃ«s (Portugal)'),(9,'eu','euskera'),(10,'ca','catala');

--
-- Table structure for table `provincia`
--

CREATE TABLE `provincia` (
  `id_provincia` int(11) NOT NULL,
  `texto_provincia` varchar(255) NOT NULL,
  PRIMARY KEY (`id_provincia`)
) ENGINE=InnoDB DEFAULT CHARSET=latin1 ROW_FORMAT=COMPACT;

--
-- Dumping data for table `provincia`
--

INSERT INTO `provincia` VALUES (1,'Ávila'),(2,'Álava'),(3,'Albacete'),(4,'Alicante'),(5,'AlmerÍ­a'),(6,'Asturias'),(7,'Badajoz'),(8,'Baleares'),(9,'Barcelona'),(10,'Burgos'),(11,'Cáceres'),(12,'Cádiz'),(13,'Córdoba'),(14,'Cantabria'),(15,'Castellón'),(16,'Ceuta'),(17,'Ciudad Real'),(18,'A Coruña'),(19,'Cuenca'),(20,'Gerona'),(21,'Granada'),(22,'Guadalajara'),(23,'Gipúzcoa'),(24,'Huelva'),(25,'Huesca'),(26,'Jaén'),(27,'Lérida'),(28,'La Rioja'),(29,'Las Palmas'),(30,'León'),(31,'Lugo'),(32,'Málaga'),(33,'Madrid'),(34,'Melilla'),(35,'Murcia'),(36,'Navarra'),(37,'Ourense'),(38,'Palencia'),(39,'Pontevedra'),(40,'Salamanca'),(41,'Santa Cruz de Tenerife'),(42,'Segovia'),(43,'Sevilla'),(44,'Soria'),(45,'Tarragona'),(46,'Teruel'),(47,'Toledo'),(48,'Valencia'),(49,'Valladolid'),(50,'Vizcaya'),(51,'Zamora'),(52,'Zaragoza');

--
-- Table structure for table `relacionarchivos_archivo_axenda_idiomaweb`
--

CREATE TABLE `relacionarchivos_archivo_axenda_idiomaweb` (
  `id_relacionarchivo_axenda` int(11) NOT NULL AUTO_INCREMENT,
  `ref_axenda` int(11) NOT NULL,
  `ref_archivo` int(11) NOT NULL,
  `ref_idiomaweb` int(11) NOT NULL,
  `titulo_relacionarchivo` varchar(255) DEFAULT NULL,
  `descripcion_relacionarchivo` text,
  `pie_relacionarchivo` text,
  `alt_relacionarchivo` text,
  `orden_relacionarchivo` int(11) NOT NULL,
  `activo_relacionarchivo` int(11) NOT NULL,
  PRIMARY KEY (`id_relacionarchivo_axenda`,`ref_archivo`,`ref_idiomaweb`)
) ENGINE=InnoDB DEFAULT CHARSET=latin1;

--
-- Dumping data for table `relacionarchivos_archivo_axenda_idiomaweb`
--


--
-- Table structure for table `relacionarchivos_archivo_bolsaempleo_idiomaweb`
--

CREATE TABLE `relacionarchivos_archivo_bolsaempleo_idiomaweb` (
  `id_relacionarchivo_bolsaempleo` int(11) NOT NULL AUTO_INCREMENT,
  `ref_oferta` int(11) NOT NULL,
  `ref_archivo` int(11) NOT NULL,
  `ref_idiomaweb` int(11) NOT NULL,
  `titulo_relacionarchivo` varchar(250) DEFAULT NULL,
  `descripcion_relacionarchivo` varchar(250) DEFAULT NULL,
  `pie_relacionarchivo` varchar(250) DEFAULT NULL,
  `alt_relacionarchivo` varchar(250) DEFAULT NULL,
  `orden_relacionarchivo` int(11) NOT NULL,
  `activo_relacionarchivo` int(11) NOT NULL,
  PRIMARY KEY (`id_relacionarchivo_bolsaempleo`)
) ENGINE=InnoDB DEFAULT CHARSET=latin1;

--
-- Dumping data for table `relacionarchivos_archivo_bolsaempleo_idiomaweb`
--


--
-- Table structure for table `relacionarchivos_archivo_catalogo_idiomaweb`
--

CREATE TABLE `relacionarchivos_archivo_catalogo_idiomaweb` (
  `id_relacionarchivo_catalogo` int(11) NOT NULL AUTO_INCREMENT,
  `ref_catalogo` int(11) NOT NULL,
  `ref_archivo` int(11) NOT NULL,
  `ref_idiomaweb` int(11) NOT NULL,
  `titulo_relacionarchivo` varchar(255) DEFAULT NULL,
  `descripcion_relacionarchivo` text,
  `pie_relacionarchivo` text,
  `alt_relacionarchivo` text,
  `orden_relacionarchivo` int(11) NOT NULL,
  `activo_relacionarchivo` int(11) NOT NULL,
  PRIMARY KEY (`id_relacionarchivo_catalogo`,`ref_archivo`,`ref_idiomaweb`)
) ENGINE=InnoDB DEFAULT CHARSET=latin1;

--
-- Dumping data for table `relacionarchivos_archivo_catalogo_idiomaweb`
--


--
-- Table structure for table `relacionarchivos_archivo_curso_idiomaweb`
--

CREATE TABLE `relacionarchivos_archivo_curso_idiomaweb` (
  `id_relacionarchivo_curso` int(11) NOT NULL AUTO_INCREMENT,
  `ref_curso` int(11) NOT NULL,
  `ref_archivo` int(11) NOT NULL,
  `ref_idiomaweb` int(11) NOT NULL,
  `titulo_relacionarchivo` varchar(255) DEFAULT NULL,
  `descripcion_relacionarchivo` varchar(255) DEFAULT NULL,
  `pie_relacionarchivo` varchar(255) DEFAULT NULL,
  `alt_relacionarchivo` varchar(255) DEFAULT NULL,
  `orden_relacionarchivo` int(11) NOT NULL,
  `activo_relacionarchivo` int(11) NOT NULL,
  PRIMARY KEY (`id_relacionarchivo_curso`,`ref_curso`,`ref_archivo`,`ref_idiomaweb`),
  KEY `ref_curso` (`ref_curso`),
  KEY `ref_archivo` (`ref_archivo`),
  KEY `ref_idiomaweb` (`ref_idiomaweb`),
  CONSTRAINT `relacionarchivos_archivo_curso_idiomaweb_ibfk_1` FOREIGN KEY (`ref_curso`) REFERENCES `curso` (`id_curso`) ON DELETE CASCADE ON UPDATE CASCADE,
  CONSTRAINT `relacionarchivos_archivo_curso_idiomaweb_ibfk_2` FOREIGN KEY (`ref_archivo`) REFERENCES `archivo` (`id_archivo`) ON DELETE CASCADE ON UPDATE CASCADE,
  CONSTRAINT `relacionarchivos_archivo_curso_idiomaweb_ibfk_3` FOREIGN KEY (`ref_idiomaweb`) REFERENCES `idiomaweb` (`id_idiomaweb`) ON DELETE CASCADE ON UPDATE CASCADE
) ENGINE=InnoDB DEFAULT CHARSET=latin1 ROW_FORMAT=REDUNDANT;

--
-- Dumping data for table `relacionarchivos_archivo_curso_idiomaweb`
--


--
-- Table structure for table `relacionarchivos_archivo_directorio_idiomaweb`
--

CREATE TABLE `relacionarchivos_archivo_directorio_idiomaweb` (
  `id_relacionarchivo_directorio` int(11) NOT NULL AUTO_INCREMENT,
  `ref_directorio` int(11) NOT NULL,
  `ref_archivo` int(11) NOT NULL,
  `ref_idiomaweb` int(11) NOT NULL,
  `titulo_relacionarchivo` varchar(255) DEFAULT NULL,
  `descripcion_relacionarchivo` text,
  `pie_relacionarchivo` text,
  `alt_relacionarchivo` text,
  `orden_relacionarchivo` int(11) NOT NULL,
  `activo_relacionarchivo` int(11) NOT NULL,
  PRIMARY KEY (`id_relacionarchivo_directorio`,`ref_archivo`,`ref_idiomaweb`)
) ENGINE=InnoDB DEFAULT CHARSET=latin1;

--
-- Dumping data for table `relacionarchivos_archivo_directorio_idiomaweb`
--


--
-- Table structure for table `relacionarchivos_archivo_info_idiomaweb`
--

CREATE TABLE `relacionarchivos_archivo_info_idiomaweb` (
  `id_relacionarchivo_info` int(11) NOT NULL AUTO_INCREMENT,
  `ref_info` int(11) NOT NULL,
  `ref_archivo` int(11) NOT NULL,
  `ref_idiomaweb` int(11) NOT NULL,
  `titulo_relacionarchivo` varchar(255) DEFAULT NULL,
  `descripcion_relacionarchivo` text,
  `pie_relacionarchivo` text,
  `alt_relacionarchivo` text,
  `orden_relacionarchivo` int(11) NOT NULL,
  `activo_relacionarchivo` int(11) NOT NULL,
  PRIMARY KEY (`id_relacionarchivo_info`,`ref_archivo`,`ref_idiomaweb`)
) ENGINE=InnoDB AUTO_INCREMENT=186 DEFAULT CHARSET=latin1;

--
-- Dumping data for table `relacionarchivos_archivo_info_idiomaweb`
--

INSERT INTO `relacionarchivos_archivo_info_idiomaweb` VALUES (112,15,3549,2,'Itinerario Parque de Belvís [PDF]','','','',1,1),(113,15,3549,1,'Itinerario Parque de Belvís [PDF]','','','',1,1),(114,19,3635,1,'Guía Sogama para a aplicación do principio dos tres erres','','','',1,1),(116,19,3635,2,'Guía Sogama para la aplicación del principio de las tres erres','','','',1,1),(117,29,3906,1,'Composición das mesas de contratación [PDF]','','','',1,1),(119,29,3907,2,'Composición de las mesas de contratación [PDF]','','','',1,1),(130,40,6533,1,'Presentación Cita Previa  [PDF]','','','',1,1),(185,42,6662,1,'Presentación cita previa','','','',1,1);

--
-- Table structure for table `relacionarchivos_archivo_nova_idiomaweb`
--

CREATE TABLE `relacionarchivos_archivo_nova_idiomaweb` (
  `id_relacionarchivo_nova` int(11) NOT NULL AUTO_INCREMENT,
  `ref_nova` int(11) NOT NULL,
  `ref_archivo` int(11) NOT NULL,
  `ref_idiomaweb` int(11) NOT NULL,
  `titulo_relacionarchivo` varchar(255) DEFAULT NULL,
  `descripcion_relacionarchivo` text,
  `pie_relacionarchivo` text,
  `alt_relacionarchivo` text,
  `orden_relacionarchivo` int(11) NOT NULL,
  `activo_relacionarchivo` int(11) NOT NULL,
  PRIMARY KEY (`id_relacionarchivo_nova`,`ref_archivo`,`ref_idiomaweb`)
) ENGINE=InnoDB DEFAULT CHARSET=latin1;

--
-- Dumping data for table `relacionarchivos_archivo_nova_idiomaweb`
--


--
-- Table structure for table `relacionarchivos_archivo_visitaguiada_idiomaweb`
--

CREATE TABLE `relacionarchivos_archivo_visitaguiada_idiomaweb` (
  `id_relacionarchivo_visitaguiada` int(11) NOT NULL AUTO_INCREMENT,
  `ref_visitaguiada` int(11) NOT NULL,
  `ref_archivo` int(11) NOT NULL,
  `ref_idiomaweb` int(11) NOT NULL,
  `titulo_relacionarchivo` varchar(255) DEFAULT NULL,
  `descripcion_relacionarchivo` varchar(255) DEFAULT NULL,
  `pie_relacionarchivo` varchar(255) DEFAULT NULL,
  `alt_relacionarchivo` varchar(255) DEFAULT NULL,
  `orden_relacionarchivo` int(11) NOT NULL,
  `activo_relacionarchivo` int(11) NOT NULL,
  PRIMARY KEY (`id_relacionarchivo_visitaguiada`,`ref_visitaguiada`,`ref_archivo`,`ref_idiomaweb`),
  KEY `ref_visitaguiada` (`ref_visitaguiada`),
  KEY `ref_archivo` (`ref_archivo`),
  KEY `ref_idiomaweb` (`ref_idiomaweb`),
  CONSTRAINT `relacionarchivos_archivo_visitaguiada_idiomaweb_ibfk_1` FOREIGN KEY (`ref_visitaguiada`) REFERENCES `visitaguiada` (`id_visitaguiada`) ON DELETE CASCADE ON UPDATE CASCADE,
  CONSTRAINT `relacionarchivos_archivo_visitaguiada_idiomaweb_ibfk_2` FOREIGN KEY (`ref_archivo`) REFERENCES `archivo` (`id_archivo`) ON DELETE CASCADE ON UPDATE CASCADE,
  CONSTRAINT `relacionarchivos_archivo_visitaguiada_idiomaweb_ibfk_3` FOREIGN KEY (`ref_idiomaweb`) REFERENCES `idiomaweb` (`id_idiomaweb`) ON DELETE CASCADE ON UPDATE CASCADE
) ENGINE=InnoDB DEFAULT CHARSET=latin1 ROW_FORMAT=REDUNDANT;

--
-- Dumping data for table `relacionarchivos_archivo_visitaguiada_idiomaweb`
--


--
-- Table structure for table `seccioncontrol`
--

CREATE TABLE `seccioncontrol` (
  `id_seccioncontrol` int(11) NOT NULL AUTO_INCREMENT,
  `ref_seccioncontrol` int(11) DEFAULT NULL,
  `gestor_seccioncontrol` varchar(150) DEFAULT NULL COMMENT 'Aqu? gardamos o nome do ficheiro que xerar? os formularios de xesti?n para esta secci?n de control\n',
  `desc_seccioncontrol` tinytext,
  `nivel_seccioncontrol` int(11) NOT NULL DEFAULT '1',
  `orden_seccioncontrol` int(11) NOT NULL DEFAULT '0',
  `acceso_seccioncontrol` tinyint(1) NOT NULL DEFAULT '0',
  `activo_seccioncontrol` tinyint(1) NOT NULL DEFAULT '1',
  PRIMARY KEY (`id_seccioncontrol`),
  KEY `rel_seccioncontrol` (`ref_seccioncontrol`),
  CONSTRAINT `rel_seccioncontrol` FOREIGN KEY (`ref_seccioncontrol`) REFERENCES `seccioncontrol` (`id_seccioncontrol`) ON DELETE NO ACTION ON UPDATE NO ACTION
) ENGINE=InnoDB AUTO_INCREMENT=110 DEFAULT CHARSET=latin1;

--
-- Dumping data for table `seccioncontrol`
--

INSERT INTO `seccioncontrol` VALUES (1,NULL,'','administración',1,1,0,1),(2,99,'seccionescontrol/gest_permisos_seccioncontrol.php','Xestion de permisos control',3,1,0,1),(3,1,NULL,'estructura web',2,7,0,1),(4,3,'seccionesweb/gest_seccionweb.php','xestion de seccións web',3,0,0,1),(6,1,'usuarios/gest_perfil_usuario.php','usuarios e perfís',2,1,0,1),(7,1,'usuarios/gest_usuario.php','os meus datos',2,2,0,0),(8,NULL,NULL,'xestion de contidos',1,3,0,1),(9,NULL,NULL,'ferramentas',1,5,0,1),(12,NULL,NULL,'informacion do sistema',1,4,0,1),(13,12,'info_presentacion.php','presentacion',2,1,1,0),(14,12,'info_ayuda.php','axuda',2,2,1,1),(15,12,'info_soporte.php','soporte',2,3,1,1),(16,1,'maquetas_panel/maqueta_tablas.php','maquetas',1,2,0,0),(17,16,'maquetas_panel/maqueta_tablas.php','maqueta tablas',2,1,1,0),(19,1,NULL,'Estructura Categoria',2,8,0,1),(20,16,'maquetas_panel/maqueta_xestion_permiso.php','maqueta xestion permisos',2,3,0,0),(21,19,'categorias/gest_permisoscategoria.php','Xestion de permisos de Categorias',3,1,0,1),(22,16,'maquetas_panel/maqueta_editor.php','maqueta editor',2,2,0,0),(70,16,'maquetas_panel/maqueta_form_novas.php','maqueta formulario de noticias',2,4,0,0),(71,19,'categorias/gest_categoria.php','gestion de categorias',3,0,0,1),(74,3,'seccionesweb/gest_seccionweb_categoria.php','Categorias de Secci&oacute;n web',3,1,0,1),(78,1,NULL,'Ficheros',2,9,0,1),(79,78,'tipoarchivo/gest_pesoarchivos.php','Define del tama&ntilde;o de los archivos que se pueden subir, por perfil.',3,2,0,1),(80,16,'maquetas_panel/maqueta_form_elemento.php','maqueta con todas las posibilidades de un elemento',2,5,0,0),(81,1,'maqueta_publica/gest_maquetas.php','Maquetas',2,10,0,1),(82,81,'maqueta_publica/gest_maquetas.php','Permite a&ntilde;adir maquetas que podr&aacute;n ser asignadas a las seccionesweb',3,0,0,0),(84,9,'logs/gest_log.php','Xestor de logs',2,3,0,1),(88,9,'backup/gest_backup.php','Xestion de backups de base de datos',2,4,0,1),(89,9,'usuariosweb/gest_usuariosweb.php','Xestion de usuarios web',2,4,0,0),(90,9,'expertos/gest_expertos.php','Xestion de expertos',2,3,0,0),(92,9,'portada/gest_portada_avisos.php','Xestor de portada',2,0,0,0),(93,9,'comentarios/gest_comentarios.php','Xestor de comentarios',2,0,0,0),(94,9,'banner_popup/gest_banner.php','Xestor de banners',2,4,0,0),(95,9,'comentarios_directorio/gest_comentarios.php','Xestor de comentarios directorio',2,0,0,0),(96,9,'modulos_contenidos/suxestion/gest_suxestion.php','Xestor de suxestións',2,5,0,1),(97,1,'idiomaweb/gest_idiomaweb.php','Gesti&oacute;n de idiomas web',2,5,0,1),(98,1,'idiomacontrol/gest_idiomacontrol.php','Gesti&oacute;n de idiomas de control',2,4,0,1),(99,1,NULL,'Secciones control',2,6,0,1),(100,99,'seccionescontrol/gest_seccioncontrol.php','Gesti&oacute;n de secciones control',3,0,0,1),(101,1,'modulos/gest_modulos.php','Gestión de módulos',2,3,0,1),(102,9,'comentarios/gest_comentarios.php','Gestión de comentarios',2,7,0,1),(103,78,'tipoarchivo/gest_tipoarchivo.php','Gestión de tipos de archivo',3,1,0,1),(104,9,'borrar_todos_archivos.php','Borrar todos los archivos que no se estÃ©n utilizando',2,2,0,1),(105,9,'modulos_contenidos/lvisitas/gest_librovisitas.php','Libro de visitas',2,6,0,1),(106,9,'repositorio/gest_repositorio.php','Repositorio de ficheiros',2,1,0,1),(107,1,'analytics/gest_analytics.php','Xestión de código de Google Analytics',2,11,0,1),(108,1,'textos_continuidad/gest_textos_continuidad.php	','Xesti&oacute;n de textos de continuidade',2,12,0,1),(109,1,'datos_generales/gest_datos_generales.php	','Redes sociais e datos xerais',2,13,0,1);

--
-- Table structure for table `seccioncontrol_idiomacontrol`
--

CREATE TABLE `seccioncontrol_idiomacontrol` (
  `id_idiomacontrol` int(11) NOT NULL,
  `id_seccioncontrol` int(11) NOT NULL,
  `nombre_seccioncontrol` tinytext NOT NULL,
  `titulo_seccioncontrol` tinytext,
  PRIMARY KEY (`id_idiomacontrol`,`id_seccioncontrol`),
  KEY `rel_seccioncontrol_idiomacontrol` (`id_seccioncontrol`),
  KEY `rel_idiomacontrol_seccioncontrol` (`id_idiomacontrol`),
  CONSTRAINT `rel_idiomacontrol_seccioncontrol` FOREIGN KEY (`id_idiomacontrol`) REFERENCES `idiomacontrol` (`id_idiomacontrol`) ON DELETE NO ACTION ON UPDATE NO ACTION,
  CONSTRAINT `rel_seccioncontrol_idiomacontrol` FOREIGN KEY (`id_seccioncontrol`) REFERENCES `seccioncontrol` (`id_seccioncontrol`) ON DELETE NO ACTION ON UPDATE NO ACTION
) ENGINE=InnoDB DEFAULT CHARSET=latin1;

--
-- Dumping data for table `seccioncontrol_idiomacontrol`
--

INSERT INTO `seccioncontrol_idiomacontrol` VALUES (1,1,'Administración','Administración'),(1,2,'Xesti&oacute;n de permisos control','Abre o xestor de permisos para secci&oacute;ns do panel de control'),(1,3,'Estructura web','Desprega un men&uacute; de opci&oacute;ns para a xesti&oacute;n de secci&oacute;ns web'),(1,4,'Xestión de seccións web','Abre o xestor para crear a estructura da web'),(1,6,'Xestión de perfís e usuarios','Abre o xestor de perfís e usuarios do sistema'),(1,7,'Xestionar os meus datos','Abre o xestor dos meus datos'),(1,8,'Xesti&oacute;n de contidos','Xesti&oacute;n de contidos'),(1,9,'Ferramentas','Ferramentas'),(1,12,'Informaci&oacute;n do sistema','Informaci&oacute;n do sistema'),(1,13,'Presentaci&oacute;n','Ver p&aacute;xina de presentaci&oacute;n de Abertool'),(1,14,'Axuda','Ver p&aacute;xina de axuda xeral de Abertool'),(1,15,'Soporte','Ver informaci&oacute;n e datos de soporte t&eacute;cnico'),(1,16,'Maquetas',NULL),(1,17,'Maqueta t&aacute;boas','Maqueta de tablas'),(1,19,'Estructura Categor&iacute;a','Desprega un men&uacute; de opci&oacute;ns para a xesti&oacute;n de categor&iacute;as'),(1,20,'Maqueta permisos categor&iacute;as','Maqueta permisos categor&iacute;as'),(1,21,'Xesti&oacute;n de permisos de Categor&iacute;as','Abre o xestor de permisos das Categor&iactue;as'),(1,22,'Maqueta editor','Maqueta editor'),(1,70,'Maqueta Form Novas','Maqueta Form Novas'),(1,71,'Xesti&oacute;n de categor&iacute;as','ir &aacute; p&aacute;xina de creaci&oacute;n e borrado de categor&iacute;as'),(1,74,'Categor&iacute;as de Secci&oacute;n web','Xesti&oacute;n de categor&iacute;as dentro das secci&oacute;ns web'),(1,78,'Ficheiros','Ficheiros'),(1,79,'Xestor do tama&ntilde;o dos ficheiros por perfil','Xestor do tama&ntilde;o dos ficheiros por perfil'),(1,80,'Maqueta xestión elemento','ver maqueta'),(1,81,'Maquetas','Maquetas'),(1,82,'Xesti&oacute;n de maquetas','Xesti&oacute;n de maquetas'),(1,84,'Xestión de logs','Xestión de logs'),(1,88,'Xestión de backup de base de datos','Xestión de backup de base de datos'),(1,96,'Xestión de suxestións','Xestión de suxestións'),(1,97,'Xesti&oacute;n de idiomas web','Xesti&oacute;n de idiomas web'),(1,98,'Xesti&oacute;n de idiomas de control','Xesti&oacute;n de idiomas de control'),(1,99,'Secci&oacute;ns control','Secci&oacute;ns control'),(1,100,'Xesti&oacute;n de secci&oacute;ns control','Xesti&oacute;n de secci&oacute;ns control'),(1,101,'Xestión de módulos','Xestión de módulos'),(1,102,'Xestión de comentarios','Xestión de comentarios'),(1,103,'Xestión de tipos de arquivo','Xestión de tipos de arquivo'),(1,104,'Borrar arquivos non utilizados','Borrar arquivos non utilizados'),(1,105,'Libro de visitas','Libro de visitas'),(1,106,'Repositorio de arquivos','Repositorio de arquivos'),(1,107,'Xestión de código de Google Analytics	','Xestión de código de Google Analytics	'),(1,108,'Xesti&oacute;n de textos de continuidade','Xesti&oacute;n de textos de continuidade'),(1,109,'Redes sociais e datos xerais','Redes sociais e datos xerais'),(2,1,'Administración','Administración'),(2,2,'Gesti&oacute;n de permisos control','Abre el gestor para la gesti&oacute;n de permisos de secciones del panel de control'),(2,3,'Estructura web','Despliega un men&uacute; de opciones para la gesti&oacute;n de secciones web'),(2,4,'Gestión de secciones web','Abre el gestor para crear la estructura de la web'),(2,6,'Gestión de perfiles y usuarios','Abre el gestor de perfiles y usuarios del sistema'),(2,7,'Gestionar mis datos','Abre el gestor de mis datos'),(2,8,'Gesti&oacute;n de contenidos','Gesti&oacute;n de contenidos'),(2,9,'Herramientas','Herramientas'),(2,12,'Informaci&oacute;n del sistema','Informaci&oacute;n del sistema'),(2,13,'Presentaci&oacute;n','Ver p&aacute;gina de presentaci&oacute;n de Abertool'),(2,14,'Ayuda','Ver p&aacute;gina de ayuda general de Abertool'),(2,15,'Soporte','Ver informaci&oacute;n y datos de soporte t&eacute;cnico'),(2,16,'Maquetas',NULL),(2,17,'Maqueta tablas','Maqueta de tablas'),(2,19,'Estructura Categor&iacute;a','Despliega un men&uacute; de opciones para la gesti&oacute;n de categor&iacute;as.'),(2,20,'Maqueta permisos categor&iacute;as','Maqueta permisos categor&iacute;as'),(2,21,'Gesti&oacute;n de permisos de Categor&iacute;as','Abre el gestor de permisos de Categor&iacute;as'),(2,22,'Maqueta editor','Maqueta editor'),(2,70,'Maqueta Form Noticias','Maqueta Form Noticias'),(2,71,'Gesti&oacute;n de categor&iacute;as','ir a la p&aacute;gina de creaci&oacute;n y borrado de categor&iacute;as'),(2,74,'Categor&iacute;as de Secci&oacute;n web','Gesti&oacute;n de categor&iacute;as dentro de las secciones web'),(2,78,'Ficheros','Ficheros'),(2,79,'Gestor del tama&ntilde;o de los ficheros por perfil','Gestor del tama&ntilde;o de los ficheros por perfil'),(2,80,'Maqueta gestión elemento','ver maqueta.'),(2,81,'Maquetas','Maquetas'),(2,82,'Gesti&oacute;n de maquetas','Gesti&oacute;n de maquetas'),(2,84,'Gestión de logs','Gestión de logs'),(2,88,'Gestión de backup de base de datos','Gestión de backup de base de datos'),(2,96,'Gestión de sugerencias','Gestión de sugerencias'),(2,97,'Gesti&oacute;n de idiomas web','Gesti&oacute;n de idiomas web'),(2,98,'Gesti&oacute;n de idiomas de control','Gesti&oacute;n de idiomas de control'),(2,99,'Secciones control','Secciones control'),(2,100,'Gesti&oacute;n de secciones control','Gesti&oacute;n de secciones control'),(2,101,'Gestión de módulos','Gestión de módulos'),(2,102,'Gestión de comentarios','Gestión de comentarios'),(2,103,'Gestión de tipos de archivo','Gestión de tipos de archivo'),(2,104,'Borrar archivos no utilizados','Borrar archivos no utilizados'),(2,105,'Libro de visitas','Libro de visitas'),(2,106,'Repositorio de archivos','Repositorio de archivos'),(2,107,'Gestión de código de Google Analytics	','Gestión de código de Google Analytics	'),(2,108,'Gesti&oacute;n de textos de continuidad','Gesti&oacute;n de textos de continuidad'),(2,109,'Redes sociales y datos generales','Redes sociales y datos generales');

--
-- Table structure for table `seccionweb`
--

CREATE TABLE `seccionweb` (
  `id_seccionweb` int(11) NOT NULL AUTO_INCREMENT,
  `ref_seccionweb` int(11) DEFAULT NULL,
  `ref_modulo` int(11) NOT NULL,
  `orden_seccionweb` int(11) DEFAULT '0',
  `nivel_seccionweb` int(11) DEFAULT '1',
  `fecha_seccionweb` datetime DEFAULT NULL,
  `target_seccionweb` varchar(10) DEFAULT NULL,
  `url_seccionweb` varchar(255) DEFAULT NULL,
  `activo_seccionweb` tinyint(1) NOT NULL DEFAULT '1',
  `ref_portada` int(11) DEFAULT NULL,
  `ref_contenido` int(11) DEFAULT NULL,
  `url_normal` varchar(255) NOT NULL,
  PRIMARY KEY (`id_seccionweb`),
  KEY `rel_seccionweb` (`ref_seccionweb`),
  KEY `rel_modulo_seccionweb` (`ref_modulo`),
  CONSTRAINT `rel_modulo_seccionweb` FOREIGN KEY (`ref_modulo`) REFERENCES `modulo` (`id_modulo`) ON DELETE NO ACTION ON UPDATE NO ACTION,
  CONSTRAINT `rel_seccionweb` FOREIGN KEY (`ref_seccionweb`) REFERENCES `seccionweb` (`id_seccionweb`) ON DELETE NO ACTION ON UPDATE NO ACTION
) ENGINE=InnoDB AUTO_INCREMENT=402 DEFAULT CHARSET=latin1 ROW_FORMAT=COMPACT;

--
-- Dumping data for table `seccionweb`
--

INSERT INTO `seccionweb` VALUES (1,NULL,2,1,1,'2016-01-18 00:00:00','NULL','index/',1,3,2,'index.php'),(2,NULL,2,2,1,'2016-01-18 00:00:00','NULL','relacions-cidadania/',1,3,2,'relacions_cidadania.php'),(3,2,2,1,2,'2016-01-18 00:00:00','NULL','',1,3,2,''),(4,3,2,3,3,'2016-01-18 00:00:00','NULL','https://seguro.santiagodecompostela.gal/?&lg=gal',1,3,2,'https://seguro.santiagodecompostela.gal/?&lg=gal'),(5,3,2,2,3,'2016-01-18 00:00:00','NULL','http://www.lineaverdesantiagodecompostela.org/lv/incidencias_online.asp?&lg=gal',1,3,2,'http://www.lineaverdesantiagodecompostela.org/lv/incidencias_online.asp?&lg=gal'),(6,3,2,5,3,'2016-01-18 00:00:00','NULL','http://www.santiagodecompostela.gal/contacto_dpto.php?&lg=gal',0,3,2,'http://www.santiagodecompostela.gal/contacto_dpto.php?&lg=gal'),(7,3,2,4,3,'2016-01-18 00:00:00','NULL','http://www.santiagodecompostela.gal/contacto_p.php?&lg=gal',1,3,2,'http://www.santiagodecompostela.gal/contacto_p.php?&lg=gal'),(8,3,2,1,3,'2016-01-18 00:00:00','NULL','http://www.santiagodecompostela.gal/contacto_informacion.php?&lg=gal',1,3,2,'http://www.santiagodecompostela.gal/contacto_informacion.php?&lg=gal'),(9,2,2,2,2,'2016-01-18 00:00:00','NULL','area-xuridica/',1,3,2,'area_xuridica.php'),(10,2,2,3,2,'2016-01-18 00:00:00','NULL','http://www.santiagodecompostela.gal/mapaweb.php?lg=gal',1,3,2,'http://www.santiagodecompostela.gal/mapaweb.php?lg=gal'),(11,2,2,4,2,'2016-01-18 00:00:00','NULL','https://seguro.santiagodecompostela.gal/',1,3,2,'https://seguro.santiagodecompostela.gal/'),(12,2,2,5,2,'2016-01-18 00:00:00','NULL','',1,3,2,''),(13,12,2,1,3,'2016-01-18 00:00:00','NULL','http://www.santiagodecompostela.gal/casa_concello/servizos.php?txt=es_servizos&lg=gal',1,3,2,'http://www.santiagodecompostela.gal/casa_concello/servizos.php?txt=es_servizos&lg=gal'),(14,12,2,3,3,'2016-01-18 00:00:00','NULL','http://www.santiagodecompostela.gal/e_santiago/anuncios.php?lg=gal',1,3,2,'http://www.santiagodecompostela.gal/e_santiago/anuncios.php?lg=gal'),(15,12,10,4,3,'2016-01-18 00:00:00','NULL','boletins-oficiais/',1,3,7,'boletins_oficiais.php'),(16,2,2,6,2,'2016-01-18 00:00:00','NULL','http://www.santiagodecompostela.gal/casa_concello/enderezos.php?lg=gal',1,3,2,'http://www.santiagodecompostela.gal/casa_concello/enderezos.php?lg=gal'),(17,2,2,7,2,'2016-01-18 00:00:00','NULL','',1,3,2,''),(18,17,2,1,3,'2016-01-18 00:00:00','NULL','http://dus.santiagodecompostela.gal/foro/ucp.php?mode=login',0,3,2,'http://dus.santiagodecompostela.gal/foro/ucp.php?mode=login'),(19,17,2,2,3,'2016-01-18 00:00:00','NULL','http://www.santiagodecompostela.gal/contacto_incidencias.php?&lg=gal',0,3,2,'http://www.santiagodecompostela.gal/contacto_incidencias.php?&lg=gal'),(20,17,2,3,3,'2016-01-18 00:00:00','NULL','https://seguro.santiagodecompostela.gal/?&lg=gal',0,3,2,'https://seguro.santiagodecompostela.gal/?&lg=gal'),(21,17,7,4,3,'2016-01-18 00:00:00','NULL','rexistro-asociacions/',1,3,30,'rexistro_asociacions.php'),(22,17,10,5,3,'2016-01-18 00:00:00','NULL','redes-sociais/',1,3,7,'redes_sociais.php'),(23,NULL,2,3,1,'2016-01-19 00:00:00','NULL','contratacion-municipal/',1,3,2,'contratacion_municipal.php'),(24,23,2,1,2,'2016-01-19 00:00:00','NULL','http://www.santiagodecompostela.gal/e_santiago/contratacions.php?lg=gal',1,3,2,'http://www.santiagodecompostela.gal/e_santiago/contratacions.php?lg=gal'),(25,23,7,3,2,'2016-01-19 00:00:00','NULL','relacion-contratos-menores/',1,3,29,'relacion_contratos_menores.php'),(26,23,7,4,2,'2016-01-19 00:00:00','NULL','contratos-plurianuais/',1,3,30,'contratos_plurianuais.php'),(27,23,7,6,2,'2016-01-19 00:00:00','NULL','empresas-licitacion-obra-publica/',1,3,30,'empresas_licitacion_obra_publica.php'),(28,NULL,2,4,1,'2016-01-19 00:00:00','NULL','corporacion-organizacion-municipal/',1,3,2,'corporacion_organizacion_municipal.php'),(29,28,2,1,2,'2016-01-19 00:00:00','NULL','',1,3,2,''),(30,29,2,1,3,'2016-01-19 00:00:00','NULL','http://www.santiagodecompostela.gal/casa_concello/concellaria.php?txt=cc_alcaldia&lg=gal',1,3,2,'http://www.santiagodecompostela.gal/casa_concello/concellaria.php?txt=cc_alcaldia&lg=gal'),(31,29,2,2,3,'2016-01-19 00:00:00','NULL','',1,3,2,''),(32,29,2,5,3,'2016-01-19 00:00:00','NULL','http://www.santiagodecompostela.gal/casa_concello/interior.php?txt=cc_comisions&lg=gal',1,3,2,'http://www.santiagodecompostela.gal/casa_concello/interior.php?txt=cc_comisions&lg=gal'),(33,29,2,5,3,'2016-01-19 00:00:00','NULL','',1,3,2,''),(34,33,2,1,4,'2016-01-19 00:00:00','NULL','http://www.santiagodecompostela.gal/casa_concello/interior.php?txt=cc_pleno&lg=gal',1,3,2,'http://www.santiagodecompostela.gal/casa_concello/interior.php?txt=cc_pleno&lg=gal'),(35,33,7,2,4,'2016-01-19 00:00:00','NULL','ordes-do-dia/',1,3,29,'ordes_do_dia.php'),(36,33,7,3,4,'2016-01-19 00:00:00','NULL','actas-pleno/',1,3,29,'actas_pleno.php'),(37,29,2,5,3,'2016-01-19 00:00:00','NULL','',1,3,2,''),(38,37,2,1,4,'2016-01-19 00:00:00','NULL','http://www.santiagodecompostela.gal/casa_concello/interior.php?txt=cc_goberno&lg=gal',1,3,2,'http://www.santiagodecompostela.gal/casa_concello/interior.php?txt=cc_goberno&lg=gal'),(39,37,7,2,4,'2016-01-19 00:00:00','NULL','ordes-do-dia-goberno-local/',1,3,29,'ordes_do_dia_goberno_local.php'),(40,31,2,1,4,'2016-01-19 00:00:00','NULL','http://www.santiagodecompostela.gal/casa_concello/interior.php?txt=cc_concellarias&lg=gal',1,3,2,'http://www.santiagodecompostela.gal/casa_concello/interior.php?txt=cc_concellarias&lg=gal'),(41,31,2,2,4,'2016-01-19 00:00:00','NULL','http://www.santiagodecompostela.gal/casa_concello/interior.php?txt=cc_grupos&lg=gal',1,3,2,'http://www.santiagodecompostela.gal/casa_concello/interior.php?txt=cc_grupos&lg=gal'),(42,37,7,2,4,'2016-01-19 00:00:00','NULL','resumo-xuntas-goberno-local/',1,3,29,'resumo_xuntas_goberno_local.php'),(43,28,2,2,2,'2016-01-19 00:00:00','NULL','persoal-municipal/',1,3,2,'persoal_municipal.php'),(44,NULL,2,5,1,'2016-01-19 00:00:00','NULL','informacion-economica-financieira/',1,3,2,'informacion_economica_financieira.php'),(45,44,7,1,2,'2016-01-19 00:00:00','NULL','orzamentos/',1,3,29,'orzamentos.php'),(46,44,7,3,2,'2016-01-19 00:00:00','NULL','liquidacions-orzamentarias/',1,3,29,'liquidacions_orzamentarias.php'),(47,44,7,4,2,'2016-01-19 00:00:00','NULL','cancelacion-plan-axuste/',0,3,30,'cancelacion_plan_axuste.php'),(48,44,7,5,2,'2016-01-19 00:00:00','NULL','informes-documentos/',1,3,30,'informes_documentos.php'),(49,44,7,6,2,'2016-01-19 00:00:00','NULL','periodo-medio-pago/',1,3,29,'periodo_medio_pago.php'),(50,44,2,7,2,'2016-01-19 00:00:00','NULL','',1,3,2,''),(51,50,7,3,3,'2016-01-19 00:00:00','NULL','contas-anuais-2014/',1,3,29,'contas_anuais_2014.php'),(52,50,7,4,3,'2016-01-19 00:00:00','NULL','contas-anuais-2010/',1,3,29,'contas_anuais_2010.php'),(53,50,7,5,3,'2016-01-19 00:00:00','NULL','contas-anuais-2011/',1,3,29,'contas_anuais_2011.php'),(54,50,7,6,3,'2016-01-19 00:00:00','NULL','contas-anuais-2013/',1,3,29,'contas_anuais_2013.php'),(55,50,7,7,3,'2016-01-19 00:00:00','NULL','estado-deuda-indicadores/',0,3,30,'estado_deuda_indicadores.php'),(56,50,7,8,3,'2016-01-19 00:00:00','NULL','estado-situacion-finanzas-locais/',0,3,30,'estado_situacion_finanzas_locais.php'),(57,NULL,2,6,1,'2016-01-19 00:00:00','NULL','normativa-municipal/',1,3,2,'normativa_municipal.php'),(58,57,2,5,2,'2016-01-19 00:00:00','NULL','http://www.santiagodecompostela.gal/hoxe/documentacion.php?idn=./04.Arquivo_de_Bandos&lg=gal',1,3,2,'http://www.santiagodecompostela.gal/hoxe/documentacion.php?idn=./04.Arquivo_de_Bandos&lg=gal'),(59,28,7,4,2,'2016-01-19 00:00:00','NULL','rexistro-intereses/',1,3,29,'rexistro_intereses.php'),(60,57,7,1,2,'2016-01-19 00:00:00','NULL','normativa-xeral/',1,3,29,'normativa_xeral.php'),(61,57,7,2,2,'2016-01-20 00:00:00','NULL','ordenanzas-fiscais/',1,3,29,'ordenanzas_fiscais.php'),(62,57,7,3,2,'2016-01-20 00:00:00','NULL','normativa-municipal-tramitacion/',1,3,29,'normativa_municipal_tramitacion.php'),(63,57,7,4,2,'2016-01-20 00:00:00','NULL','normativa-xeral-derrogada/',1,3,29,'normativa_xeral_derrogada.php'),(64,NULL,2,7,1,'2016-01-20 00:00:00','NULL','plans-urbanismo-obras-publicas/',1,3,2,'plans_urbanismo_obras_publicas.php'),(65,64,2,1,2,'2016-01-20 00:00:00','NULL','http://dus.santiagodecompostela.gal/index.php?lang=gl',0,3,2,'http://dus.santiagodecompostela.gal/index.php?lang=gl'),(66,64,2,2,2,'2016-01-20 00:00:00','NULL','http://dus.santiagodecompostela.gal/index.php?option=com_content&view=category&layout=blog&id=28&Itemid=112&lang=gl',1,3,2,'http://dus.santiagodecompostela.gal/index.php?option=com_content&view=category&layout=blog&id=28&Itemid=112&lang=gl'),(67,64,2,3,2,'2016-01-20 00:00:00','NULL','http://dus.santiagodecompostela.gal/index.php?option=com_content&view=category&layout=blog&id=33&Itemid=117&lang=gl',1,3,2,'http://dus.santiagodecompostela.gal/index.php?option=com_content&view=category&layout=blog&id=33&Itemid=117&lang=gl'),(68,64,2,4,2,'2016-01-20 00:00:00','NULL','http://dus.santiagodecompostela.gal/index.php?option=com_content&view=category&layout=blog&id=29&Itemid=113&lang=gl',0,3,2,'http://dus.santiagodecompostela.gal/index.php?option=com_content&view=category&layout=blog&id=29&Itemid=113&lang=gl'),(69,64,2,7,2,'2016-01-20 00:00:00','NULL','http://dus.santiagodecompostela.gal/index.php?option=com_content&view=category&id=460&Itemid=385&lang=gl',1,3,2,'http://dus.santiagodecompostela.gal/index.php?option=com_content&view=category&id=460&Itemid=385&lang=gl'),(70,64,2,8,2,'2016-01-20 00:00:00','NULL','http://dus.santiagodecompostela.gal/index.php?option=com_content&view=category&layout=blog&id=30&Itemid=114&lang=gl',0,3,2,'http://dus.santiagodecompostela.gal/index.php?option=com_content&view=category&layout=blog&id=30&Itemid=114&lang=gl'),(71,NULL,2,10,1,'2016-01-22 00:00:00','NULL','aviso-legal/',1,3,2,'aviso_legal.php'),(72,NULL,2,11,1,'2016-01-22 00:00:00','NULL','accesibilidade/',1,3,2,'accesibilidade.php'),(73,NULL,2,8,1,'2016-02-24 00:00:00','NULL','faq/',1,3,2,'faq.php'),(74,45,7,8,3,'2016-03-28 00:00:00','NULL','descargas/gl/56',1,3,30,'descargas/gl/56'),(75,45,7,9,3,'2016-03-28 00:00:00','NULL','descargas/gl/57',1,3,30,'descargas/gl/57'),(76,45,7,10,3,'2016-03-28 00:00:00','NULL','descargas/gl/139',1,3,30,'descargas/gl/139'),(77,45,7,11,3,'2016-03-28 00:00:00','NULL','descargas/gl/140',1,3,30,'descargas/gl/140'),(78,45,7,12,3,'2016-03-28 00:00:00','NULL','descargas/gl/141',1,3,30,'descargas/gl/141'),(79,45,7,13,3,'2016-03-28 00:00:00','NULL','descargas/gl/142',1,3,30,'descargas/gl/142'),(80,45,7,14,3,'2016-03-28 00:00:00','NULL','descargas/gl/143',1,3,30,'descargas/gl/143'),(81,45,7,15,3,'2016-03-28 00:00:00','NULL','descargas/gl/144',1,3,30,'descargas/gl/144'),(82,45,7,16,3,'2016-03-28 00:00:00','NULL','descargas/gl/145',1,3,30,'descargas/gl/145'),(83,45,7,17,3,'2016-03-28 00:00:00','NULL','descargas/gl/146',1,3,30,'descargas/gl/146'),(84,45,7,18,3,'2016-03-28 00:00:00','NULL','descargas/gl/147',1,3,30,'descargas/gl/147'),(85,46,7,14,3,'2016-03-28 00:00:00','NULL','descargas/gl/129',1,3,30,'descargas/gl/129'),(86,46,7,15,3,'2016-03-28 00:00:00','NULL','descargas/gl/148',1,3,30,'descargas/gl/148'),(87,46,7,16,3,'2016-03-28 00:00:00','NULL','descargas/gl/149',1,3,30,'descargas/gl/149'),(88,46,7,17,3,'2016-03-28 00:00:00','NULL','descargas/gl/150',1,3,30,'descargas/gl/150'),(89,46,7,18,3,'2016-03-28 00:00:00','NULL','descargas/gl/151',1,3,30,'descargas/gl/151'),(90,46,7,19,3,'2016-03-28 00:00:00','NULL','descargas/gl/152',1,3,30,'descargas/gl/152'),(91,46,7,12,3,'2016-09-12 00:00:00','NULL','descargas/gl/156',1,3,30,'descargas/gl/156'),(92,46,7,13,3,'2016-09-15 00:00:00','NULL','descargas/gl/157',1,3,30,'descargas.php'),(93,33,2,4,4,'2016-09-30 00:00:00','NULL','http://www.youtube.com/channel/UCSrcC2UgDHIb80vVVRtvoDw',1,3,2,'http://www.youtube.com/channel/UCSrcC2UgDHIb80vVVRtvoDw'),(94,68,2,1,3,'2016-10-07 00:00:00','NULL','http://dus.santiagodecompostela.gal/index.php?option=com_content&view=category&layout=blog&id=29&Itemid=113&lang=gl',0,3,2,'http://dus.santiagodecompostela.gal/index.php?option=com_content&view=category&layout=blog&id=29&Itemid=113&lang=gl'),(95,64,7,5,2,'2016-10-07 00:00:00','NULL','planeamento-en-tramitacion/',1,3,29,'planeamento_en_tramitacion.php'),(96,69,2,1,3,'2016-10-07 00:00:00','NULL','http://dus.santiagodecompostela.gal/index.php?option=com_content&view=category&id=460&Itemid=385&lang=gl',0,3,2,'http://dus.santiagodecompostela.gal/index.php?option=com_content&view=category&id=460&Itemid=385&lang=gl'),(97,69,7,3,3,'2016-10-07 00:00:00','NULL','urbana-santiago-norte/',1,3,30,'urbana-santiago-norte.php'),(98,69,7,2,3,'2016-10-07 00:00:00','NULL','proxectos-municipais/',1,3,29,'proxectos-municipais.php'),(99,44,2,2,2,'2016-10-14 00:00:00','NULL','http://orzamentoaberto.santiagodecompostela.gal/gl/',1,3,2,'http://orzamentoaberto.santiagodecompostela.gal/gl/'),(100,70,2,1,3,'2016-10-18 00:00:00','NULL','http://santiagodecompostela.gal/medi/relacion_terrazas_autorizadas_19_01_2016.pdf',0,3,2,'http://santiagodecompostela.gal/medi/relacion_terrazas_autorizadas_19_01_2016.pdf'),(101,70,2,2,3,'2016-10-18 00:00:00','NULL','http://www.rochaforte.info/',0,3,2,'http://www.rochaforte.info/'),(102,49,7,9,3,'2016-11-16 00:00:00','NULL','pmp-antes-2015/',1,3,30,'pmp_antes_2015.php'),(103,49,7,8,3,'2016-11-16 00:00:00','NULL','pmp-ano-2015/',1,3,30,'pmp_ano_2015.php'),(104,49,7,7,3,'2016-11-16 00:00:00','NULL','pmp-ano-2016/',1,3,30,'pmp_ano_2016.php'),(105,49,7,10,3,'2016-11-17 00:00:00','NULL','pmp-documentos/',1,3,30,'pmp_documentos.php'),(106,28,7,5,2,'2017-01-16 00:00:00','NULL','datos-organismos/',1,3,30,'datos_organismos.php'),(107,44,7,8,2,'2017-01-16 00:00:00','NULL','subvencions-concedidas/',0,3,30,'subvencions_concedidas.php'),(108,50,7,2,3,'2017-01-23 00:00:00','NULL','contas-anuais-2015/',1,3,29,'contas_anuais_2015.php'),(109,44,7,9,2,'2017-01-23 00:00:00','NULL','outros-datos-de-interese-economico/',1,3,29,'outros_datos_de_interese_economico.php'),(110,67,2,1,3,'2017-01-25 00:00:00','NULL','ciac/',1,3,2,'ciac.php'),(111,67,2,2,3,'2017-01-25 00:00:00','NULL','servizo-de-laceria/',1,3,2,'servizo_de_laceria.php'),(112,64,2,6,2,'2017-01-26 00:00:00','NULL','plans-urbanisticos/',1,3,2,'plans_urbanisticos.php'),(113,67,2,3,3,'2017-01-26 00:00:00','NULL','punto-limpo/',1,3,2,'punto_limpo.php'),(114,67,2,4,3,'2017-01-26 00:00:00','NULL','consello-de-medio-ambiente/',1,3,2,'consello_de_medio_ambiente.php'),(115,66,2,1,3,'2017-01-26 00:00:00','NULL','zonas-verdes/',1,3,2,'zonas_verdes.php'),(116,66,2,2,3,'2017-01-27 00:00:00','NULL','itinerario-verde/',1,3,2,'itinerario_verde.php'),(117,66,2,3,3,'2017-01-27 00:00:00','NULL','parques/',1,3,2,'parques.php'),(118,66,2,4,3,'2017-01-27 00:00:00','NULL','areas-deportivas/',1,3,2,'areas_deportivas.php'),(119,23,7,7,2,'2017-02-02 00:00:00','NULL','convenios/',1,3,30,'convenios.php'),(120,43,7,2,3,'2017-02-07 00:00:00','NULL','relacion-postos-traballo/',1,3,30,'relacion_postos_traballo.php'),(121,43,7,1,3,'2017-02-07 00:00:00','NULL','organigrama-municipal/',1,3,30,'organigrama_municipal.php'),(122,28,7,3,2,'2017-02-07 00:00:00','NULL','retribucions/',1,3,29,'retribucions.php'),(123,45,7,7,3,'2017-02-07 00:00:00','NULL','descargas/gl/224',1,3,30,'descargas/gl/224'),(124,44,7,10,2,'2017-02-08 00:00:00','NULL','estados-execucion-orzamentaria/',1,3,29,'estados_execucion_orzamentaria.php'),(125,43,7,3,3,'2017-02-09 00:00:00','NULL','reconhecementos-compatibilidade-altos-cargos/',1,3,30,'reconhecementos_compatibilidade_altos_cargos.php'),(126,28,7,6,2,'2017-02-15 00:00:00','NULL','plans-programas-plurianuais/',1,3,30,'plans_programas_plurianuais.php'),(127,28,7,7,2,'2017-02-15 00:00:00','NULL','relacion-vehiculos-oficiais-adscritos-concello/',1,3,30,'relacion_vehiculos_oficiais_adscritos_concello.php'),(128,67,7,5,3,'2017-02-15 00:00:00','NULL','politicas-programas-outros-estudos-medio-ambiente/',1,3,30,'politicas_programas_outros_estudos_medio_ambiente.php'),(129,NULL,2,9,1,'2017-02-16 00:00:00','NULL','dereito-acceso-informacion/',1,3,2,'dereito_acceso_informacion.php'),(130,12,2,2,3,'2017-02-16 00:00:00','NULL','catalogo-procedementos/',1,3,2,'catalogo_procedementos.php'),(131,28,7,8,2,'2017-02-20 00:00:00','NULL','relacion-de-inmobles/',1,3,30,'relacion_de_inmobles.php'),(132,NULL,2,12,1,'2017-02-20 00:00:00','NULL','mapa-web/',1,3,2,'mapa_web.php'),(133,28,7,9,2,'2017-02-20 00:00:00','NULL','axudas-de-custo-e-gastos-locomocion/',1,3,30,'axudas_de_custo_e_gastos_locomocion.php'),(134,23,7,8,2,'2017-02-21 00:00:00','NULL','axudas-economicas-a-grupos-politicos/',1,3,30,'axudas_economicas_a_grupos_politicos.php'),(135,23,7,9,2,'2017-02-21 00:00:00','NULL','subministradores-custos-e-servizos/',1,3,30,'subministradores_custos_e_servizos.php'),(136,23,7,10,2,'2017-02-21 00:00:00','NULL','subvencions-concedidas-concello/',1,3,29,'subvencions_concedidas_concello.php'),(137,17,2,6,3,'2017-02-22 00:00:00','NULL','http://transparencia.santiagodecompostela.gal/descargas/gl/96',1,3,2,'http://transparencia.santiagodecompostela.gal/descargas/gl/96'),(138,17,2,7,3,'2017-02-22 00:00:00','NULL','http://decide.santiagodecompostela.gal',1,3,2,'http://decide.santiagodecompostela.gal'),(139,28,7,10,2,'2017-02-27 00:00:00','NULL','persoal-entes-instrumentais-e-sociedades-municipais/',1,3,30,'persoal_entes_instrumentais_e_sociedades_municipais.php'),(140,64,2,9,2,'2017-03-01 00:00:00','NULL','#',1,3,2,'#'),(141,140,7,1,3,'2017-03-01 00:00:00','NULL','contratos-de-obras/',1,3,30,'contratos_de_obras.php'),(142,140,7,2,3,'2017-03-01 00:00:00','NULL','modificacions-contratos-de-obras/',1,3,30,'modificacions_contratos_de_obras.php'),(143,28,7,11,2,'2017-03-01 00:00:00','NULL','xestion-documental-arquivo-municipal/',1,3,30,'xestion_documental_arquivo_municipal.php'),(144,140,7,3,3,'2017-03-02 00:00:00','NULL','adxudicatarios-de-obras/',1,3,30,'adxudicatarios_de_obras.php'),(145,2,2,8,2,'2017-03-02 00:00:00','NULL','estatisticas-consultas-e-suxestions/',1,3,2,'estatisticas_consultas_e_suxestions.php'),(146,69,7,4,3,'2017-03-03 00:00:00','NULL','indicadores-economicos-de-urbanismo/',1,3,30,'indicadores_economicos_de_urbanismo.php'),(147,23,7,11,2,'2017-03-06 00:00:00','NULL','estatisticas-porcentaxe-volume-orzamentario-contratos/',1,3,30,'estatisticas_porcentaxe_volume_orzamentario_contratos.php'),(148,17,7,13,3,'2017-03-07 00:00:00','NULL','consellos-municipais-de-participacion/',1,3,30,'consellos_municipais_de_participacion.php'),(149,3,2,6,3,'2017-03-14 00:00:00','NULL','https://seguro.santiagodecompostela.gal/pconcello.php?id=elayout&sid=jcitaprevia_inicio&',1,3,2,'https://seguro.santiagodecompostela.gal/pconcello.php?id=elayout&sid=jcitaprevia_inicio&'),(150,95,7,1,3,'2017-03-31 00:00:00','NULL','modificacion-N-525-tramoI-nucleo-da-susana/',1,3,30,'modificacion_N_525_tramoI_nucleo_da_susana.php'),(151,95,7,2,3,'2017-03-31 00:00:00','NULL','modificacion-sectorizacion-SUNP-25-roxos/',1,3,30,'modificacion_sectorizacion_SUNP_25_roxos.php'),(152,95,7,3,3,'2017-03-31 00:00:00','NULL','modificacion-ZD-7-agra-dos-campos-arins/',0,3,30,'modificacion_ZD_7_agra_dos_campos_arins.php'),(153,95,7,4,3,'2017-03-31 00:00:00','NULL','modificacion-equipamento-universitario-EU-2-vivendas-san-ignacio-de-loyola/',1,3,30,'modificacion_equipamento_universitario_EU_2_vivendas_san-ignacio_de_loyola.php'),(154,95,7,6,3,'2017-03-31 00:00:00','NULL','modificacion-PERI-2-AEI-E-conxo-de-arriba/',1,3,30,'modificacion_PERI_2_AEI_E_conxo_de_arriba.php'),(156,95,7,7,3,'2017-03-31 00:00:00','NULL','estatutos-e-bases-de-actuacion-da-xunta-de-compensacion-SUD-17-monte-do-gozo-arins/',1,3,30,'estatutos_e_bases_de_actuacion_da_xunta_de_compensacion_SUD_17_monte_do_gozo_arins.php'),(157,95,7,8,3,'2017-03-31 00:00:00','NULL','estatutos-e-bases-de-actuacion-da-xunta-de-compensacion-SUD-16-agra-dos-campos-arins/',1,3,30,'estatutos_e_bases_de_actuacion_da_xunta_de_compensacion_SUD_16_agra_dos_casmpos.php'),(158,95,7,9,3,'2017-03-31 00:00:00','NULL','estudo-criterios-tratamento-fachadas-barrio-de-vista-alegre-estudo-da-cor/',0,3,30,'estudo_criterios_tratamento_fachadas_barrio_de_vista_alegre_estudo_da_cor.php'),(159,95,7,10,3,'2017-03-31 00:00:00','NULL','modificacion-PE-1-aloxamentos-de-caracter-temporal/',1,3,30,'modificacion_PE_1_aloxamentos_de_caracter_temporal.php'),(160,95,7,11,3,'2017-03-31 00:00:00','NULL','modificacion-ordenanza-OE-5-galeras-antigo-hospital/',1,3,30,'modificacion_ordenanza_OE_5_galeras_antigo_hospital.php'),(161,95,7,12,3,'2017-03-31 00:00:00','NULL','proxecto-integrado-da-nova-estacion-intermodal/',1,3,29,'proxecto_integrado_da_nova_estacion_intermodal.php'),(162,161,7,1,4,'2017-03-31 00:00:00','NULL','nova-estacion-intermodal/',1,3,29,'nova_estacion_intermodal.php'),(163,161,7,2,4,'2017-03-31 00:00:00','NULL','terminal-de-autobuses-integrada-na-estacion-intermodal/',1,3,29,'terminal_de_autobuses_integrada_na_estacion_intermodal.php'),(164,161,7,3,4,'2017-03-31 00:00:00','NULL','outra-documentacion-proxecto-integrado-da-nova-estacion-intermodal/',1,3,30,'outra_documentacion_proxecto_integrado_da_nova_estacion_intermodal.php'),(165,95,7,13,3,'2017-03-31 00:00:00','NULL','proxecto-compensacion-poligono39-casas-do-rego/',1,3,30,'proxecto_compensacion_poligono39_casas_do_rego.php'),(166,23,7,2,2,'2017-03-31 00:00:00','NULL','composicion-mesas-de-contratacion/',1,3,30,'composicion_mesas_de_contratacion.php'),(170,49,7,6,3,'2017-04-12 00:00:00','NULL','PMP-ano-2017/',1,3,30,'PMP_ano_2017.php'),(172,45,7,6,3,'2017-05-02 00:00:00','NULL','descargas/gl/274',1,3,30,'descargas/gl/274'),(173,44,7,11,2,'2017-05-23 00:00:00','NULL','Relacion-de-gastos-anuais-dos-grupos-municipais/',1,3,29,'Relacion_de_gastos_anuais_dos_grupos_municipais.php'),(174,173,7,1,3,'2017-05-23 00:00:00','NULL','Ano-2017/',1,3,29,'Ano_2017.php'),(176,174,7,2,4,'2017-05-24 00:00:00','NULL','Crupo-municipal-Compostela-Aberta/',1,3,30,'Crupo_municipal_Compostela_Aberta.php'),(177,95,7,14,3,'2017-06-06 00:00:00','NULL','Suspension-cautelar-de-licenzas-no-ambito-da-parcela-EM-FE.-Finca-do-Espino/',0,3,30,'Suspension_cautelar_de_licenzas_no_ambito_da_parcela_EM-FE._Finca_do_Espino.php'),(178,95,7,15,3,'2017-06-06 00:00:00','NULL','Suspension-cautelar-de-licenzas-no-ambito-do-PERI-12.-Antigo-Colexio-Manuel-Peleteiro/',0,3,30,'Suspension_cautelar_de_licenzas_no_ambito_do_PERI-12._Antigo_Colexio_Manuel_Peleteiro.php'),(179,174,7,2,4,'2017-06-06 00:00:00','NULL','Grupo-Municipal-do-PP/',1,3,30,'Grupo_Municipal_do_PP.php'),(180,12,7,9,3,'2017-06-06 00:00:00','NULL','Padrons-de-ocupacions-de-espazos-publicos/',1,3,30,'Padrons_de_ocupacions_de_espazos_publicos.php'),(181,46,7,10,3,'2017-06-27 00:00:00','NULL','Liquidacion-orzamento-Concello-ano-2016/',1,3,30,'Liquidacion_orzamento_Concello_ano_2016.php'),(182,46,7,11,3,'2017-06-27 00:00:00','NULL','Liquidacion-orzamento-Auditorio-ano-2016/',1,3,30,'Liquidacion_orzamento_Auditorio_ano_2016.php'),(186,95,7,16,3,'2017-06-30 00:00:00','NULL','Modificacion-puntual-do-PXOM-nas-disposicions-transitorias-2-e-12-Plan-parcial-de-Fonti/',1,3,30,'Modificacion_puntual_do_PXOM_nas_disposicions_transitorias_2_e_12_Plan_parcial_de_Fonti.php'),(187,174,7,3,4,'2017-07-03 00:00:00','NULL','PSOE/',1,3,30,'PSOE.php'),(188,95,7,17,3,'2017-07-28 00:00:00','NULL','Estudo-de-detalle-da-parcela-N4a01c-do-quinteiro-N-do-SUNP-40-Parque-empresarial-da-Sionlla/',1,3,30,'Estudo_de_detalle_da_parcela_N4a01c_do_quinteiro_N_do_SUNP_40_Parque_empresarial_da_Sionlla.php'),(192,174,7,4,4,'2017-09-28 00:00:00','NULL','20170928085909Grupo-Municipal-do-BNG/',1,3,30,'20170928085909Grupo_Municipal_do_BNG.php'),(193,23,7,12,2,'2017-10-06 00:00:00','NULL','Acordos-sobre-contratacion-publica-responsable/',1,3,30,'Acordos_sobre_contratacion_publica_responsable.php'),(197,50,7,1,3,'2017-11-17 00:00:00','NULL','20171117103448Contas-anuais-2016/',1,3,29,'20171117103448Contas_anuais_2016.php'),(199,95,7,18,3,'2017-12-21 00:00:00','NULL','Proxecto-de-urbanizacion-do-poligono-39.-Casas-do-Rego/',1,3,29,'Proxecto_de_urbanizacion_do_poligono_39._Casas_do_Rego.php'),(200,199,7,1,4,'2017-12-21 00:00:00','NULL','Proxecto-de-urbanizacion-aprobado-inicialmente/',0,3,30,'Proxecto_de_urbanizacion_aprobado_inicialmente.php'),(201,95,7,18,3,'2017-12-21 00:00:00','NULL','20171221131931Proxecto-de-urbanizacion-do-poligono-39.-Casas-do-Rego/',1,3,30,'20171221131931Proxecto_de_urbanizacion_do_poligono_39._Casas_do_Rego.php'),(202,201,7,1,4,'2017-12-21 00:00:00','NULL','20171221132144Proxecto-de-urbanizacion-aprobado-inicialmente/',1,3,30,'20171221132144Proxecto_de_urbanizacion_aprobado_inicialmente.php'),(203,201,7,2,4,'2017-12-21 00:00:00','NULL','Documentacion-adicional-ao-proxecto-/',1,3,30,'Documentacion_adicional_ao_proxecto_.php'),(204,201,7,3,4,'2017-12-21 00:00:00','NULL','Acordo/',1,3,30,'Acordo.php'),(207,95,7,19,3,'2018-01-15 00:00:00','NULL','Modificacion-puntual-do-Catalogo-do-PXOM/',1,3,30,'Modificacion_puntual_do_Catalogo_do_PXOM.php'),(208,45,7,5,3,'2018-01-26 00:00:00','NULL','descargas/gl/334',1,3,30,'descargas/gl/334'),(209,95,7,20,3,'2018-02-02 00:00:00','NULL','Estudo-de-detalle-do-ambito-01-do-ARI-de-Vite.-Grupo-de-vivendas-Nosa-Senora-de-Belen/',1,3,30,'Estudo_de_detalle_do_ambito_01_do_ARI_de_Vite._Grupo_de_vivendas_Nosa_Senora_de_Belen.php'),(210,95,7,21,3,'2018-02-02 00:00:00','NULL','Estudo-de-detalle-do-ambito-02-do-ARI-de-Vite.-Avenida-de-Castelao-e-rua-de-Alexandre-Boveda/',1,3,30,'Estudo_de_detalle_do_ambito_02_do_ARI_de_Vite._Avenida_de_Castelao_e_rua_de_Alexandre_Boveda.php'),(211,95,7,22,3,'2018-02-02 00:00:00','NULL','Estudo-de-detalle-do-ambito-03-do-ARI-de-Vite.-Zona-03A-Rua-de-Carlos-Maside.-Zona-03B-Rua-dos-Irmandinos/',1,3,30,'Estudo_de_detalle_do_ambito_03_do_ARI_de_Vite._Zona_03A_Rua_de_Carlos_Maside._Zona_03B_Rua_dos_Irmandinos.php'),(212,95,7,23,3,'2018-02-02 00:00:00','NULL','Estudo-de-detalle-do-ambito-04-do-ARI-de-Vite.-Avenidas-de-Garcia-Lorca-e-Castelao-e-rua-de-Celso-Emilio-Ferreiro/',1,3,30,'Estudo_de_detalle_do_ambito_04_do_ARI_de_Vite._Avenidas_de_Garcia_Lorca_e_Castelao_e_rua_de_Celso_Emilio_Ferreiro.php'),(215,95,7,5,3,'2018-02-07 00:00:00','NULL','Estudo-de-detalle/',0,3,30,'Estudo_de_detalle.php'),(216,95,7,24,3,'2018-02-12 00:00:00','NULL','Estudo-de-detalle-do-ambito-05-do-ARI-de-Vite.-Ruas-de-Blanco-Amor-e-Otero-Pedraio/',1,3,30,'Estudo_de_detalle_do_ambito_05_do_ARI_de_Vite._Ruas_de_Blanco_Amor_e_Otero_Pedraio.php'),(217,95,7,25,3,'2018-02-12 00:00:00','NULL','Estudo-de-detalle-rehabilitacion-integral-das-vivendas-Cardenal-Quiroga-Palacios-e-Compostela.-Barrio-de-Ponte-Pedrina/',1,3,30,'Estudo_de_detalle_rehabilitacion_integral_das_vivendas_Cardenal_Quiroga_Palacios_e_Compostela._Barrio_de_Ponte_Pedrina.php'),(218,95,7,26,3,'2018-02-15 00:00:00','NULL','Proxecto-de-reparcelacion-da-unidade-de-actuacion-delimitado-na-rua-de-Eduardo-Pondal/',1,3,30,'Proxecto_de_reparcelacion_da_unidade_de_actuacion_delimitado_na_rua_de_Eduardo_Pondal.php'),(219,64,7,10,2,'2018-02-28 00:00:00','NULL','Expropiacions/',1,3,29,'Expropiacions.php'),(225,219,7,1,3,'2018-03-01 00:00:00','NULL','20180301125402Proxecto-tecnico-de-expropiacion,-estacion-intermodal-1ª-fase/',0,3,30,'20180301125402Proxecto_tecnico_de_expropiacion,_estacion_intermodal_1ª_fase.php'),(226,64,7,11,2,'2018-03-01 00:00:00','NULL','Estacion-intermodal/',1,3,29,'Estacion_intermodal.php'),(227,226,7,1,3,'2018-03-01 00:00:00','NULL','20180301142210Estacion-intermodal/',1,3,30,'20180301142210Estacion_intermodal.php'),(228,49,7,5,3,'2018-04-12 00:00:00','NULL','PMP-ano-2018/',1,3,30,'PMP_ano_2018.php'),(229,173,7,2,3,'2018-04-17 00:00:00','NULL','Ano-2018/',1,3,29,'Ano_2018.php'),(230,95,7,27,3,'2018-04-20 00:00:00','NULL','Solicitude-de-inicio-de-avaliacion-ambiental-estratexica-da-Modificacion-puntual-do-PXOM-e-do-PE-1-no-ambito-da-parcela-EM-FE.-Finca-do-Espino/',1,3,30,'Solicitude_de_inicio_de_avaliacion_ambiental_estratexica_da_Modificacion_puntual_do_PXOM_e_do_PE-1_no_ambito_da_parcela_EM-FE._Finca_do_Espino.php'),(231,95,7,28,3,'2018-04-20 00:00:00','NULL','Solicitude-de-inicio-de-avaliacion-ambiental-estratexica-da-Modificacion-puntual-do-PXOM-no-ambito-do-PERI-12.-Antigo-Colexio-Manuel-Peleteiro/',1,3,29,'Solicitude_de_inicio_de_avaliacion_ambiental_estratexica_da_Modificacion_puntual_do_PXOM_no_ambito_do_PERI-12._Antigo_Colexio_Manuel_Peleteiro.php'),(232,64,7,12,2,'2018-04-25 00:00:00','NULL','Vivenda-e-Rehabilitacion/',1,3,29,'Vivenda_e_Rehabilitacion.php'),(233,136,7,2,3,'2018-04-25 00:00:00','NULL','Subvencions-ano-2018/',1,3,29,'Subvencions_ano_2018.php'),(234,136,7,1,3,'2018-04-25 00:00:00','NULL','Subvencions-anteriores-ao-ano-2018/',1,3,30,'Subvencions_anteriores_ao_ano_2018.php'),(236,229,7,1,4,'2018-06-07 00:00:00','NULL','Grupo-municipal-Compostela-Aberta/',1,3,30,'Grupo_municipal_Compostela_Aberta.php'),(237,229,7,2,4,'2018-06-07 00:00:00','NULL','Grupo-municipal-do-Partido-Popular/',1,3,30,'Grupo_municipal_do_Partido_Popular.php'),(240,46,7,8,3,'2018-07-13 00:00:00','NULL','Liquidacion-orzamento-Concello-ano-2017/',1,3,30,'Liquidacion_orzamento_Concello_ano_2017.php'),(241,46,7,9,3,'2018-07-13 00:00:00','NULL','Liquidacion-orzamento-Auditorio-ano-2017/',1,3,30,'Liquidacion_orzamento_Auditorio_ano_2017.php'),(242,95,7,29,3,'2018-08-08 00:00:00','NULL','Solicitude-de-inicio-de-avaliacion-ambiental-da-Modificacion-puntual-do-PXOM-en-execucion-das-sentenzas-anulatorias-do-poligono-11.-Castineirno/',1,3,29,'Solicitude_de_inicio_de_avaliacion_ambiental_da_Modificacion_puntual_do_PXOM_en_execucion_das_sentenzas_anulatorias_do_poligono_11._Castineirno.php'),(243,229,7,3,4,'2018-09-04 00:00:00','NULL','20180904101139Grupo-Municipal-do-BNG/',1,3,30,'20180904101139Grupo_Municipal_do_BNG.php'),(244,95,7,30,3,'2018-09-20 00:00:00','NULL','Estudo-de-detalle-das-parcelas-ER-1-2-3-4-5-6-7-8-no-ambito-do-SUNP-14.-Tras-Paxonal/',1,3,30,'Estudo_de_detalle_das_parcelas_ER-1-2-3-4-5-6-7-8_no_ambito_do_SUNP-14._Tras_Paxonal.php'),(245,95,7,31,3,'2018-09-28 00:00:00','NULL','Proxecto-de-urbanizacion-do-P-40.-Rocha-/',1,3,30,'Proxecto_de_urbanizacion_do_P-40._Rocha_.php'),(246,95,7,32,3,'2018-10-11 00:00:00','NULL','Modificacion-puntual-do-PE-1-para-a-ampliacion-de-usos-no-EM-9.-Seminario-Menor-Belvis/',1,3,30,'Modificacion_puntual_do_PE-1_para_a_ampliacion_de_usos_no_EM-9._Seminario_Menor-Belvis.php'),(247,95,7,33,3,'2018-10-18 00:00:00','NULL','Modificacion-puntual-do-Plan-parcial-do-SUNP-22-para-a-reordenacion-de-volumes-no-quinteiro-16.-Castro-de-Abaixo/',1,3,30,'Modificacion_puntual_do_Plan_parcial_do_SUNP-22_para_a_reordenacion_de_volumes_no_quinteiro_16._Castro_de_Abaixo.php'),(250,95,7,34,3,'2018-10-18 00:00:00','NULL','Parque-empresarial-Sionlla/',1,3,30,'Parque_empresarial_Sionlla.php'),(251,124,7,1,3,'2018-12-14 00:00:00','NULL','Estado-de-execucion-do-orzamento-trimestres-1-a-3/',1,3,30,'Estado_de_execucion_do_orzamento_trimestres_1_a_3.php'),(252,124,7,2,3,'2018-12-14 00:00:00','NULL','20181214133654Ano-2017/',1,3,29,'20181214133654Ano_2017.php'),(253,229,7,4,4,'2019-02-13 00:00:00','NULL','Grupo-municipal-do-PSOE/',1,3,30,'Grupo_municipal_do_PSOE.php'),(254,95,7,35,3,'2019-02-14 00:00:00','NULL','Estudo-de-detalle-das-parcelas-B4B01D-e-B4B01E-do-parque-empresarial-da-Sionlla/',1,3,30,'Estudo_de_detalle_das_parcelas_B4B01D_e_B4B01E_do_parque_empresarial_da_Sionlla.php'),(255,95,7,36,3,'2019-03-05 00:00:00','NULL','Estudo-de-detalle-da-parcela-J4A02-do-parque-empresarial-da-Sionlla-Ref.-Catastral-0905211NH4500F0000PG/',1,3,30,'Estudo_de_detalle_da_parcela_J4A02_do_parque_empresarial_da_Sionlla_Ref._Catastral_0905211NH4500F0000PG.php'),(256,136,7,3,3,'2019-04-01 00:00:00','NULL','Subvencions-ano-2019/',1,3,30,'Subvencions_ano_2019.php'),(257,64,7,13,2,'2019-04-24 00:00:00','NULL','Programas-e-plans-extratexicos/',0,3,29,'Programas_e_plans_extratexicos.php'),(258,95,7,37,3,'2019-04-29 00:00:00','NULL','Modificacion-do-Plan-especial-do-sistema-xeral-de-equipamento-deportivo-ZD-2.-area-deportiva-de-San-Lazaro/',1,3,30,'Modificacion_do_Plan_especial_do_sistema_xeral_de_equipamento_deportivo_ZD-2._area_deportiva_de_San_Lazaro.php'),(259,173,7,3,3,'2019-04-30 00:00:00','NULL','Ano-2019/',1,3,29,'Ano_2019.php'),(260,43,2,4,3,'2019-06-14 00:00:00','NULL','Oferta-de-emprego/',1,3,2,'Oferta_de_emprego.php'),(261,59,2,2,3,'2019-07-17 00:00:00','NULL','Rexistro-de-intereses-2019/',1,3,2,'Rexistro_de_intereses_2019.php'),(262,263,7,2,4,'2019-07-17 00:00:00','NULL','Declaracions-de-bens-patrimoniais-concelleiros-de-anteriores-corporacions/',1,3,30,'Declaracions_de_bens_patrimoniais_concelleiros_de_anteriores_corporacions.php'),(263,263,2,3,4,'2019-08-02 00:00:00','NULL','Rexistro-de-intereses-corporacions-anteriores/',1,3,29,'Rexistro_de_intereses_corporacions_anteriores.php'),(264,59,7,3,3,'2019-08-02 00:00:00','NULL','20190802100019Rexistro-de-intereses-corporacions-anteriores/',1,3,29,'20190802100019Rexistro_de_intereses_corporacions_anteriores.php'),(265,264,2,2,4,'2019-08-02 00:00:00','NULL','Corporacion-2015-2016/',1,3,2,'Corporacion_2015-2016.php'),(266,49,7,4,3,'2019-08-09 00:00:00','NULL','PMP-ano-2019/',1,3,30,'PMP_ano_2019.php'),(267,46,7,5,3,'2019-08-14 00:00:00','NULL','Liquidacion-orzamento-Concello-ano-2018/',1,3,30,'Liquidacion_orzamento_Concello_ano_2018.php'),(268,46,7,6,3,'2019-08-14 00:00:00','NULL','Liquidacion-orzamento-Auditorio-ano-2018/',1,3,30,'Liquidacion_orzamento_Auditorio_ano_2018.php'),(269,46,7,7,3,'2019-08-14 00:00:00','NULL','Liquidacion-orzamento-Incolsa-ano-2018/',1,3,30,'Liquidacion_orzamento_Incolsa_ano_2018.php'),(273,45,7,4,3,'2019-09-27 00:00:00','NULL','descargas/gl/450',1,3,30,'descargas/gl/450'),(274,NULL,7,16,1,'2019-09-27 00:00:00','NULL','20190927110437Orzamentos-2019/',1,3,30,'20190927110437Orzamentos_2019.php'),(275,95,7,38,3,'2019-10-29 00:00:00','NULL','Estudo-de-detalle-da-parcela-I4a02-do-parque-empresarial-da-Sionlla-Ref.-catastral-0507717NH4500F0000AG-/',1,3,30,'Estudo_de_detalle_da_parcela_I4a02_do_parque_empresarial_da_Sionlla_Ref._catastral_0507717NH4500F0000AG_.php'),(277,95,7,39,3,'2019-11-06 00:00:00','NULL','Plan-parcial-do-SUND-8-Monte-Vidan/',1,3,29,'Plan_parcial_do_SUND-8_Monte_Vidan.php'),(279,226,7,2,3,'2019-11-15 00:00:00','NULL','Proxecto-tecnico-de-expropiacion-Castelo-da-Rocha-/',1,3,30,'Proxecto_tecnico_de_expropiacion_Castelo_da_Rocha_.php'),(280,95,7,40,3,'2019-12-18 00:00:00','NULL','Suspension-previa-de-novos-usos-de-aloxamento-temporal/',1,3,29,'Suspension_previa_de_novos_usos_de_aloxamento_temporal.php'),(281,95,7,41,3,'2020-02-20 00:00:00','NULL','Estudo-de-detalle-para-a-dotacion-de-accesibilidade-ao-grupo-de-vivendas-de-San-Ignacio-de-Loyola/',1,3,30,'Estudo_de_detalle_para_a_dotacion_de_accesibilidade_ao_grupo_de_vivendas_de_San_Ignacio_de_Loyola.php'),(283,36,7,1,5,'2020-03-05 00:00:00','NULL','Actas-e-acordos-do-no-2020/',1,3,30,'Actas_e_acordos_do_no_2020.php'),(284,49,7,3,3,'2020-03-11 00:00:00','NULL','PMP-ano-2020/',1,3,30,'PMP_ano_2020.php'),(285,136,7,4,3,'2020-03-31 00:00:00','NULL','Ano-2020/',1,3,30,'Ano_2020.php'),(290,45,7,3,3,'2020-04-08 00:00:00','NULL','descargas/gl/478',1,3,30,'descargas/gl/478'),(291,23,7,5,2,'2020-04-21 00:00:00','NULL','Contratos-estado-de-alarma/',1,3,30,'Contratos_estado_de_alarma.php'),(292,95,7,42,3,'2020-06-08 00:00:00','NULL','Operacion-xuridica-complementaria-do-Proxecto-de-reparcelacion-do-solo-urbanizable-non-programado-numero-37-SUNP-37.3.-Costa-Vella/',1,3,30,'Operacion_xuridica_complementaria_do_Proxecto_de_reparcelacion_do_solo_urbanizable_non_programado_numero_37_SUNP-37.3._Costa_Vella.php'),(295,23,7,13,2,'2020-06-11 00:00:00','NULL','Plans-de-contratacion/',1,3,30,'Plans_de_contratacion.php'),(296,95,7,43,3,'2020-06-15 00:00:00','NULL','Estatutos-e-Bases-de-actuacion-da-Xunta-de-Compensacion-da-AEI-Ea-do-PERI-2.-Conxo-de-Arriba/',1,3,30,'Estatutos_e_Bases_de_actuacion_da_Xunta_de_Compensacion_da_AEI-Ea_do_PERI-2._Conxo_de_Arriba.php'),(297,46,7,4,3,'2020-06-19 00:00:00','NULL','Liquidacion-Orzamento-Concello-ano-2019/',1,3,30,'Liquidacion_Orzamento_Concello_ano_2019.php'),(300,NULL,2,14,1,'2020-07-17 00:00:00','NULL','20200717143225citaprevia/',1,3,0,'20200717143225citaprevia.php'),(301,NULL,2,15,1,'2020-07-17 00:00:00','NULL','Cita-Previa/',1,3,2,'Cita_Previa.php'),(303,95,7,44,3,'2020-07-20 00:00:00','NULL','Estudo-de-detalle-mellora-accesibilidade-condicions-xerais-edificacions-grupo-vivendas-DiegoXelmirez/',1,3,29,'Estudo-de-detalle-mellora-accesibilidade-condicions-xerais-edificacions-grupo-vivendas-DiegoXelmirez.php'),(304,95,7,45,3,'2020-07-22 00:00:00','NULL','Estatutos-AEI-B-do-PERI-2-Conxo-de-Arriba/',1,3,30,'Estatutos-AEI-B-do-PERI-2-Conxo-de-Arriba.php'),(306,95,7,46,3,'2020-07-29 00:00:00','NULL','AEI-D_DO_PERI-2_CONXO_DE_ARRIBA/',1,3,30,'AEI-D_DO_PERI-2_CONXO_DE_ARRIBA.php'),(307,173,7,4,3,'2020-08-03 00:00:00','NULL','20200803093440Ano-2020/',1,3,29,'20200803093440Ano_2020.php'),(308,95,7,47,3,'2020-09-28 00:00:00','NULL','Estudo-de-detalle-das-parcelas-C3c01a-e-C3c01b-do-Parque-empresarial-da-Sionlla-/',1,3,29,'Estudo_de_detalle_das_parcelas_C3c01a_e_C3c01b_do_Parque_empresarial_da_Sionlla_.php'),(309,226,7,3,3,'2020-10-01 00:00:00','NULL','Proxecto-tecnico-de-expropiacion--complementaria-acceso-Sur-a-estacion-Intermodal--rua-de-Clara-Campoamor/',1,3,29,'Proxecto_tecnico_de_expropiacion__complementaria-acceso_Sur_a_estacion_Intermodal-_rua_de_Clara_Campoamor.php'),(310,95,7,48,3,'2020-10-14 00:00:00','NULL','Inicio--avaliacion-ambiental-Modificacion-PXOM-ambito-SUD-910.-Estrada-de-Vigo-Chouchinos/',0,3,29,'Inicio__avaliacion_ambiental_Modificacion_PXOM_ambito_SUD_910._Estrada_de_Vigo-Chouchinos.php'),(312,95,7,49,3,'2020-11-05 00:00:00','NULL','Operacion-xuridica-complementaria-do-Proxecto-de-reparcelacion-do-SUNP-38.-Formaris-/',1,3,30,'Operacion_xuridica_complementaria_do_Proxecto_de_reparcelacion_do_SUNP_38._Formaris_.php'),(313,95,7,65,3,'2020-11-18 00:00:00','NULL','Modificacion-puntual-do-titulo-III-do-PXOM.-Regulacion-de-usos/',1,3,29,'Solicitude_de_inicio_de_avaliacion_ambiental_da_Modificacion_puntual_do_titulo_III_do_PXOM._Regulacion_de_usos.php'),(317,95,7,50,3,'2020-12-01 00:00:00','NULL','Modificacion-artigo-21-ordenanza-4B-do-P-parcial-SUP-6-Santa-Marta/',1,3,29,'Modificacion_artigo_21_ordenanza_4B_do_P_parcial_SUP_6_Santa_Marta.php'),(318,95,7,51,3,'2020-12-23 00:00:00','NULL','E.D-dotacion-de-accesibilidade--inmobles-na-Corredoira-de-Campsa/',1,3,29,'E.D_dotacion_de_accesibilidade__inmobles_na_Corredoira_de_Campsa.php'),(319,45,7,2,3,'2021-01-11 00:00:00','NULL','descargas/gl/545',1,3,30,'descargas/gl/478'),(322,95,7,52,3,'2021-03-22 00:00:00','NULL','Proxecto-construcion-edificio-Xunta-de-Galicia/',1,3,30,'Proxecto_construcion_edificio_Xunta_de_Galicia.php'),(324,136,7,5,3,'2021-03-31 00:00:00','NULL','20210331125041Subvencions-ano-2021/',1,3,30,'20210331125041Subvencions_ano_2021.php'),(325,173,7,5,3,'2021-04-12 00:00:00','NULL','Ano-2021/',1,3,29,'Ano_2021.php'),(326,49,7,2,3,'2021-05-11 00:00:00','NULL','20210511132631Ano-2021/',1,3,30,'20210511132631Ano_2021.php'),(327,46,7,2,3,'2021-05-19 00:00:00','NULL','Liquidacion-orzamento-Concello-ano-2020/',1,3,30,'Liquidacion_orzamento_Concello_ano_2020.php'),(328,46,7,3,3,'2021-05-19 00:00:00','NULL','Liquidacion-orzamento-Auditorio-ano-2020/',1,3,30,'Liquidacion_orzamento_Auditorio_ano_2020.php'),(330,95,7,53,3,'2021-06-04 00:00:00','NULL','Estudo-de-detalle-da-parcela-EQ-2-do-Parque-empresarial-da-Sionlla/',1,3,29,'Estudo_de_detalle_da_parcela_EQ-2_do_Parque_empresarial_da_Sionlla.php'),(331,330,7,1,4,'2021-06-10 00:00:00','NULL','15078_ED_202106_AI_01PDF/',1,3,29,'15078_ED_202106_AI_01PDF.php'),(332,330,7,2,4,'2021-06-10 00:00:00','NULL','Documentacion-administrativa/',1,3,30,'Documentacion_administrativa.php'),(334,2,2,9,2,'2021-09-16 00:00:00','NULL','Transparencia-organismos-e-empresas-con-participacion-municipal/',1,3,7,'Transparencia_organismos_e_empresas_con_participacion_municipal.php'),(335,334,10,1,3,'2021-09-17 00:00:00','NULL','web/',1,3,7,'web.php'),(337,95,7,54,3,'2021-09-20 00:00:00','NULL','20210920103149Anteproxecto-de-ampliacion-do-CHUS/',1,3,29,'20210920103149Anteproxecto_de_ampliacion_do_CHUS.php'),(338,337,7,1,4,'2021-09-20 00:00:00','NULL','Anteproxecto-obras-ampliacion-CHUS/',1,3,29,'Anteproxecto_obras_ampliacion_CHUS.php'),(339,337,7,2,4,'2021-09-20 00:00:00','NULL','20210920115007Documentacion-administrativa/',1,3,30,'20210920115007Documentacion_administrativa.php'),(349,95,7,55,3,'2021-10-08 00:00:00','NULL','20211008123828E-D-dotacion-accesibilidade-vivenda-colectiva-na-praza-de-Ultreia/',1,3,29,'20211008123828E_D_dotacion_accesibilidade_vivenda_colectiva_na_praza_de_Ultreia.php'),(350,95,7,56,3,'2021-11-09 00:00:00','NULL','Solicitude-de-inicio-de-avaliacion-ambiental-estratexica-do-Plan-parcial-do-SUND-4.-Rebordaos/',0,3,29,'Solicitude_de_inicio_de_avaliacion_ambiental_estratexica_do_Plan_parcial_do_SUND-4._Rebordaos.php'),(351,95,7,57,3,'2021-12-13 00:00:00','NULL','Modificacion-puntual-do-Plan-parcial-do-SUP-1-Romero-Donallo/',1,3,29,'Modificacion_puntual_do_Plan_parcial_do_SUP-1_Romero_Donallo.php'),(352,39,7,1,5,'2022-01-04 00:00:00','NULL','Ordes-do-dia-do-ano-2022/',1,3,30,'Ordes_do_dia_do_ano_2022.php'),(353,95,7,58,3,'2022-01-14 00:00:00','NULL','Modificacion-do-PXOM-no-ambito-do-SUD-910.-Estrada-de-Vigo-Chouchinos./',1,3,29,'Modificacion_do_PXOM_no_ambito_do_SUD_910._Estrada_de_Vigo-Chouchinos..php'),(354,95,7,59,3,'2022-02-09 00:00:00','NULL','E-D-do-quinteiro-6-do-Plan-parcial-do-SUP1.-Romero-Donallo/',1,3,29,'E_D_do_quinteiro_6_do_Plan_parcial_do_SUP1._Romero_Donallo.php'),(355,95,7,60,3,'2022-02-09 00:00:00','NULL','E.-D-quinteiros-1_2-do-Plan-parcial-do-SUP-1.-Romero-Donallo/',1,3,29,'E._D_quinteiros_1_2_do_Plan_parcial_do_SUP_1._Romero_Donallo.php'),(356,95,7,61,3,'2022-02-25 00:00:00','NULL','Plataforma-loxistica-de-Mallou/',1,3,29,'Plataforma_loxistica_de_Mallou.php'),(357,NULL,2,16,1,'2022-03-08 00:00:00','NULL','buzon-etico/',1,3,2,'Buzon_etico.php'),(358,357,2,1,2,'2022-03-25 00:00:00','NULL','canle-denuncias/',1,3,2,'canle_denuncias.php'),(361,45,7,1,3,'2022-03-28 00:00:00','NULL','descargas/gl/652',1,3,30,'20220328131505Orzamentos_2022.php'),(362,95,7,62,3,'2022-03-31 00:00:00','NULL','Modificacion-do-Proxecto-de-urbanizacion-do-SUP1-Romero-Donallo/',1,3,29,'Modificacion_do_Proxecto_de_urbanizacion_do_SUP1_Romero_Donallo.php'),(363,136,7,6,3,'2022-03-31 00:00:00','NULL','Subvencions-ano-2022/',1,3,30,'Subvencions_ano_2022.php'),(364,226,7,4,3,'2022-04-13 00:00:00','NULL','Expropiacion-complementaria-ambito-reserva-de-equipamento-IA-8-do-PXOM/',1,3,30,'Expropiacion_complementaria_ambito_reserva_de_equipamento_IA_8_do_PXOM.php'),(365,173,7,6,3,'2022-04-26 00:00:00','NULL','Ano-2022/',1,3,29,'Ano_2022.php'),(366,46,7,1,3,'2022-05-18 00:00:00','NULL','Liquidacions-orzamentarias-ano-2021/',1,3,29,'Liquidacions_orzamentarias_ano_2021.php'),(367,49,7,1,3,'2022-05-18 00:00:00','NULL','PMP-ano-2022/',1,3,30,'PMP_ano_2022.php'),(368,95,7,63,3,'2022-05-18 00:00:00','NULL','Estudo-detalle-parcela-B4b01c-Parque-Empresarial-Sionlla/',1,3,29,'Estudo_detalle_parcela_B4b01c_Parque_Empresarial_Sionlla.php'),(369,95,7,64,3,'2022-06-09 00:00:00','NULL','Plan-especial-director-de-ordenacion-e-rehabilitacion-do-Camino-Frances-PE-3/',1,3,29,'Plan_especial_director_de_ordenacion_e_rehabilitacion_do_Camino_Frances_PE-3.php'),(371,95,7,66,3,'2022-09-29 00:00:00','NULL','Inicio-de-avaliacion-ambiental-estratexica-do-P.-infraestruturas-e-dotacions-na-parcela-de-servizos-urbanos-SU-3./',1,3,29,'Inicio_de_avaliacion_ambiental_estratexica_do_P._infraestruturas_e_dotacions_na_parcela_de_servizos_urbanos_SU-3..php'),(372,95,7,67,3,'2022-09-29 00:00:00','NULL','Inicio-de-avaliacion-ambiental-estratexica-da-Modificacion-do-Plan-parcial-do-SUNP-7.-O-Avio/',1,3,29,'Inicio_de_avaliacion_ambiental_estratexica_da_Modificacion_do_Plan_parcial_do_SUNP-7._O_Avio.php'),(373,226,7,14,3,'2022-12-22 00:00:00','NULL','Proxecto-de-Expropiacion-para-a-creacion-dunha-Plataforma-Loxistica-de-Intercambio-de-Mercadorias-na-Parcela-SU-3-do-PXOM-fase-I/',1,3,30,'Proxecto_de_Expropiacion_para_a_creacion_dunha_Plataforma_Loxistica_de_Intercambio_de_Mercadorias_na_Parcela_SU-3_do_PXOM_fase_I.php'),(376,95,7,68,3,'2023-01-13 00:00:00','NULL','20230113135127rehabilitacion-da-igrexa-hospital-psiquiatrico-e-mosteiro-de-Conxo-/',1,3,29,'20230113135127rehabilitacion_da_igrexa_hospital_psiquiatrico_e_mosteiro_de_Conxo_.php'),(377,95,7,69,3,'2023-01-19 00:00:00','NULL','Proxecto-de-equidistribucion-do-PERI-12/',1,3,30,'Proxecto_de_equidistribucion_do_PERI-12.php'),(378,95,7,71,3,'2023-01-20 00:00:00','NULL','rehabilitacion-da-igrexa-hospital-psiquiatrico-e-mosteiro-de-Conxo-/',0,3,29,'rehabilitacion_da_igrexa_hospital_psiquiatrico_e_mosteiro_de_Conxo_.php'),(380,95,7,72,3,'2023-01-26 00:00:00','NULL','Plan-parcial-do-SUD11-Muino-de-Vidan/',1,3,29,'Plan_parcial_do_SUD11_Muino_de_Vidan.php'),(381,95,7,73,3,'2023-02-24 00:00:00','NULL','Estatuto-e-bases-Xunta-de-C---AEI-A-do-PERI-2-Conxo-de-Arriba/',1,3,30,'Estatuto_e_bases_Xunta_de_C___AEI_A_do_PERI_2_Conxo_de_Arriba.php'),(383,95,7,74,3,'2023-03-02 00:00:00','NULL','Anteproxecto-para-o-Centro-de-Prontoterapia-en-Galicia/',1,3,30,'Anteproxecto_para_o_Centro_de_Prontoterapia_en_Galicia.php'),(384,95,7,75,3,'2023-03-09 00:00:00','NULL','Proxecto-reformado-da-Reparcelacion-da-unidade-de-actuacion-UA-2-do-PERI-7.-Ponte-Pedrina/',1,3,30,'Proxecto_reformado_da_Reparcelacion_da_unidade_de_actuacion_UA-2_do_PERI-7._Ponte_Pedrina.php'),(385,136,7,7,3,'2023-04-05 00:00:00','NULL','Subvencions-ano-2023/',1,3,30,'Subvencions_ano_2023.php'),(386,95,7,76,3,'2023-06-06 00:00:00','NULL','Modificacion-puntual-Plan-parcial-SUNP7.-O-Avio/',1,3,29,'Modificacion_puntual_Plan_parcial_SUNP7._O_Avio.php'),(387,95,7,77,3,'2023-06-14 00:00:00','NULL','Estudo--detalle-condicions-esteticas-chales-adosados-na-zona-Z.1-do-SUNP-29-Brandia/',1,3,30,'Estudo__detalle_condicions_esteticas_chales_adosados_na_zona_Z.1_do_SUNP-29_Brandia.php'),(389,264,2,3,4,'2023-06-21 00:00:00','NULL','Rexistro-de-intereses-corporacion-municipal-2019/2023/',0,3,2,'Rexistro_de_intereses_corporacion_municipal_2019/2023.php'),(390,264,2,1,4,'2023-06-21 00:00:00','NULL','Corporacion-Municipal-2019-2023/',1,3,2,'Corporacion_Municipal_2019-2023.php'),(391,95,7,78,3,'2023-06-28 00:00:00','NULL','Proxecto-de-equidistribucion-do-P-40.-A-Rocha/',0,3,29,'Proxecto_de_equidistribucion_do_P-40._A_Rocha.php'),(392,95,7,79,3,'2023-06-28 00:00:00','NULL','PLAN-PARCIAL-DO-SUND-4.-REBORDAOS/',1,3,29,'PLAN_PARCIAL_DO_SUND-4._REBORDAOS.php'),(393,95,7,80,3,'2023-07-05 00:00:00','NULL','PROXECTO-DE-EQUIDISTRIBUCIoN-DO-P40-A-ROCHA/',1,3,30,'PROXECTO_DE_EQUIDISTRIBUCIoN_DO_P40_A_ROCHA.php'),(394,95,7,81,3,'2023-10-16 00:00:00','NULL','Suspension-previa-para-estudo-da-reforma-do-planeamento-vixente-no-ambito-da-OE-6-escolas-de-Maxisterio-en-Xoan-XXIII/',1,3,30,'Suspension_previa_para_estudo_da_reforma_do_planeamento_vixente_no_ambito_da_OE-6_escolas_de_Maxisterio_en_Xoan_XXIII.php'),(395,232,7,1,3,'2023-10-19 00:00:00','NULL','Convocatoria-2023-na-area-de-rexeneracion-e-renovacion-do-barrio-de-Vite/',0,3,30,'Convocatoria_2023_na_area_de_rexeneracion_e_renovacion_do_barrio_de_Vite.php'),(396,95,7,82,3,'2023-12-05 00:00:00','NULL','Modificacion-puntual-do-PXOM-e-do-PE-1-no-ambito-da-parcela-EM-FE-O-Espino/',1,3,29,'Modificacion_puntual_do_PXOM_e_do_PE-1_no_ambito_da_parcela_EM-FE_O_Espino.php'),(398,95,7,83,3,'2023-12-20 00:00:00','NULL','Estudo-de-detalle-da-zona-de-edificacion-universitaria-ZEU-25-do-PE-8/',1,3,29,'Estudo_de_detalle_da_zona_de_edificacion_universitaria_ZEU-25_do_PE-8.php'),(399,95,7,84,3,'2024-01-17 00:00:00','NULL','E.D-accesibilidade-edificios-travesa-da-Choupana/',1,3,29,'E.D_accesibilidade_edificios_travesa_da_Choupana.php'),(400,95,7,85,3,'2024-01-17 00:00:00','NULL','Plan-especial-da-parcela-dotacional-de-servizos-urbanos-SU-4.-Amio---Meixonfrio-/',1,3,29,'Plan_especial_da_parcela_dotacional_de_servizos_urbanos_SU-4._Amio_-_Meixonfrio_.php'),(401,95,7,86,3,'2024-01-19 00:00:00','NULL','Modificacion-da-ficha-A-17-do-Catalogo-do-PXOM.-Rosalia-de-Castro-num.-72-74-76-e-78/',1,3,29,'Modificacion_da_ficha_A_17_do_Catalogo_do_PXOM._Rosalia_de_Castro_num._72_74_76_e_78.php');

--
-- Table structure for table `seccionweb_idiomaweb`
--

CREATE TABLE `seccionweb_idiomaweb` (
  `id_seccionweb` int(11) NOT NULL,
  `id_idiomaweb` int(11) NOT NULL,
  `ref_archivo` int(11) NOT NULL,
  `nombre_seccionweb` tinytext NOT NULL,
  `titulo_seccionweb` tinytext,
  `tags_seccionweb` text,
  `texto_seccionweb` text,
  `alt_seccionweb` varchar(255) DEFAULT NULL,
  PRIMARY KEY (`id_seccionweb`,`id_idiomaweb`),
  KEY `rel_seccionweb_idiomaweb` (`id_seccionweb`),
  KEY `rel_idiomaweb_seccionweb` (`id_idiomaweb`),
  CONSTRAINT `rel_idiomaweb_seccionweb` FOREIGN KEY (`id_idiomaweb`) REFERENCES `idiomaweb` (`id_idiomaweb`) ON DELETE NO ACTION ON UPDATE NO ACTION,
  CONSTRAINT `rel_seccionweb_idiomaweb` FOREIGN KEY (`id_seccionweb`) REFERENCES `seccionweb` (`id_seccionweb`) ON DELETE NO ACTION ON UPDATE NO ACTION
) ENGINE=InnoDB DEFAULT CHARSET=latin1;

--
-- Dumping data for table `seccionweb_idiomaweb`
--

INSERT INTO `seccionweb_idiomaweb` VALUES (1,1,0,'Inicio','Portal de Transparencia do Concello de Santiago de Compostela','','Relaci&oacute;ns&nbsp;coa cidadan&iacute;a, contrataci&oacute;n municipal, corporaci&oacute;n e organizaci&oacute;n municipal, informaci&oacute;n econ&oacute;mica e financeira e normativa municipal do&nbsp;Concello de Santiago de Compostela.<br>',''),(1,2,0,'Inicio','Portal de Transparencia del Concello de Santiago de Compostela','','Relaciones&nbsp;con la ciudadan&iacute;a, contrataci&oacute;n municipal, corporaci&oacute;n y organizaci&oacute;n municipal, informaci&oacute;n econ&oacute;mica y financiera y normativa municipal del Concello de Santiago de Compostela.<br>',''),(2,1,0,'Relacións coa cidadanía','Relacións coa cidadanía - Portal de Transparencia do Concello de Santiago','','Contacto co Concello, &aacute;rea xur&iacute;dica, mapa web, carpeta cidad&aacute;, informaci&oacute;n administrativa, gu&iacute;a de comunicaci&oacute;n e participci&oacute;n cidad&aacute;.<br>',''),(2,2,0,'Relaciones con la ciudadanía','Relaciones con la ciudadanía - Portal de Transparencia del Concello de Santiago','','Contacto con el Concello, &aacute;rea jur&iacute;dica, mapa web, carpeta ciudadana, informaci&oacute;n administrativa, gu&iacute;a de comunicaci&oacute;n y participci&oacute;n ciudadana.<br>',''),(3,1,0,'Contacto co Concello','Contacto co Concello - Portal de Transparencia do Concello de Santiago','','A Oficina de Queixas e suxesti&oacute;ns traballa para que a <strong>Comisi&oacute;ns especial de Reclamaci&oacute;ns e Suxesti&oacute;ns</strong> analice e resolva as deficiencias nos servizos municipais.<br>',''),(3,2,0,'Contacto con el Ayuntamiento','Contacto con el Ayuntamiento - Portal de Transparencia del Concello de Santiago','','La Oficina de Quejas y Sugerencias trabaja para que la <strong>Comisi&oacute;n especial de Reclamaciones y Sugerencias</strong> analice y resuelva las deficiencias en los servicios municipales.<br>',''),(4,1,0,'Queixas e suxestións','','','',''),(4,2,0,'Quejas y sugerencias','','','',''),(5,1,0,'Comunicación de incidencias','','','',''),(5,2,0,'Comunicación de incidencias','','','',''),(6,1,0,'Liña directa cos Departamentos','','','',''),(6,2,0,'Línea directa con los Departamentos','','','',''),(7,1,0,'Liña directa co seu Alcalde','','','',''),(7,2,0,'Línea directa con su Alcalde','','','',''),(8,1,0,'Solicitude de información','','','',''),(8,2,0,'Solicitud de información','','','',''),(9,1,0,'Área xurídica','Área xurídica - Portal de Transparencia do Concello de Santiago','','Informaci&oacute;n sobre a &aacute;rea xur&iacute;dica do Concello de Santiago de Compostela.<br>',''),(9,2,0,'Área jurídica','Área jurídica - Portal de Transparencia del Concello de Santiago','','Informaci&oacute;n sobre el &aacute;rea jur&iacute;dica del Concello de Santiago de Compostela.<br>',''),(10,1,0,'Mapa web','','','',''),(10,2,0,'Mapa web','','','',''),(11,1,0,'Carpeta cidadá','','','',''),(11,2,0,'Carpeta ciudadana','','','',''),(12,1,0,'Información administrativa','Información administrativa - Portal de Transparencia do Concello de Santiago','','Informaci&oacute;n administrativa do Concello de Santiago de Compostela.<br>',''),(12,2,0,'Información administrativa','Información administrativa - Portal de Transparencia del Concello de Santiago','','Informaci&oacute;n administrativa del Concello de Santiago de Compostela.<br>',''),(13,1,0,'Servizos, trámites e impresos','','','',''),(13,2,0,'Servicios, trámites e impresos','','','',''),(14,1,0,'Anuncios municipais','','','',''),(14,2,0,'Anuncios municipales','','','',''),(15,1,0,'Boletíns oficiais','Boletíns oficiais - Portal de Transparencia do Concello de Santiago','','Ligaz&oacute;ns&nbsp;ao Bolet&iacute;n Oficial Provincial de A Coru&ntilde;a, ao Bolet&iacute;n Oficial do Estado e ao Diario Oficial da Uni&oacute;n Europea.<br>',''),(15,2,0,'Boletines oficiales','Boletines oficiales - Portal de Transparencia del Concello de Santiago','','Enlaces al&nbsp;Bolet&iacute;n Oficial Provincial de A Coru&ntilde;a, al Bolet&iacute;n Oficial del Estado y al Diario Oficial de la Uni&oacute;n Europea.<br>',''),(16,1,0,'Guía de comunicación','','','',''),(16,2,0,'Guía de comunicación','','','',''),(17,1,0,'Participación cidadá','Participación cidadá - Portal de Transparencia do Concello de Santiago','','Informaci&oacute;n sobre participaci&oacute;n cidad&aacute;&nbsp;no&nbsp;Concello de Santiago de Compostela.<br>',''),(17,2,0,'Participación ciudadana','Participación ciudadana - Portal de Transparencia del Concello de Santiago','','Informaci&oacute;n sobre participaci&oacute;n ciudadana en el Concello de Santiago de Compostela.<br>',''),(18,1,0,'Foros','','','',''),(18,2,0,'Foros','','','',''),(19,1,0,'Comunicación de incidencias','','','',''),(19,2,0,'Comunicación de incidencias','','','',''),(20,1,0,'Queixas e suxestións','','','',''),(20,2,0,'Quejas y sugerencias','','','',''),(21,1,0,'Rexistro de asociacións do Concello de Santiago','Asociacións - Portal de Transparencia do Concello de Santiago','','Rexistro de asociaci&oacute;ns do Concello de Santiago de Compostela.<br>',''),(21,2,0,'Registro de asociaciones del Ayuntamiento de Santiago','Asociaciones - Portal de Transparencia do Concello de Santiago','','Registro de asociaciones del Ayuntamiento de Santiago de Compostela.<br>',''),(22,1,0,'Redes sociais','Redes Sociais - Portal de Transparencia do Concello de Santiago','','Canles en redes sociais oficiais do Concello de Santiago de Compostela.<br>',''),(22,2,0,'Redes sociales','Redes Sociales - Portal de Transparencia del Concello de Santiago','','Canales en redes sociales oficiales del Concello de Santiago de Compostela.<br>',''),(23,1,0,'Contratación Municipal','Contratación Municipal - Portal de Transparencia do Concello de Santiago','','Perfil do contratante, relaci&oacute;n de contratos menores, contratos plurianuais e informaci&oacute;n de empresas que concurriron &aacute;s licitaci&oacute;ns de contratos p&uacute;blicos.<br>',''),(23,2,0,'Contratación Municipal','Contratación Municipal - Portal de Transparencia del Concello de Santiago','','Perfil del contratante, relaci&oacute;n de contratos menores, contratos plurianuales e informaci&oacute;n de empresas que concurrieron a las licitaciones de contratos p&uacute;blicos.<br>',''),(24,1,0,'Perfil de contratante','','','',''),(24,2,0,'Perfil de contratante','','','',''),(25,1,0,'Relación de contratos menores','Contratos menores - Portal de Transparencia do Concello de Santiago','','Relaci&oacute;n de contratos menores asinados&nbsp;polo Concello de Santiago clasificados por exercicio anual.<br>',''),(25,2,0,'Relación de contratos menores','Contratos menores - Portal de Transparencia del Concello de Santiago','','Relaci&oacute;n de contratos menores&nbsp;firmados por el Concello de Santiago clasificados por ejercicio anual.<br>',''),(26,1,0,'Contratos plurianuais','Contratos plurianuais - Portal de Transparencia do Concello de Santiago','','Relaci&oacute;n de contratos plurianuais asinados&nbsp;polo Concello de Santiago de Compostela.<br>',''),(26,2,0,'Contratos plurianuales','Contratos plurianuales - Portal de Transparencia del Concello de Santiago','','Relaci&oacute;n de contratos plurianuales firmados por el Concello de Santiago de Compostela.<br>',''),(27,1,0,'Listaxe de contratos, modificacións e actas','Listaxe de contratos, modificacións e actas - Portal de Transparencia do Concello de Santiago','','Informaci&oacute;n sobre contratos, modificaci&oacute;ns e actas &nbsp;do Concello de Santiago de Compostela.<br>',''),(27,2,0,'Listado de contratos, modificaciones y actas','Listado de contratos, modificaciones y actas - Portal de Transparencia del Concello de Santiago','','Informaci&oacute;n sobre contratos, modificaciones y actas&nbsp;del Concello de Santiago de Compostela.<br>',''),(28,1,0,'Corporación e organización municipal','Corporación municipal - Portal de Transparencia do Concello de Santiago','','Informaci&oacute;n sobre a corporaci&oacute;n e organizaci&oacute;n municipal, &oacute;rganos de goberno, persoal municipal e rexistro de intereses do Concello de Santiago de Compostela.<br>',''),(28,2,0,'Corporación y organización municipal','Corporación municipal - Portal de Transparencia del Concello de Santiago','','Informaci&oacute;n sobre la corporaci&oacute;n y organizaci&oacute;n municipal, &oacute;rganos de gobierno, personal municipal y registro de intereses del Concello de Santiago de Compostela.<br>',''),(29,1,0,'Órganos de goberno','','','',''),(29,2,0,'Órganos de gobierno','','','',''),(30,1,0,'Alcaldía','','','',''),(30,2,0,'Alcaldía','','','',''),(31,1,0,'Concellarías e grupos municipais','','','',''),(31,2,0,'Concejalías y grupos municipales','','','',''),(32,1,0,'Comisión informativas','','','',''),(32,2,0,'Comisiones informativas','','','',''),(33,1,0,'Pleno','','','',''),(33,2,0,'Pleno','','','',''),(34,1,0,'Información xeral','','','',''),(34,2,0,'Información general','','','',''),(35,1,0,'Ordes do día','Ordes do pleno - Portal de Transparencia do Concello de Santiago','','Ordes&nbsp;do d&iacute;a do pleno municipal do Concello de Santiago de Compostela organizados por ano.<br>',''),(35,2,0,'Órdenes del día','Órdenes del día - Portal de Transparencia del Concello de Santiago','','&Oacute;rdenes del d&iacute;a del pleno municipal del Concello de Santiago de Compostela organizados por a&ntilde;o.<br>',''),(36,1,0,'Actas dos plenos','Actas dos plenos - Portal de Transparencia do Concello de Santiago de Compostela','','Actas dos plenos municipais do Concello de Santiago de Compostela organizados por ano.<br>',''),(36,2,0,'Actas de los plenos','Actas de los plenos - Portal de Transparencia del Concello de Santiago de Compostela','','Actas de los plenos municipales del Concello de Santiago de Compostela organizados por a&ntilde;o.<br>',''),(37,1,0,'Xunta de Goberno Local','','','',''),(37,2,0,'Junta de Gobierno Local','','','',''),(38,1,0,'Información xeral','','','',''),(38,2,0,'Información general','','','',''),(39,1,0,'Ordes do día','Ordes do día - Portal de Transparencia do Concello de Santiago','','Ordes&nbsp;do d&iacute;a da Xunta de Goberno municipal do Concello de Santiago de Compostela, organizadas por ano.<br>',''),(39,2,0,'Órdenes del día','Órdenes del día - Portal de Transparencia del Concello de Santiago','','&Oacute;rdenes del d&iacute;a de la Junta de Gobierno municipal del Concello de Santiago de Compostela, organizadas por a&ntilde;o.<br>',''),(40,1,0,'Concellarías','','','',''),(40,2,0,'Concejalías','','','',''),(41,1,0,'Grupos municipais','','','',''),(41,2,0,'Grupos municipales','','','',''),(42,1,0,'Resumos da xunta de goberno local','Xunta de goberno - Portal de Transparencia do Concello de Santiago','','Resumos da xunta de goberno local do Concello de Santiago de Compostela, organizadas por ano.<br>',''),(42,2,0,'Resúmenes de la junta de gobierno local','Junta de gobierno - Portal de Transparencia del Concello de Santiago','','Res&uacute;menes de la junta de gobierno local del Concello de Santiago de Compostela, organizadas por a&ntilde;o.<br>',''),(43,1,0,'Organización municipal','Organización municipal - Portal de Transparencia do Concello de Santiago','','Organigrama do persoal municipal do Concello de Santiago de Compostela, organizado por &aacute;reas e departamentos.<br>',''),(43,2,0,'Organización municipal','Organización municipal - Portal de Transparencia del Concello de Santiago','','Organigrama del personal municipal del Concello de Santiago de Compostela, organizado por &aacute;reas y departamentos.<br>',''),(44,1,0,'Información económica e financeira','Información económica - Portal de Transparencia do Concello de Santiago','','Informaci&oacute;n econ&oacute;mica e financeira do Concello de Santiago de Compostela: orzamentos, liquidaci&oacute;ns orzamentarias, contas anuais...<br>',''),(44,2,0,'Información económica y financiera','Información económica - Portal de Transparencia del Concello de Santiago','','Informaci&oacute;n econ&oacute;mica y financiera del Concello de Santiago de Compostela: presupuestos, liquidaciones presupuestarias, cuentas anuales...<br>',''),(45,1,0,'Orzamentos','Orzamentos - Portal de Transparencia do Concello de Santiago','','Orzamentos&nbsp;do Concello de Santiago de Compostela, organizados por exercicio econ&oacute;mico.<br>',''),(45,2,0,'Presupuestos','Presupuestos - Portal de Transparencia del Concello de Santiago','','Presupuestos del Concello de Santiago de Compostela, organizados por ejercicio econ&oacute;mico.<br>',''),(46,1,0,'Liquidacións orzamentarias','Liquidacións orzamentarias - Portal de Transparencia do Concello de Santiago','','Liquidaci&oacute;ns orzamentarias&nbsp;do Concello de Santiago de Compostela, organizados por exercicio econ&oacute;mico.<br>',''),(46,2,0,'Liquidaciones presupuestarias','Liquidaciones presupuestarias - Portal de Transparencia del Concello de Santiago','','Liquidaciones presupuestarias del Concello de Santiago de Compostela, organizados por ejercicio econ&oacute;mico.<br>',''),(47,1,0,'Cancelación Plan de Axuste','Cancelación Plan de Axuste - Portal de Transparencia do Concello de Santiago','','',''),(47,2,0,'Cancelación Plan de Ajuste','Cancelación Plan de Axuste - Portal de Transparencia do Concello de Santiago','','',''),(48,1,0,' Informes e documentos',' Informes e documentos - Portal de Transparencia do Concello de Santiago','','&nbsp;Informes e documentos para descargar no&nbsp;Portal de Transparencia do Concello de Santiago.<br>',''),(48,2,0,' Informes y documentos',' Informes y documentos - Portal de Transparencia del Concello de Santiago','','&nbsp;Informes y documentos para descargar en el Portal de Transparencia del Concello de Santiago.<br>',''),(49,1,0,'Período medio de pago','Período medio de pago - Portal de Transparencia do Concello de Santiago','','Per&iacute;odo medio de pago do Concello de Santiago de Compostela aos seus provedores.<br>',''),(49,2,0,'Período medio de pago','Período medio de pago - Portal de Transparencia del Concello de Santiago','','Per&iacute;odo medio de pago del Concello de Santiago de&nbsp;Compostela a sus proveedores.<br>',''),(50,1,0,'Contas anuais','','','',''),(50,2,0,'Cuentas anuales','','','',''),(51,1,0,'Contas anuais 2014','Contas anuais 2014 - Portal de Transparencia do Concello de Santiago','','Contas anuais do Concello de Santiago de Compostela para descargar.<br>',''),(51,2,0,'Cuentas anuales 2014','Cuentas anuales 2014 - Portal de Transparencia del Concello de Santiago','','Cuentas anuales del Concello de Santiago de Compostela para descargar.<br>',''),(52,1,0,'Contas anuais 2010','Contas anuais 2010 - Portal de Transparencia do Concello de Santiago','','',''),(52,2,0,'Cuentas anuales 2010','Cuentas anuales 2010 - Portal de Transparencia do Concello de Santiago','','',''),(53,1,0,'Contas anuais 2011','Contas anuais 2011 - Portal de Transparencia do Concello de Santiago','','',''),(53,2,0,'Cuentas anuales 2011','Cuentas anuales 2011 - Portal de Transparencia del Concello de Santiago','','',''),(54,1,0,'Contas anuais 2013','Contas anuais 2013 - Portal de Transparencia do Concello de Santiago','','',''),(54,2,0,'Cuentas anuales 2013','Cuentas anuales 2013 - Portal de Transparencia del Concello de Santiago','','',''),(55,1,0,'Estado da débeda e indicadores','Estado da débeda - Portal de Transparencia do Concello de Santiago','','Estado da d&eacute;beda e indicadores do Concello de Santiago de Compostela.<br>',''),(55,2,0,'Estado de la deuda e indicadores','Estado de la deuda - Portal de Transparencia del Concello de Santiago','','Estado de la deuda e indicadores del Concello de Santiago de Compostela.<br>',''),(56,1,0,'Estado da situación das finanzas locais','Estado finanzas - Portal de Transparencia do Concello de Santiago','','Estado da situaci&oacute;n das finanzas locais do Concello de Santiago de Compostela.<br>',''),(56,2,0,'Estado de la situación de las finanzas locales','Estado finanzas - Portal de Transparencia del Concello de Santiago','','Estado da situaci&oacute;n das finanzas locais do Concello de Santiago de Compostela.<br>',''),(57,1,0,'Normativa municipal','Normativa municipal - Portal de Transparencia do Concello de Santiago','','Bandos, normativa xeral, ordenanzas fiscais, normativa municipal en tramitaci&oacute;n, normativa xeral derrogada do Concello de Santiago de Compostela.<br>',''),(57,2,0,'Normativa municipal','Normativa municipal - Portal de Transparencia del Concello de Santiago','','Bandos, normativa xeral, ordenanzas fiscais, normativa municipal en tramitaci&oacute;n, normativa xeral derrogada do Concello de Santiago de Compostela.<br>',''),(58,1,0,'Bandos','','','',''),(58,2,0,'Bandos','','','',''),(59,1,0,'Rexistro de intereses','Rexistro de intereses - Portal de Transparencia do Concello de Santiago','','Rexistro de intereses e declaraci&oacute;n de bens patrimoniais da corporaci&oacute;n municipal e alto persoal municipal.<br>',''),(59,2,0,'Registro de intereses','Registro de intereses - Portal de Transparencia del Concello de Santiago','','Registro de intereses y declaraci&oacute;n de bienes patrimoniales de la corporaci&oacute;n municipal y alto personal municipal.<br>',''),(60,1,0,'Normativa xeral','Normativa xeral - Portal de Transparencia do Concello de Santiago','','Normativa xeral do Concello de Santiago de Compostela categorizado por &aacute;reas e departamentos.<br>',''),(60,2,0,'Normativa general','Normativa general - Portal de Transparencia del Ayuntamiento de Santiago','','Normativa general del&nbsp;Ayuntamiento&nbsp;de Santiago de Compostela categorizado por &aacute;reas y&nbsp;departamentos.<br>',''),(61,1,0,'Ordenanzas fiscais','Ordenanzas fiscais - Portal de Transparencia do Concello de Santiago','','Ordenanzas fiscais do Concello de Santiago de Compostela, categorizados por ano.<br>',''),(61,2,0,'Ordenanzas fiscales','Ordenanzas fiscales - Portal de Transparencia del Concello de Santiago','','Ordenanzas fiscales del Concello de Santiago de Compostela, categorizados por a&ntilde;o.<br>',''),(62,1,0,'Normativa municipal en tramitación','Normativa municipal en tramitación ','','Normativa municipal en tramitaci&oacute;n do Concello de Santiago de Compostela.<br>',''),(62,2,0,'Normativa municipal en tramitación','Normativa municipal en tramitación ','','Normativa municipal en tramitaci&oacute;n del Concello de Santiago de Compostela.<br>',''),(63,1,0,'Normativa xeral derrogada','Normativa xeral derrogada - Portal de Transparencia del Concello de Santiago','','',''),(63,2,0,'Normativa general derogada','Normativa general derrogada - Portal de Transparencia del Concello de Santiago','','',''),(64,1,0,'Urbanismo e Obras Públicas','Urbanismo e Obras Públicas - Portal de Transparencia do Concello de Santiago','','Plans de urbanismo e obras p&uacute;blicas, parques e xard&iacute;ns, medio ambiente, planeamento, proxectos e obras, cidade hist&oacute;rica, espazos urbanos e rehabilitaci&oacute;n do Concello de Santiago de Compostela.<br>',''),(64,2,0,'Urbanismo y Obras Públicas','Urbanismo y Obras Públicas - Portal de Transparencia del Concello de Santiago','','Planes de urbanismo y obras p&uacute;blicas, parques y jardines, medio ambiente, planeamiento, proyectos y obras, ciudad hist&oacute;rica, espacios urbanos y rehabilitaci&oacute;n del Concello de Santiago de Compostela.<br>',''),(65,1,0,'Urbanismo','','','',''),(65,2,0,'Planes de urbanismo y obras públicas','','','',''),(66,1,0,'Parques e Xardíns','','','',''),(66,2,0,'Parques y Jardines','','','',''),(67,1,0,'Medio ambiente','','','',''),(67,2,0,'Medio ambiente','','','',''),(68,1,0,'Planeamento sección pai vella','','','',''),(68,2,0,'Planeamiento','','','',''),(69,1,0,'Proxectos e Obras   ','','','',''),(69,2,0,'Proyectos y Obras   ','','','',''),(70,1,0,'Cidade Histórica, espazos urbanos e rehabilitación','','','',''),(70,2,0,'Ciudad Histórica, espacios urbanos y rehabilitación','','','',''),(71,1,0,'Aviso legal','Aviso legal - Portal de Transparencia do Concello de Santiago','','Aviso legal, condici&oacute;ns de uso,&nbsp;protecci&oacute;n de datos e pol&iacute;tica de cookies do Portal de Transparencia do Concello de Santiago.<br>',''),(71,2,0,'Aviso legal','Aviso legal - Portal de Transparencia del Concello de Santiago','','Aviso legal, condiciones de uso,&nbsp;protecci&oacute;n de datos y pol&iacute;tica de cookies do Portal de Transparencia do Concello de Santiago.<br>',''),(72,1,0,'Accesibilidade','Accesibilidade - Portal de Transparencia do Concello de Santiago','','Cumprimento de est&aacute;ndares de accesibilidade do Portal de Transparencia do Concello de Santiago de Compostela.<br>',''),(72,2,0,'Accesibilidad','Accesibilidad - Portal de Transparencia del Concello de Santiago','','Cumplimiento de est&aacute;ndares de accesibilidad del Portal de Transparencia del Concello de Santiago de Compostela.<br>',''),(73,1,0,'Preguntas frecuentes','Preguntas frecuentes do Portal de Transparencia','','Preguntas frecuentes do&amp;nbspPortal de Transparencia do Concello de Santiago de Compostela<br>',''),(73,2,0,'Preguntas frecuentes','Preguntas frecuentes del Portal de Transparencia ','','Preguntas frecuentes del Portal de Transparencia del&nbsp;Ayuntamiento&nbsp;de Santiago de Compostela<br>',''),(74,1,0,'Orzamentos 2016','','','',''),(74,2,0,'Presupuestos 2016','','','',''),(75,1,0,'Orzamentos 2015','','','',''),(75,2,0,'Presupuestos 2015','','','',''),(76,1,0,'Orzamentos 2014','','','',''),(76,2,0,'Presupuestos 2014','','','',''),(77,1,0,'Orzamentos 2013','','','',''),(77,2,0,'Presupuestos 2013','','','',''),(78,1,0,'Orzamentos 2012','','','',''),(78,2,0,'Presupuestos 2012','','','',''),(79,1,0,'Orzamentos 2011','','','',''),(79,2,0,'Presupuestos 2011','','','',''),(80,1,0,'Orzamentos 2010','','','',''),(80,2,0,'Presupuestos 2010','','','',''),(81,1,0,'Orzamentos 2009','','','',''),(81,2,0,'Presupuestos 2009','','','',''),(82,1,0,'Orzamentos 2008','','','',''),(82,2,0,'Presupuestos 2008','','','',''),(83,1,0,'Orzamentos 2007','','','',''),(83,2,0,'Presupuestos 2007','','','',''),(84,1,0,'Orzamentos 2006','','','',''),(84,2,0,'Presupuestos 2006','','','',''),(85,1,0,'Liquidación orzamento Concello ano 2014','','','',''),(85,2,0,'Liquidación presupuesto Ayuntamiento año 2014','','','',''),(86,1,0,'Liquidación orzamento Concello ano 2013','','','',''),(86,2,0,'Liquidación presupuesto Ayuntamiento año 2013','','','',''),(87,1,0,'Liquidación orzamento Concello ano 2012','','','',''),(87,2,0,'Liquidación presupuesto Ayuntamiento año 2012','','','',''),(88,1,0,'Liquidación orzamento Concello ano 2011','','','',''),(88,2,0,'Liquidación presupuesto Ayuntamiento año 2011','','','',''),(89,1,0,'Liquidación orzamento Concello ano 2010','','','',''),(89,2,0,'Liquidación presupuesto Ayuntamiento año 2010','','','',''),(90,1,0,'Liquidación orzamento Concello ano 2009','','','',''),(90,2,0,'Liquidación presupuesto Ayuntamiento año 2009','','','',''),(91,1,0,'Liquidación orzamento Concello ano 2015','Liquidación orzamento Concello ano 2015','','',''),(91,2,0,'Liquidación presupuesto Ayuntamiento año 2015','Liquidación presupuesto Ayuntamiento año 2015','','',''),(92,1,0,'Liquidación orzamento Auditorio ano 2015','Liquidación orzamento Auditorio ano 2015','','',''),(92,2,0,'Liquidación presupuesto Auditorio año 2015','Liquidación presupuesto Auditorio año 2015','','',''),(93,1,0,'Arquivos de vídeo','','','',''),(93,2,0,'Archivos de vídeo','','','',''),(94,1,0,'Planeamento vello','Planeamento','','',''),(94,2,0,'Planeamiento','Planeamiento','','',''),(95,1,0,'Planeamento','Planeamento','','',''),(95,2,0,'Planeamiento','Planeamiento','','',''),(96,1,0,'Proxectos e Obras vello','Proxectos e Obras','','',''),(96,2,0,'Proyectos y Obras','Proyectos y Obras','','',''),(97,1,0,'Urbana Santiago Norte','Urbana Santiago Norte','','',''),(97,2,0,'Urbana Santiago Norte','Urbana Santiago Norte','','',''),(98,1,0,'Proxectos e obras municipais','Proxectos e obras municipais','','',''),(98,2,0,'Proyectos y obras municipales','Proyectos y obras municipales','','',''),(99,1,0,'Orzamento Aberto','Orzamento Aberto','','',''),(99,2,0,'Presupuesto Abierto','Presupuesto Abierto','','',''),(100,1,0,'Relación terrazas autorizadas 19-01-2016','Relación terrazas autorizadas 19-01-2016','','',''),(100,2,0,'Relación terrazas autorizadas 19-01-2016','Relación terrazas autorizadas 19-01-2016 ','','',''),(101,1,0,'Rochaforte','Rochaforte','','',''),(101,2,0,'Rochaforte','Rochaforte','','',''),(102,1,0,'PMP anos anteriores a 2015','','','',''),(102,2,0,'PMP años anteriores a 2015','','','',''),(103,1,0,'PMP ano 2015','','','',''),(103,2,0,'PMP año 2015','','','',''),(104,1,0,'PMP ano 2016','','','',''),(104,2,0,'PMP año 2016','','','',''),(105,1,0,'Documentos relativos ao cálculo do período medio de pago','Documentos relativos ao cálculo do período medio de pago','','',''),(105,2,0,'Documentos relativos aL cálculo dEL período medio de pago','Documentos relativos aL cálculo dEL período medio de pago','','',''),(106,1,0,'Datos de organismos municipais ou con participación do Concello','Datos de organismos municipais ou con participación do Concello','','Datos de organismos municipais ou con participaci&oacute;n do Concello de Santiago de Compostela<br>',''),(106,2,0,'Datos de organismos municipales o con participación del Ayuntamiento','Datos de organismos municipales o con participación del Ayuntamiento','','Datos de organismos municipales o con participaci&oacute;n del Ayuntamiento de Santiago de Compostela<br>',''),(107,1,0,'Subvencións concedidas polo Concello ','Subvencións concedidas polo Concello ','Subvenci&oacute;ns concedidas polo Concello&nbsp;de Santiago de Compostela<br>','',''),(107,2,0,'Subvenciones concedidas por el Ayuntamiento','Subvenciones concedidas por el Ayuntamiento','Subvenciones concedidas por el Ayuntamiento de Santiago de Compostela<br>','',''),(108,1,0,'Contas anuais 2015','Contas anuais 2015 - Portal de Transparencia do Concello de Santiago','','Contas anuais do Concello de Santiago de Compostela para descargar.<br>',''),(108,2,0,'Cuentas anuales 2015','Cuentas anuales 2015 - Portal de Transparencia del Ayuntamiento de Santiago','','Cuentas anuales del Ayuntamiento de Santiago de Compostela para descargar.<br>',''),(109,1,0,'Outros datos de interese económico','Outros datos de interese económico','','',''),(109,2,0,'Otros datos de interés económico','Otros datos de interés económico','','',''),(110,1,0,'Centro de Interpretación Ambiental de Compostela (CIAC)','Centro de Interpretación Ambiental de Compostela (CIAC)','','',''),(110,2,0,'Centro de Interpretación Ambiental de Compostela (CIAC)','Centro de Interpretación Ambiental de Compostela (CIAC)','','',''),(111,1,0,'Servizo de Lacería','Servizo de Lacería','Servizo de Lacer&iacute;a do Concello de Santiago de Compostela<br>','',''),(111,2,0,'Servicio de Perrera','Servicio de Perrera','Servicio de Perrera&nbsp;do Concello de Santiago de Compostela<br /><br /><br>','',''),(112,1,0,'Plans urbanísticos','Plans urbanísticos','','',''),(112,2,0,'Planes urbanísticos','Planes urbanísticos','','',''),(113,1,0,'Punto Limpo','Punto Limpo','','Servizo de parque de reciclaxe Punto Limpo do Concello de Santiago<br>',''),(113,2,0,'Punto Limpio','Punto Limpio','','Servicio de parque de reciclaje Punto Limpio del&nbsp;Ayuntamiento de Santiago<br>',''),(114,1,0,'Consello de Medio Ambiente','Consello de Medio Ambiente','Consello de Medio Ambiente - Concello de Santiago de Compostela<br>','',''),(114,2,0,'Consejo de Medio Ambiente','Consejo de Medio Ambiente','Consejo de Medio Ambiente - Ayuntamiento&nbsp;de Santiago de Compostela<br>','',''),(115,1,0,'Zonas verdes','Zonas verdes','','',''),(115,2,0,'Zonas verdes','Zonas verdes','','',''),(116,1,0,'Itinerario Verde','Itinerario Verde','','Proxecto para a comunicaci&oacute;n entre s&iacute; dos principais espazos verdes urbanos, parques e xard&iacute;ns, cami&ntilde;os rurais e forestais do Concello de Sanatiago.<br>',''),(116,2,0,'Itinerario Verde','Itinerario Verde','','Proyecto para la comunicaci&oacute;n entre s&iacute; de los principales espacios verdes urbanos, parques y&nbsp;jardines, caminos rurales y&nbsp;forestales&nbsp;del&nbsp;Ayuntamiento de Sanatiago.<br>',''),(117,1,0,'Parques','Parques','','Parques Infat&iacute;s situados nas Zonas Verdes do Concello de Santiago<br>',''),(117,2,0,'Parques','Parques','','Parques Infatiles situados en las &nbsp;Zonas Verdes del&nbsp;Ayuntamiento de Santiago<br>',''),(118,1,0,'Áreas deportivas','Áreas deportivas','','&Aacute;reas Deportivas descubertas situadas nos espazos verdes do Concello de Santiago<br>',''),(118,2,0,'Áreas deportivas','Áreas deportivas','','&Aacute;reas Deportivas descubiertas situadas en los espacios verdes del&nbsp;Ayuntamiento de Santiago<br>',''),(119,1,0,'Convenios','Convenios','','Convenios do&nbsp;Concello de Santiago de Compostela<br>',''),(119,2,0,'Convenios','Convenios','','Convenios del Ayuntamiento de Santiago de Compostela<br>',''),(120,1,0,'Relación de postos de traballo','','','',''),(120,2,0,'Relación de puestos de trabajo','','','',''),(121,1,0,'Estrutura orgánica e funcional básica do Concello','Estrutura orgánica e funcional básica do Concello','','',''),(121,2,0,'Estructura orgánica y funcional básica del Ayuntamiento','Estructura orgánica y funcional básica del Ayuntamiento','','',''),(122,1,0,'Retribucións','','','',''),(122,2,0,'Retribucións','','','',''),(123,1,0,'2016. Modificacións Orzamentarias','','','',''),(123,2,0,'2016. Modificaciones Presupuestarias','','','',''),(124,1,0,'Estados de execución orzamentaria','Execución orzamentaria','','',''),(124,2,0,'Estados de ejecución presupuestaria','Ejecución presupuestaria','','',''),(125,1,0,'Recoñecementos de compatibilidade de altos cargos','','','',''),(125,2,0,'Reconocimientos de compatibilidad de altos cargos','','','',''),(126,1,0,'Plans e programas plurianuais','','','',''),(126,2,0,'Planes y programas plurianuales','','','',''),(127,1,0,'Relación de vehículos oficiais adscritos ao Concello','','','',''),(127,2,0,'Relación de vehículos oficiales adscritos al Ayuntamiento','','','',''),(128,1,0,'Políticas, programas e outros estudos de Medio Ambiente','','','',''),(128,2,0,'Políticas, programas y otros estudios de Medio Ambiente','','','',''),(129,1,0,'Dereito de acceso á información','Dereito de acceso á información','','Informaci&oacute;n sobre o dereito de acceso &aacute; informaci&oacute;n do Portal de Transparencia do Concello de Santiago de Compostela<br>',''),(129,2,0,'Derecho de acceso a la información','Derecho de acceso a la información','','Informaci&oacute;n sobre el&nbsp;derecho de acceso a la&nbsp;informaci&oacute;n del Portal de Transparencia del&nbsp;Ayuntamiento&nbsp;de Santiago de Compostela<br>',''),(130,1,0,'Catálogo de procedementos','Catálogo de procedementos ','','Informaci&oacute;n do cat&aacute;logo de procedementos e tr&aacute;mites&nbsp;do Portal de Transparencia do Concello de Santiago de Compostela<br>',''),(130,2,0,'Catálogo de procedimientos','Catálogo de procedimientos','','Informaci&oacute;n del&nbsp;cat&aacute;logo de procedimientos&nbsp;y tr&aacute;mites&nbsp;del Portal de Transparencia del&nbsp;Ayuntamiento de Santiago de Compostela<br>',''),(131,1,0,'Relación de inmobles','Relación de inmobles concelleiros do Concello de Santiago de Compostela','','Relaci&oacute;n de inmobles concelleiros. Corporaci&oacute;n e organizaci&oacute;n municipal do Portal de Transparencia do Concello de Santiago de Compostela<br>',''),(131,2,0,'Relación de inmuebles','Relación de inmuebles concejales del Ayunyamiento de Santiago de Compostela','','Relaci&oacute;n de inmuebles concejales. Corporaci&oacute;n y organizaci&oacute;n municipal dwl Portal de Transparencia del Ayunyamiento de Santiago de Compostela<br>',''),(132,1,0,'Mapa web Portal de Transparencia do Concello de Santiago de Compostela','Mapa web Portal de Transparencia do Concello de Santiago de Compostela','','Relaci&oacute;ns coa cidadan&iacute;a, contrataci&oacute;n municipal, corporaci&oacute;n e organizaci&oacute;n municipal, informaci&oacute;n econ&oacute;mica e financeira e normativa municipal do Concello de Santiago de Compostela.<br>',''),(132,2,0,'Mapa web Portal de Transparencia del Auntamiento de Santiago de Compostela','Mapa web Portal de Transparencia del Auntamiento de Santiago de Compostela','','Portal de Transparencia del Auntamiento de Santiago de Compostela<br>Relaciones con la ciudadan&iacute;a,y contrataci&oacute;n municipal, corporaci&oacute;n y organizaci&oacute;n municipal, informaci&oacute;n econ&oacute;mica y financiera y normativa municipal del Concello de Santiago de Compostel<br>',''),(133,1,0,'Execución axudas de custo e gastos locomoción órganos de goberno','Execución axudas de custo e gastos locomoción órganos de goberno','','Execuci&oacute;n axudas de custo e gastos locomoci&oacute;n &oacute;rganos de goberno do Portal de Transparencia do Concello de Santiago de Compostela<br>',''),(133,2,0,'Ejecución ayudas de coste y gastos locomoción órganos de gobierno','Ejecución ayudas de coste y gastos locomoción órganos de gobierno','','Ejecuci&oacute;n ayudas de coste y gastos locomoci&oacute;n &oacute;rganos de gobierno del Portal de Transparencia del Ayuntamiento de Santiago de Compostela<br>',''),(134,1,0,'Execución axudas económicas a grupos políticos','Execución axudas económicas a grupos políticos - Portal de Transparencia do Concello de Santiago','','Execuci&oacute;n axudas econ&oacute;micas a grupos pol&iacute;ticosdo Concello de Santiago<br>',''),(134,2,0,'Ejecución ayudas económicas a grupos políticos','Ejecución ayudas económicas a grupos políticos - Portal de Transparencia del Ayuntamiento de Santiago','','Ejecuci&oacute;n ayudas econ&oacute;micas a grupos pol&iacute;ticos del&nbsp;Ayuntamiento de Santiago<br>',''),(135,1,0,'Subministradores, custos e servizos','Subministradores, custos e servizos - Portal de Transparencia do Concello de Santiago','Subministradores, custos e servizos do Concello de Santiago','',''),(135,2,0,'Suministradores, costes y servicios','Suministradores, costes y servicios - Portal de Transparencia del Ayuntamiento de Santiago','Suministradores, costes y&nbsp;servicios del&nbsp;Ayuntamiento de Santiago<br>','',''),(136,1,0,'Subvencións concedidas polo Concello','Subvencións concedidas polo Concello  - Portal de Transparencia do Concello de Santiago','','Subvenci&oacute;ns concedidas polo Concello de Santiago de Compostela<br>',''),(136,2,0,'Subvenciones concedidas por el Ayuntamiento ','Subvenciones concedidas por el Ayuntamiento  - Portal de Transparencia del Ayuntamiento de Santiago','','Subvenciones&nbsp;concedidas por el Ayuntamiento de Santiago de Compostela.<br>',''),(137,1,0,'Regulamento de participación cidadá e outras','Regulamento de participación cidadá e outras','','',''),(137,2,0,'Reglamento de participación ciudadana y otras','Reglamento de participación ciudadana y otras','','',''),(138,1,0,'Compostela Decide: Orzamentos participativos','Compostela Decide: Orzamentos participativos','','',''),(138,2,0,'Compostela Decide: Orzamentos participativos','Compostela Decide: Orzamentos participativos','','',''),(139,1,0,'Persoal de entes instrumentais e sociedades municipais','Persoal de entes instrumentais e sociedades municipais  - Portal de Transparencia do Concello de Santiago','','Persoal de entes instrumentais e sociedades municipais do Concello de Santiago de Compostela<br>',''),(139,2,0,' Personal de entes instrumentales y sociedades municipales - Portal de Transparencia del Ayuntamiento de Santiago',' Personal de entes instrumentales y sociedades municipales  - Portal de Transparencia do Concello de Santiago','','&nbsp;Personal de entes instrumentales y sociedades municipales del&nbsp;Ayuntamiento de Santiago de Compostela<br>',''),(140,1,0,'Licitacións de obras públicas','Licitacións de obras públicas - Portal de Transparencia do Concello de Santiago','','Informaci&oacute;n sobre licitaci&oacute;ns de obras p&uacute;blicas do&nbsp;Portal de Transparencia do Concello de Santiago<br>',''),(140,2,0,'Licitaciones de obras públicas','Licitaciones de obras públicas - Portal de Transparencia del Ayuntamiento de Santiago','','Informaci&oacute;n sobre licitaciones de obras p&uacute;blicas del Portal de Transparencia del&nbsp;Ayuntamiento de Santiago<br>',''),(141,1,0,'Listaxe de contratos de obras','Listaxe de contratos de obras - Portal de Transparencia do Concello de Santiago','','Informaci&oacute;n sobre contratos de obras do Concello de Santiago de Compostela<br>',''),(141,2,0,'Listado de contratos de obras','Listado de contratos de obras - Portal de Transparencia del Ayuntamiento de Santiago','','Informaci&oacute;n sobre contratos de obras del&nbsp;Ayuntamiento de Santiago de Compostela<br>',''),(142,1,0,'Modificacións de contratos de obra','Modificacións de contratos de obra - Portal de Transparencia do Concello de Santiago','Informaci&oacute;n sobre modificaci&oacute;ns de contratos de obra do Concello de&nbsp;Santiago de Compostela<br>','',''),(142,2,0,'Modificaciones de contratos de obra','Modificaciones de contratos de obra  - Portal de Transparencia del Ayuntamiento de Santiago','Informaci&oacute;n sobre modificaciones de contratos de obra del&nbsp;Ayuntamiento de Santiago de Compostela<br>','',''),(143,1,0,'Xestión documental no arquivo municipal','Xestión documental no arquivo municipal - Portal de Transparencia do Concello de Santiago','&nbsp;','Informaci&oacute;n sobre xesti&oacute;n documental no arquivo municipal do Concello de Santiago de Compostela<br>',''),(143,2,0,'Gestión documental en el archivo municipal','Gestión documental en el archivo municipal - Portal de Transparencia del Ayuntamiento de Santiago','&nbsp;','Informaci&oacute;n sobre gesti&oacute;n documental en el archivo&nbsp;municipal del Ayuntamiento de Santiago de Compostela<br>',''),(144,1,0,'Listaxe de adxudicatarios de obras ','Listaxe de adxudicatarios de obras - Portal de Transpartencia do Concello de Santiago','&nbsp;','Informaci&oacute;n sobre adxudicatarios de obras p&uacute;blicas do Concello de Santiago de Compostela<br>',''),(144,2,0,'Listado de adjudicatarios de obras','Listado de adjudicatarios de obras - Portal de Transpartencia del Ayuntamiento de Santiago','','Informaci&oacute;n sobre adjudicatarios de obras p&uacute;blicas del&nbsp;Ayuntamiento de Santiago de Compostela<br>',''),(145,1,0,'Estatísticas sobre consultas e suxestións da cidadanía ou organizacións','Estatísticas sobre consultas e suxestións da cidadanía ou organizacións - Portal de Transparencia do Concello de Santiago','','Informaci&oacute;n sobre estat&iacute;sticas sobre consultas e suxesti&oacute;ns da cidadan&iacute;a ou organizaci&oacute;ns&nbsp;do Concello de Santiago de Compostela<br>',''),(145,2,0,'Estadísticas sobre consultas y sugerencias de la ciudadanía u organizacion','Estadísticas sobre consultas y sugerencias de la ciudadanía u organizaciones - Portal de Transparencia del Ayuntamiento de Santiago','','Informaci&oacute;n sobre estad&iacute;sticas sobre consultas y sugerencias&nbsp;de la ciudadan&iacute;a u organizaciones&nbsp;del&nbsp;Ayuntamiento de Santiago de Compostel<br>',''),(146,1,0,'Indicadores económicos de urbanismo','Indicadores económicos de urbanismo - Portal de Transparencia do Concello de Santiago','','Informaci&oacute;n&nbsp;sobre indicadores econ&oacute;micos de urbanismo do Concello de Santiago de Compostela<br>',''),(146,2,0,'Indicadores económicos de urbanismo','Indicadores económicos de urbanismo - Portal de Transparencia del Ayuntamiento de Santiago','','Informaci&oacute;n&nbsp;sobre indicadores econ&oacute;micos de urbanismo del&nbsp;Ayuntamiento de Santiago&nbsp;de Compostela<br>',''),(147,1,0,'Estatísticas sobre a porcentaxe en volume orzamentario de contratos','Estatísticas sobre a porcentaxe en volume orzamentario de contratos - Portal de Transparencia do Concello de Santiago','','Estat&iacute;sticas sobre a porcentaxe en volume orzamentario de contratos&nbsp;do Concello de Santiago de Compostela<br>',''),(147,2,0,'Estadísticas sobre el porcentaje en volumen presupuestario de contratos ','Estadísticas sobre el porcentaje en volumen presupuestario de contratos - Portal de Transparencia del Ayuntamiento de Santiago','','Estad&iacute;sticas sobre el&nbsp;porcentaje en volumen presupuestario de contratos&nbsp;del&nbsp;Ayuntamiento de Santiago de Compostela<br>',''),(148,1,0,'Consellos municipais de participación','Consellos municipais de participación - Portal de Transparencia Concello de Santiago','','Informaci&oacute;n sobre consellos municipais de participaci&oacute;n do&nbsp;Concello de Santiago de Compostela<br>',''),(148,2,0,'Consejos municipales de participación','Consejos municipales de participación - Portal de Transparencia del Ayuntamiento de Santiago','','Informaci&oacute;n sobre consejos municipales de participaci&oacute;n del&nbsp;Ayuntamiento de Santiago de Compostela<br>',''),(149,1,0,'Cita previa','Cita previa','','',''),(149,2,0,'Cita previa','Cita previa','','',''),(150,1,0,'Modificación puntual do PXOM para o sinalamento de aliñacións na N-525. Tramo I. Núcleo da Susana','Modificación puntual do PXOM para o sinalamento de aliñacións na N-525. Tramo I. Núcleo da Susana','','Informaci&oacute;n sobre&nbsp;Modificaci&oacute;n puntual do PXOM para o sinalamento de ali&ntilde;aci&oacute;ns na N-525. Tramo I. N&uacute;cleo da Susana<br>',''),(150,2,0,'Modificación puntual del PGOM para la señalizacióon de alineaciones en la N-525. Tramo I. Núcleo da Susana','Modificación puntual del PGOM para la señalizacióon de alineaciones en la N-525. Tramo I. Núcleo da Susana','','Informaci&oacute;n sobre&nbsp;Modificaci&oacute;n puntual del PGOM para la se&ntilde;alizaci&oacute;on&nbsp;de alineaciones en la&nbsp;N-525. Tramo I. N&uacute;cleo da Susana<br>',''),(151,1,0,'Modificación puntual do Plan de sectorización do SUNP-25. Roxos','Modificación puntual do Plan de sectorización do SUNP-25. Roxos','','Informaci&oacute;n sobre Modificaci&oacute;n puntual do Plan de sectorizaci&oacute;n do SUNP-25. Roxos<br>',''),(151,2,0,'Modificación puntual del Plan de sectorización del SUNP-25. Roxos','Modificación puntual del Plan de sectorización del SUNP-25. Roxos','','Informaci&oacute;n sobre Modificaci&oacute;n puntual del Plan de sectorizaci&oacute;n del SUNP-25. Roxos<br>',''),(152,1,0,'Modificación puntual do PXOM no ámbito do equipamento deportivo ZD-7 en Agra dos Campos Aríns','Modificación puntual do PXOM no ámbito do equipamento deportivo ZD-7 en Agra dos Campos Aríns','Informaci&oacute;n sobre modificaci&oacute;n puntual do PXOM no &aacute;mbito do equipamento deportivo ZD-7 en Agra dos Campos Ar&iacute;ns<br>','',''),(152,2,0,'Modificación puntual del PGOM en el ámbito del equipamiento deportivo ZD-7 en Agra dos Campos Aríns','Modificación puntual del PGOM en el ámbito del equipamiento deportivo ZD-7 en Agra dos Campos Aríns','Informaci&oacute;n sobre modificaci&oacute;n puntual del PGOM en el &aacute;mbito del equipamiento deportivo ZD-7 en Agra dos Campos Ar&iacute;ns<br>','',''),(153,1,0,'Modificación puntual do PXOM e do PE-8 no ámbito do equipamento universitario EU-2. Grupo de vivendas San Ignacio de Loyola','Modificación puntual do PXOM e do PE-8 no ámbito do equipamento universitario EU-2. Grupo de vivendas San Ignacio de Loyola','','Informaci&oacute;n sobre modificaci&oacute;n puntual do PXOM e do PE-8 no &aacute;mbito do equipamento universitario EU-2. Grupo de vivendas San Ignacio de Loyola<br>',''),(153,2,0,'Modificación puntual del PGOM y del PE-8 en el ámbito del equipamiento universitario EU-2. Grupo de viviendas San Ignacio de Loyola','Modificación puntual del PGOM y del PE-8 en el ámbito del equipamiento universitario EU-2. Grupo de viviendas San Ignacio de Loyola','','Informaci&oacute;n sobre modificaci&oacute;n puntual del PGOM y del&nbsp;PE-8 en el &aacute;mbito del equipamiento universitario EU-2. Grupo de viviendas San Ignacio de Loyola<br>',''),(154,1,0,'Modificación puntual do PERI-2 no ámbito da AEI-E. Conxo de Arriba','Modificación puntual do PERI-2 no ámbito da AEI-E. Conxo de Arriba','','Informaci&oacute;n sobre modificaci&oacute;n puntual do PERI-2 no &aacute;mbito da AEI-E. Conxo de Arriba<br>',''),(154,2,0,'Modificación puntual del PERI-2 en el ámbito de la AEI-E. Conxo de Arriba','Modificación puntual del PERI-2 en el ámbito de la AEI-E. Conxo de Arriba','','Informaci&oacute;n sobre modificaci&oacute;n puntual del PERI-2 en el &aacute;mbito de la AEI-E. Conxo de Arriba<br>',''),(156,1,0,'Estatutos e bases de actuación da Xunta de Compensación do SUD-17. Monte do Gozo-Aríns','Estatutos e bases de actuación da Xunta de Compensación do SUD-17. Monte do Gozo-Aríns','','Informaci&oacute;n sobre estatutos e bases de actuaci&oacute;n da Xunta de Compensaci&oacute;n do SUD-17. Monte do Gozo-Ar&iacute;ns<br>',''),(156,2,0,'Estatutos y bases de actuación de la Xunta de Compensación del SUD-17. Monte do Gozo-Aríns','Estatutos y bases de actuación de la Xunta de Compensación del SUD-17. Monte do Gozo-Aríns','','Informaci&oacute;n sobre estatutos y&nbsp;bases de actuaci&oacute;n de la Xunta de Compensaci&oacute;n del SUD-17. Monte do Gozo-Ar&iacute;ns<br>',''),(157,1,0,'Estatutos e bases de actuación da Xunta de Compensación do SUD-16. Agra dos Campos-Aríns','Estatutos e bases de actuación da Xunta de Compensación do SUD-16. Agra dos Campos-Aríns','','Informaci&oacute;n sobre estatutos e bases de actuaci&oacute;n da Xunta de Compensaci&oacute;n do SUD-16. Agra dos Campos-Ar&iacute;ns<br>',''),(157,2,0,'Estatutos y bases de actuación de la Xunta de Compensación del SUD-16. Agra dos Campos-Aríns','Estatutos y bases de actuación de la Xunta de Compensación del SUD-16. Agra dos Campos-Aríns','','Informaci&oacute;n sobre estatutos y&nbsp;bases de actuaci&oacute;n de la Xunta de Compensaci&oacute;n del SUD-16. Agra dos Campos-Ar&iacute;ns<br>',''),(158,1,0,'Estudo de detalle de criterios compositivos e estéticos no tratamento das fachadas do barrio de Vista Alegre. Estudo da cor','Estudo de detalle de criterios compositivos e estéticos no tratamento das fachadas do barrio de Vista Alegre. Estudo da cor','','Informaci&oacute;n sobre estudo de detalle de criterios compositivos e est&eacute;ticos no tratamento das fachadas do barrio de Vista Alegre. Estudo da cor<br>',''),(158,2,0,'Estudio de detalle de criterios compositivos y estéticos en el tratamiento de las fachadas del barrio de Vista Alegre. Estudio del color','Estudio de detalle de criterios compositivos y estéticos en el tratamiento de las fachadas del barrio de Vista Alegre. Estudio del color','','Informaci&oacute;n sobre estudio de detalle de criterios compositivos y&nbsp;est&eacute;ticos en el tratamiento de las fachadas del barrio de Vista Alegre. Estudio del color<br>',''),(159,1,0,'Modificación do PE-1 para limitar os aloxamentos de carácter temporal no seu tecido residencial','Modificación do PE-1 para limitar os aloxamentos de carácter temporal no seu tecido residencial','','Informaci&oacute;n sobre modificaci&oacute;n do PE-1 para limitar os aloxamentos de car&aacute;cter temporal no seu tecido residencial<br>',''),(159,2,0,'Modificación del PE-1 para limitar los alojamientos de carácter temporal en su tejido residencial','Modificación del PE-1 para limitar los alojamientos de carácter temporal en su tejido residencial','','Informaci&oacute;n sobre modificaci&oacute;n del PE-1 para limitar los alojamientos de car&aacute;cter temporal en su tejido residencial<br>',''),(160,1,0,'Modificación puntual da ordenanza especial OE-5 Galeras, no ámbito do antigo hospital','Modificación puntual da ordenanza especial OE-5 Galeras, no ámbito do antigo hospital','','Informaci&oacute;n sobre&nbsp;modificaci&oacute;n puntual da ordenanza especial OE-5 Galeras, no &aacute;mbito do antigo hospital<br>',''),(160,2,0,'Modificación puntual de la ordenanza especial OE-5 Galeras, en el ámbito del antiguo hospital','Modificación puntual de la ordenanza especial OE-5 Galeras, en el ámbito del antiguo hospital','','Informaci&oacute;n sobre&nbsp;modificaci&oacute;n puntual de la ordenanza especial OE-5 Galeras, en el &aacute;mbito del antiguo hospital<br>',''),(161,1,0,'Proxecto integrado da nova estación intermodal de Santiago de Compostela (estación de ferrocarril, estación de autobuses, pasarela peonil de conexión ','Proxecto integrado da nova estación intermodal de Santiago de Compostela (estación de ferrocarril, estación de autobuses, pasarela peonil de conexión)','','Informaci&oacute;n sobre o p<a title=\"Planeamento\">roxecto integrado da nova estaci&oacute;n intermodal de Santiago de Compostela (estaci&oacute;n de ferrocarril, estaci&oacute;n de autobuses, pasarela peonil de conexi&oacute;n )</a><br>',''),(161,2,0,'Proyecto integrado de la nueva estación intermodal de Santiago de Compostela (estación de ferrocarril, estación de autobuses, pasarela peatonal de con','Proyecto integrado de la nueva estación intermodal de Santiago de Compostela (estación de ferrocarril, estación de autobuses, pasarela peatonal de con','','Informaci&oacute;n sobre el p<a title=\"Planeamento\">royecto integrado de la nueva estaci&oacute;n intermodal de Santiago de Compostela (estaci&oacute;n de ferrocarril, estaci&oacute;n de autobuses, pasarela peatonal de conexi&oacute;n)</a><br>',''),(162,1,0,'Nova estación intermodal ','Nova estación intermodal - Portal de Transparencia do Concello de Santiago','','Informaci&oacute;n sobre a&nbsp;nova estaci&oacute;n intermodal - Portal de Transparencia do Concello de Santiago de Compostela<br>',''),(162,2,0,'Nueva estación intermodal','Nueva estación intermodal - Portal de Transparencia del Ayuntamiento de Santiago','','Informaci&oacute;n sobre la&nbsp;nueva estaci&oacute;n intermodal - Portal de Transparencia del&nbsp;Ayuntamiento de Santiago de Compostela<br>',''),(163,1,0,'Terminal de autobuses integrada na estación intermodal','Terminal de autobuses integrada na estación intermodal  - Portal de Transparencia do Concello de Santiago','','Informaci&oacute;n sobre a terminal de autobuses integrada na estaci&oacute;n intermodal - Portal de Transparencia do Concello de Santiago de Compostela<br>',''),(163,2,0,'Terminal de autobuses integrada en la estación intermodal','Terminal de autobuses integrada en la estación intermodal - Portal de Transparencia del Ayuntamiento de Santiago','','Informaci&oacute;n sobre a terminal de autobuses integrada en la estaci&oacute;n intermodal - Portal de Transparencia del&nbsp;Ayuntamiento de Santiago de Compostela<br>',''),(164,1,0,'Outra documentación','Outra documentación do proxecto integrado da nova estación intermodal de Santiago de Compostela','','Outra documentaci&oacute;n sobre o proxecto integrado da nova estaci&oacute;n intermodal de Santiago de Compostela (estaci&oacute;n de ferrocarril, estaci&oacute;n de autobuses, pasarela peonil de conexi&oacute;n)<br>',''),(164,2,0,'Otra documentación','Otra documentación del proyecto integrado de la nueva estación intermodal de Santiago de Compostela','','Otra documentaci&oacute;n sobre el&nbsp;proyecto integrado de la nueva estaci&oacute;n intermodal de Santiago de Compostela (estaci&oacute;n de ferrocarril, estaci&oacute;n de autobuses, pasarela peatonal de conexi&oacute;n)<br>',''),(165,1,0,'Proxecto de compensación do polígono 39. Casas do Rego','Proxecto de compensación do polígono 39. Casas do Rego - Portal de Transparencia do Concello de Santiago','','Informaci&oacute;n sobre o&nbsp;proxecto de compensaci&oacute;n do pol&iacute;gono 39. Casas do Rego - Portal de Transparencia do Concello de Santiago de Compotela<br>',''),(165,2,0,'Proyecto de compensación del polígono 39. Casas do Rego','Proyecto de compensación del polígono 39. Casas do Rego - Portal de Transparencia del Ayuntamiento de Santiago de Compotela','','Informaci&oacute;n sobre el&nbsp;proyecto de compensaci&oacute;n del pol&iacute;gono 39. Casas do Rego - Portal de Transparencia del&nbsp;Ayuntamiento de Santiago de Compotela<br>',''),(166,1,0,'Composición das mesas de contratación','Composición das mesas de contratación - Portal de Transparencia do Concello de Santiago','','',''),(166,2,0,'Composición de las mesas de contratación','Composición de las mesas de contratación - Portal de Transparencia del Ayuntamiento de Santiago','','',''),(170,1,0,'PMP ano 2017','','','',''),(170,2,0,'PMP año 2017','','','',''),(172,1,0,'Orzamentos 2017','','','',''),(172,2,0,'Presupuestos 2017','','','',''),(173,1,0,'Relación de gastos anuais dos grupos municipais','','','',''),(173,2,0,'Relación de gastos anuales de los grupos municipales','','','',''),(174,1,0,'Ano 2017','','','',''),(174,2,0,'Año 2017','','','',''),(176,1,0,'Grupo municipal de CA','','','',''),(176,2,0,'Grupo municipal de CA','','','',''),(177,1,0,'Suspensión cautelar de licenzas no ámbito da parcela EM-FE. Finca do Espiño','','','',''),(177,2,0,'Suspensión cautelar de licencias en el ámbito de la parcela EM-FE. Finca do Espiño','','','',''),(178,1,0,'Suspensión cautelar de licenzas no ámbito do PERI-12. Antigo Colexio Manuel Peleteiro','','','',''),(178,2,0,'Suspensión cautelar de licencias en el ámbito del PERI-12. Antiguo Colegio Manuel Peleteiro','','','',''),(179,1,0,'Grupo Municipal do PP','','','',''),(179,2,0,'Grupo Municipal del PP','','','',''),(180,1,0,'Padróns de ocupacións de espazos públicos','','','',''),(180,2,0,'Padrones de ocupaciones de espacios públicos','','','',''),(181,1,0,'Liquidación orzamento Concello ano 2016','','','',''),(181,2,0,'Liquidación presupuesto Ayuntamiento año 2016','','','',''),(182,1,0,'Liquidación orzamento Auditorio ano 2016','','','',''),(182,2,0,'Liquidación presupuesto Auditorio año 2016','','','',''),(186,1,0,'Modificación puntual do PXOM nas disposicións transitorias 2ª e 12ª. Plan parcial de Fontiñas e PERIs de Concheiros, Vieiro e Outeiro','Modificación puntual do PXOM nas disposicións transitorias 2ª e 12ª. Plan parcial de Fontiñas e PERIs de Concheiros, Vieiro e Outeiro','','',''),(186,2,0,'Modificación puntual del PXOM en las disposiciones transitorias 2ª y 12ª. Plan parcial de Fontiñas y PERIs de Concheiros, Vieiro y Outeiro','','','',''),(187,1,0,' Grupo municipal do PSOE','','','',''),(187,2,0,'PSOE','','','',''),(188,1,0,'Modificación do estudo de detalle da parcela N4a01c do quinteiro N do SUND 40 Parque empresarial da Sionlla','Modificación do estudo de detalle da parcela N4a01c do quinteiro N do SUND 40 Parque empresarial da Sionlla','','',''),(188,2,0,'Modificación del estudio de detalle de la parcela N4a01c de la manzana N del SUND 40 Parque empresarial de la Sionlla','Modificación del estudo de detalle de la parcela N4a01c de la manzana N del SUND 40 Parque empresarial de la Sionlla','','',''),(192,1,0,'Grupo Municipal do BNG','','','',''),(192,2,0,'Grupo Municipal del BNG','','','',''),(193,1,0,'Acordos sobre contratación pública responsable','','','',''),(193,2,0,'Acuerdos sobre contratación pública responsable','','','',''),(197,1,0,'Contas anuais 2016','','','',''),(197,2,0,'Cuentas anuales 2016','','','',''),(200,1,0,'Proxecto de urbanización aprobado inicialmente','Proyecto de urbanización aprobado inicialmente','','',''),(200,2,0,'Proyecto de urbanización aprobado inicialmente','','','',''),(201,1,0,'Proxecto de urbanización do polígono 39. Casas do Rego','','','',''),(201,2,0,'Proyecto de urbanización del polígono 39. Casas do Rego','','','',''),(202,1,0,'Proxecto de urbanización aprobado inicialmente','','','',''),(202,2,0,'Proyecto de urbanización aprobado inicialmente','','','',''),(203,1,0,'Documentación adicional ao proxecto ','','','',''),(203,2,0,'Documentación adicional al proyecto','','','',''),(204,1,0,'Acordo','','','',''),(204,2,0,'Acuerdo','','','',''),(207,1,0,'Modificación puntual Catálogo PXOM: corrección erros na ficha D-061 (casa en Lavacolla) e creación das fichas D-061 (a), D-061 (b-c) e D-061 (d)','','','',''),(207,2,0,'Modificación puntual Catálogo PXOM: corrección errores de la ficha D-061 (casa en Lavacolla) y creación de fichas D-061 (a), D-061 (b-c) y D-061 (d)','','','',''),(208,1,0,'Orzamentos 2018','Orzamentos 2018','','',''),(208,2,0,'Presupuestos 2018','Presupuestos 2018','','',''),(209,1,0,'Estudo de detalle do ámbito 01 do ARI de Vite. Grupo de vivendas Nosa Señora de Belén','','','',''),(209,2,0,'Estudio de detalle del ámbito 01 del ARI de Vite. Grupo de viviendas Nuestra Señora de Belén','','','',''),(210,1,0,'Estudo de detalle do ámbito 02 do ARI de Vite. Avenida de Castelao e rúa de Alexandre Bóveda','Estudo de detalle do ámbito 02 do ARI de Vite. Avenida de Castelao e rúa de Alexandre Bóveda','','',''),(210,2,0,'EstudIo de detalle del ámbito 02 del ARI de Vite. Avenida de Castelao y calle de Alexandre Bóveda','','','',''),(211,1,0,'Estudo de detalle do ámbito 03 do ARI de Vite. Zona 03A: Rúa de Carlos Maside. Zona 03B: Rúa dos Irmandiños','','','',''),(211,2,0,'Estudio de detalle del ámbito 03 del ARI de Vite. Zona 03A: Rúa de Carlos Maside. Zona 03B: Rúa dos Irmandiños','','','',''),(212,1,0,'Estudo de detalle do ámbito 04 do ARI de Vite. Avenidas de García Lorca e Castelao e rúa de Celso Emilio Ferreiro','','','',''),(212,2,0,'Estudio de detalle del ámbito 04 del ARI de Vite. Avenidas de García Lorca y Castelao y calle de Celso Emilio Ferreiro','','','',''),(215,1,0,'Estudo de detalle parcelas EU-7, EU-2 e grupo de vivendas San Ignacio de Loyola. SUP-5 Choupana-Campus Sur','Estudio de detalle parcelas EU-7, EU-2 y grupo de viviendas San Ignacio de Loyola. SUP-5 Choupana-Campus Sur ','','',''),(215,2,0,'Estudio de detalle','','','',''),(216,1,0,'Estudo de detalle do ámbito 05 do ARI de Vite. Rúas de Blanco Amor e Otero Pedraio','','','',''),(216,2,0,'Estudio de detalle del ámbito 05 del ARI de Vite. Rúas de Blanco Amor y Otero Pedraio','','','',''),(217,1,0,'Estudo de detalle rehabilitación integral das vivendas Cardenal Quiroga Palacios e Compostela. Barrio de Ponte Pedriña','','','',''),(217,2,0,'Estudio de detalle rehabilitación integral de las viviendas Cardeal Quiroga Palacios e Compostela. Barrio de Ponte Pedriña','','','',''),(218,1,0,'Proxecto de reparcelación da unidade de actuación delimitado na rúa de Eduardo Pondal','','','',''),(218,2,0,'Proyecto de reparcelación de la unidad de actuación delimitado en la calle de Eduardo Pondal','','','',''),(225,1,0,'Estación intermodal','','','',''),(225,2,0,'Estación intermodal','','','',''),(226,1,0,'Expropiacións','','','',''),(226,2,0,'Expropiaciones','','','',''),(227,1,0,'Estación intermodal','','','',''),(227,2,0,'Éstación intermodal','','','',''),(228,1,0,'PMP ano 2018','','','',''),(228,2,0,'PMP ano 2018','','','',''),(229,1,0,'Ano 2018','','','',''),(229,2,0,'Año 2018','','','',''),(230,1,0,'Solicitude de inicio de avaliación ambiental estratéxica da Modificación puntual do PXOM e do PE-1 no ámbito da parcela EM-FE. Finca do Espiño','','','',''),(230,2,0,'Solicitud de inicio de evaluación ambiental estratégica de la Modificación puntual del PXOM y del PE-1 ámbito de la parcela EM-FE. Finca do Espiño','','','',''),(231,1,0,'Solicitude de inicio de avaliación ambiental estratéxica da Modificación puntual do PXOM no ámbito do PERI-12. Antigo Colexio Manuel Peleteiro','','','',''),(231,2,0,'Solicitud de inicio de evaluación ambiental estratégica de la Modificación puntual del PXOM en el ámbito del PERI-12. Antiguo Colegio Manuel Peleteiro','','','',''),(232,1,0,'Vivenda e Rehabilitación','','','',''),(232,2,0,'Vivienda y Rehabilitación','Vivienda y Rehabilitación','','',''),(233,1,0,'Subvencións ano 2018','Subvencións ano 2018','','',''),(233,2,0,'Subvenciones año 2018','Subvenciones año 2018','','',''),(234,1,0,'Subvencións anteriores ao ano 2018','','','',''),(234,2,0,'Subvenciones anteriores al año 2018','','','',''),(236,1,0,'Grupo municipal Compostela Aberta','Grupo municipal Compostela Aberta','','',''),(236,2,0,'Grupo municipal Compostela Aberta','Grupo municipal Compostela Aberta','','',''),(237,1,0,'Grupo municipal do Partido Popular','Grupo municipal do Partido Popular','','',''),(237,2,0,'Grupo municipal do Partido Popular','Grupo municipal do Partido Popular','','',''),(240,1,0,'Liquidación orzamento Concello ano 2017','Liquidación orzamento Concello ano 2017','','',''),(240,2,0,'Liquidación presupuesto Ayuntamiento año 2017','Liquidación presupuesto Ayuntamiento año 2017','','',''),(241,1,0,'Liquidación orzamento Auditorio ano 2017','Liquidación orzamento Auditorio ano 2017','','',''),(241,2,0,'Liquidación presupuesto Auditorio año 2017','Liquidación presupuesto Auditorio año 2017','','',''),(242,1,0,'Modificación puntual do PXOM en execución das sentenzas anulatorias do polígono 11','Modificación puntual do PXOM en execución das sentenzas anulatorias do polígono 11','','',''),(242,2,0,'Modificación puntual del PXOM en ejecución de las sentencias anulatorias del polígono 11','Modificación puntual del PXOM en ejecución de las sentencias anulatorias del polígono 11','','',''),(243,1,0,'Grupo Municipal do BNG','Grupo Municipal do BNG','','',''),(243,2,0,'Grupo Municipal del BNG','Grupo Municipal del BNG','','',''),(244,1,0,'Estudo de detalle das parcelas ER-1-2-3-4-5-6-7-8 no ámbito do SUNP-14. Tras Paxonal','Estudo de detalle das parcelas ER-1-2-3-4-5-6-7-8 no ámbito do SUNP-14. Tras Paxonal','','',''),(244,2,0,'Estudio de detalle de las parcelas ER-1-2-3-4-5-6-7-8 en el ámbito del SUNP-14. Tras Paxonal','Estudio de detalle de las parcelas ER-1-2-3-4-5-6-7-8 en el ámbito del SUNP-14. Tras Paxonal','','',''),(245,1,0,'Proxecto de urbanización do P-40. Rocha ','Proxecto de urbanización do P-40. Rocha ','','',''),(245,2,0,'Proyecto de urbanización del P-40. Rocha ','Proyecto de urbanización del P-40. Rocha','','',''),(246,1,0,'Modificación puntual do PE-1 para a ampliación de usos no EM-9. Seminario Menor-Belvís','Modificación puntual do PE-1 para a ampliación de usos no EM-9. Seminario Menor-Belvís','','',''),(246,2,0,'Modificación puntual del PE-1 para la ampliación de usos en el EM-9. Seminario Menor-Belvís','Modificación puntual del PE-1 para la ampliación de usos en el EM-9. Seminario Menor-Belvís','','',''),(247,1,0,'Modificación puntual do Plan parcial do SUNP-22 para a reordenación de volumes no quinteiro 16. Castro de Abaixo','Modificación puntual do Plan parcial do SUNP-22 para a reordenación de volumes no quinteiro 16. Castro de Abaixo','','',''),(247,2,0,'Modificación puntual del Plan parcial del SUNP-22 para la reordenación de volúmenes en la manzana 16. Castro de Abaixo','Modificación puntual del Plan parcial del SUNP-22 para la reordenación de volúmenes en la manzana 16. Castro de Abaixo','','',''),(250,1,0,'Estudo de detalle parcela 2 do quinteiro 18096 do Parque empresarial da Sionlla. Rúa de Murcia,  5','Estudio de detalle parcela 2 do quinteiro 18096 do Parque empresarial da Sionlla. Rúa de Murcia, 5','','',''),(250,2,0,'Estudio de detalle parcela 2 de la manzana 18096 do Parque empresarial de la Sionlla. Rúa de Murcia,  5','Estudio de detalle parcela 2 de la manzana 18096 do Parque empresarial de la Sionlla. Rúa de Murcia,  5','','',''),(251,1,0,'Ano 2016','Ano 2016','','',''),(251,2,0,'Estado de ejecución del presupuesto (trimestres 1 a 3)','Estado de ejecución del presupuesto','','',''),(252,1,0,'Ano 2017','Ano 2017','','',''),(252,2,0,'Año 2017','Año 2017','','',''),(253,1,0,'Grupo municipal do PSOE','Grupo municipal do PSOE','','',''),(253,2,0,'Grupo municipal del PSOE','Grupo municipal del PSOE','','',''),(254,1,0,'Estudo de detalle das parcelas B4B01D e B4B01E do parque empresarial da Sionlla','Estudo de detalle das parcelas B4B01D e B4B01E do parque empresarial da Sionlla','','',''),(254,2,0,'Estudio de detalle de las parcelas B4B01D y B4B01E del parque empresarial de la Sionlla','Estudio de detalle de las parcelas B4B01D y B4B01E del parque empresarial de la Sionlla','','',''),(255,1,0,'Estudo de detalle da parcela J4A02 do parque empresarial da Sionlla (Ref. Catastral 0905211NH4500F0000PG)','Estudo de detalle da parcela J4A02 do parque empresarial da Sionlla ','','',''),(255,2,0,'Estudio de detalle de la parcela J4A02 del parque empresarial de la Sionlla (Ref. Catastral 0905211NH4500F0000PG)','Estudio de detalle de la parcela J4A02 del parque empresarial de la Sionlla','','',''),(256,1,0,'Subvencións ano 2019','Subvencións ano 2019','','',''),(256,2,0,'Subvenciones año 2019','Subvenciones año 2019','','',''),(257,1,0,'Programas e plans estratéxicos','Programas e plans estratéxicos','','',''),(257,2,0,'Programas y planes extratégicos','Programas y planes extratégicos','','',''),(258,1,0,'Modificación do Plan especial do sistema xeral de equipamento deportivo ZD-2. Área deportiva de San Lázaro','Modificación do Plan especial do sistema xeral de equipamento deportivo ZD-2. Área deportiva de San Lázaro','','',''),(258,2,0,'Modifícación del Plan especial del sistema general de equipamiento deportivo ZD-2. Área deportiva de San Lázaro','Modifícación del Plan especial del sistema general de equipamiento deportivo ZD-2. Área deportiva de San Lázaro','','',''),(259,1,0,'Ano 2019','Ano 2019','','',''),(259,2,0,'Año 2019','Año 2019','','',''),(260,1,0,'Procesos de selección e provisión de postos de traballo','Procesos de selección e provisión de postos de traballo','','',''),(260,2,0,'Procesos de selección y provisión de puestos de trabajo','Procesos de selección y provisión de puestos de trabajo','','',''),(261,1,0,'Rexistro de intereses corporación municipal 2023/2027','Rexistro de intereses 2023/2027','','',''),(261,2,0,'Registro de intereses corporación municipal 2023/2027','Regxistro de intereses 2023/2027','','',''),(262,1,0,'Declaracións de bens patrimoniais concelleiros Corporación 2015- 2019','Declaracións de bens patrimoniais concelleiros Corporación 2015- 2019','','Declaraci&oacute;ns de bens patrimoniais concelleiros de anteriores corporaci&oacute;ns do Concello&nbsp;de Santiago de Compostela.&nbsp;Corporaci&oacute;n 2015- 2019<br>',''),(262,2,0,'Declaraciones de bienes patrimoniales concejales Corporación 2015- 2019','Declaraciones de bienes patrimoniales concejales Corporación 2015- 2019','','Declaraciones&nbsp;de bienes patrimoniales&nbsp;concejales de anteriores corporaciones Ayuntamiento de Santiago de Compostela.&nbsp;Corporaci&oacute;n 2015- 2019<br>',''),(263,1,0,'Rexistro de intereses corporacións anteriores','Rexistro de intereses corporacións anteriores','','',''),(263,2,0,'Registro de intereses corporaciones anteriores','Registro de intereses corporaciones anteriores','','',''),(264,1,0,'Rexistro de intereses corporacións anteriores','Rexistro de intereses corporacións anteriores','','',''),(264,2,0,'Registro de intereses corporaciones anteriores ','Registro de intereses corporaciones anteriores','','',''),(265,1,0,'Corporación 2015-2016','Corporación 2015-2016','','',''),(265,2,0,'Corporación 2015-2016','Corporación 2015-2016','','',''),(266,1,0,'PMP ano 2019','PMP ano 2019','','',''),(266,2,0,'PMP año 2019','PMP año 2019','','',''),(267,1,0,'Liquidación orzamento Concello ano 2018','Liquidación orzamento Concello ano 2018','','',''),(267,2,0,'Liquidación presupuesto Ayuntamiento año 2018','Liquidación presupuesto Ayuntamiento año 2018','','',''),(268,1,0,'Liquidación orzamento Auditorio ano 2018','Liquidación orzamento Auditorio ano 2018','','',''),(268,2,0,'Liquidación presupuesto Auditorio año 2018','Liquidación presupuesto Auditorio año 2018','','',''),(269,1,0,'Liquidación orzamento Incolsa ano 2018','Liquidación orzamento Incolsa ano 2018','','',''),(269,2,0,'Liquidación presupuesto Incolsa año 2018','Liquidación presupuesto Incolsa año 2018','','',''),(273,1,0,'Orzamentos 2019','Orzamentos 2019','','',''),(273,2,0,'Presupuestos 2019','Presupuestos 2019','','',''),(274,1,0,'XX Orzamentos 2019','Orzamentos 2019','','',''),(274,2,0,'Orzamentos 2019','Orzamentos 2019','','',''),(275,1,0,'Estudo de detalle da parcela I4a02 do parque empresarial da Sionlla (Ref. catastral 0507717NH4500F0000AG) ','Estudo de detalle da parcela I4a02 do parque empresarial da Sionlla (Ref. catastral 0507717NH4500F0000AG) ','','',''),(275,2,0,'Estudio de detalle de la parcela I4a02 del parque empresarial de la Sionlla (Ref. catastral 0507717NH4500F0000AG) ','Estudio de detalle de la parcela I4a02 del parque empresarial de la Sionlla (Ref. catastral 0507717NH4500F0000AG) ','','',''),(277,1,0,'Plan parcial do SUND-8. Monte Vidán','Plan parcial do SUND-8. Monte Vidán','','',''),(277,2,0,'Plan parcial do SUND-8 Monte Vidán','Plan parcial do SUND-8 Monte Vidán','','',''),(279,1,0,'Proxecto técnico de expropiación Castelo da Rocha (PR-7)  ','Proxecto técnico de expropiación Castelo da Rocha (PR-7)  ','','',''),(279,2,0,'Proyecto técnico de expropiación Castelo da Rocha (PR-7)  ','Proyecto técnico de expropiación Castelo da Rocha (PR-7)  ','','',''),(280,1,0,'Suspensión previa de novos usos de aloxamento temporal','Suspensión previa de novos usos de aloxamento temporal. ','','',''),(280,2,0,'Suspensión previa de nuevos usos de alojamiento temporal ','Suspensión previa de nuevos usos de alojamiento temporal','','',''),(281,1,0,'Estudo de detalle para a dotación de accesibilidade ao grupo de vivendas de San Ignacio de Loyola','Estudo de detalle para a dotación de accesibilidade ao grupo de vivendas de San Ignacio de Loyola','','',''),(281,2,0,'Estudio de detalle para la dotación de accesibilidad al grupo de viviendas de San Ignacio de Loyola','Estudio de detalle para la dotación de accesibilidad al grupo de viviendas de San Ignacio de Loyola','','',''),(283,1,0,'Actas e acordos do no 2020','Actas e acordos do no 2020','','',''),(283,2,0,'Actas y acuerdos del año 2020','Actas y acuerdos del año 2020','','',''),(284,1,0,'PMP ano 2020','PMP ano 2020','','',''),(284,2,0,'PMP año 2020','PMP año 2020','','',''),(285,1,0,'Subvencións ano 2020','Subvencións ano 2020','','',''),(285,2,0,'Subvenciones año 2020','Subvenciones año 2020','','',''),(290,1,0,'Orzamentos 2020','','','',''),(290,2,0,'Presupuestos 2020','','','',''),(291,1,0,'Contratos adxudicados por trámite de emerxencia durante o estado de alarma','Contratos adxudicados por trámite de emerxencia durante o estado de alarma','','',''),(291,2,0,'Contratos adjudicados por trámite de emergencia durante el estado de alarma','Contratos adjudicados por trámite de emergencia durante el estado de alarma','','',''),(292,1,0,'Operación xurídica complementaria do Proxecto de reparcelación do solo urbanizable non programado número 37 (SUNP-37.3). Costa Vella','Operación xurídica complementaria do Proxecto de reparcelación do solo urbanizable non programado número 37 (SUNP-37.3). Costa Vella','','',''),(292,2,0,'Operación jurídica complementaria del Proyecto de reparcelación del suelo urbanizable no programado número 37 (SUNP-37.3). Costa Vella','Operación jurídica complementaria del Proyecto de reparcelación del suelo urbanizable no programado número 37 (SUNP-37.3). Costa Vella','','',''),(295,1,0,'Plans de contratación','Plans de contratación','','',''),(295,2,0,'Planes de contratación','Planes de contratación','','',''),(296,1,0,'Estatutos e Bases de actuación da Xunta de Compensación da AEI-Ea do PERI-2. Conxo de Arriba','Estatutos e Bases de actuación da Xunta de Compensación da AEI-Ea do PERI-2. Conxo de Arriba','','',''),(296,2,0,'Estatutos y Bases de actuación de la Junta de Compensación de la AEI-Ea del PERI-2. Conxo de Arriba','Estatutos y Bases de actuación de la Junta de Compensación de la AEI-Ea del PERI-2. Conxo de Arriba','','',''),(297,1,0,'Liquidación Orzamento Concello ano 2019','Liquidación Orzamento Concello ano 2019','','',''),(297,2,0,'Liquidación Presupuesto Ayuntamiento año 2019','Liquidación Presupuesto Ayuntamiento año 2019','','',''),(300,1,0,'citaprevia','citaprevia','','',''),(300,2,0,'citaprevia','citaprevia','','',''),(301,1,0,'Cita Previa','Cita Previa','','',''),(301,2,0,'Cita Previa','Cita Previa','','',''),(303,1,0,'Estudo de detalle para a mellora da accesibilidade e as condicións xerais nas edificacións do grupo de vivendas Diego Xelmírez. Santa Marta de Arriba','Estudo de detalle para a mellora da accesibilidade e as condicións xerais nas edificacións do grupo de vivendas Diego Xelmírez Santa Marta de Arriba','','Estudo de detalle para a mellora da accesibilidade e as condici&oacute;ns xerais nas edificaci&oacute;ns do grupo de vivendas Diego Xelm&iacute;rez. Santa Marta de Arriba, n&ordm; 25 a 33<br>',''),(303,2,0,'Estudo de detalle para a mellora da accesibilidade e as condicións xerais nas edificacións do grupo de vivendas Diego Xelmírez. Santa Marta de Arriba,','Estudo de detalle para a mellora da accesibilidade e as condicións xerais nas edificacións do grupo de vivendas Diego Xelmírez Santa Marta de Arriba','','',''),(304,1,0,'Cambio de sistema de actuación e Estatutos e Bases de actuación da Xunta de Compensación da AEI-B do PERI-2. Conxo de Arriba','Cambio de sistema de actuación e Estatutos e Bases de actuación da Xunta de Compensación da AEI-B do PERI-2. Conxo de Arriba','','',''),(304,2,0,'Cambio de sistema de actuación e Estatutos e Bases de actuación da Xunta de Compensación da AEI-B do PERI-2. Conxo de Arriba','Cambio de sistema de actuación e Estatutos e Bases de actuación da Xunta de Compensación da AEI-B do PERI-2. Conxo de Arriba','','',''),(306,1,0,'Cambio de Sistema de Actuación e Estatutos e Bases de Actuación da Xunta de Compensación da AEI-D do PERI-2. Conxo de Arriba','Cambio de Sistema de Actuación e Estatutos e Bases de Actuación da Xunta de Compensación da AEI-D do PERI-2. Conxo de Arriba','','',''),(306,2,0,'AEI-D_DO_PERI-2_CONXO_DE_ARRIBA','AEI-D_DO_PERI-2_CONXO_DE_ARRIBA','','',''),(307,1,0,'Ano 2020','Ano 2020','','',''),(307,2,0,'Año 2020','Año 2020','','',''),(308,1,0,'Estudo de detalle das parcelas C3c01a e C3c01b do Parque empresarial da Sionlla (REF. catastral 1410909NH4511A0000KF e 1410910NH4511A0000MF)','Estudo de detalle das parcelas C3c01a e C3c01b do Parque empresarial da Sionlla (REF. catastral 1410909NH4511A0000KF y 1410910NH4511A0000MF)','','',''),(308,2,0,'Estudio de detalle de las parcelas C3c01a y C3c01b del Parque empresarial de la Sionlla ','Estudio de detalle de las parcelas C3c01a y C3c01b del Parque empresarial de la Sionlla','','',''),(309,1,0,'Proxecto técnico de expropiación  complementaria-acceso Sur á estación Intermodal- rúa de Clara Campoamor. Aprobación provisional','Proxecto técnico de expropiación  complementaria-acceso Sur á estación Intermodal- rúa de Clara Campoamor. Aprobación provisional','','',''),(309,2,0,'Proyecto técnico de expropiación  complementaria-acceso Sur a la estación Intermodal- rúa de Clara Campoamor. Aprobación provisional','Proyecto técnico de expropiación  complementaria-acceso Sur a la estación Intermodal- rúa de Clara Campoamor. Aprobación provisional','','',''),(310,1,0,' Solicitude de inicio de avaliación ambiental estratéxica da Modificación do PXOM no ámbito do SUD 9/10. Estrada de Vigo-Chouchiños',' Solicitude de inicio de avaliación ambiental estratéxica da Modificación do PXOM no ámbito do SUD 9/10. Estrada de Vigo-Chouchiños','','',''),(310,2,0,' Solicitud de inicio de evaluación ambiental estratégica de la Modificación del PXOM en el ámbito del SUD 9/10. Carretera de Vigo-Chouchiños',' Solicitud de inicio de evaluación ambiental estratégica de la Modificación del PXOM en el ámbito del SUD 9/10. Carretera de Vigo-Chouchiños','','',''),(312,1,0,'Operación xurídica complementaria do Proxecto de reparcelación do solo urbanizable non programado número 38 (SUNP-38). Formarís','Operación xurídica complementaria do Proxecto de reparcelación do solo urbanizable non programado número 38 (SUNP-38). Formarís','','',''),(312,2,0,'Operación jurídica complementaria del Proyecto de reparcelación del suelo urbanizable no programado número 38 (SUNP-38). Formarís','','','',''),(313,1,0,'Modificación puntual do título III do PXOM. Regulación de usos','Modificación puntual do título III do PXOM. Regulación de usos','','',''),(313,2,0,'Modificación puntual del título III del PXOM. Regulación de usos.','Modificación puntual del título III del PXOM. Regulación de usos','','',''),(317,1,0,'Modificación puntual do artigo 21 (ordenanza 4B) do Plan parcial do SUP-6. Santa Marta','Modificación puntual do artigo 21 (ordenanza 4B) do Plan parcial do SUP-6. Santa Marta','','',''),(317,2,0,'Modificación puntual del artículo 21 (ordenanza 4B) del Plan parcial del SUP-6. Santa Marta','Modificación puntual del artículo 21 (ordenanza 4B) del Plan parcial del SUP-6. Santa Marta','','',''),(318,1,0,'Estudo de detalle para a dotación de accesibilidade ás vivendas da rúa do Penedo, números 56 a 68','Estudio de detalle para la dotación de accesibilidad a las viviendas de la rúa do Penedo, números 56 a 68','','',''),(318,2,0,'Estudo de detalle para a definición urbanística da dotación de accesibilidade aos inmobles de vivenda colectiva emprazados na Corredoira de Campsa (rú','Estudo de detalle para a definición urbanística da dotación de accesibilidade aos inmobles de vivenda colectiva emprazados na Corredoira de Campsa (rú','','',''),(319,1,0,'Orzamentos 2021','','','',''),(319,2,0,'Presupuestos 2021','','','',''),(322,1,0,'Proxecto de construción dun novo edificio administrativo para a Xunta de Galicia en San Caetano','Proxecto de construción dun novo edificio administrativo para a Xunta de Galicia en San Caetano','','',''),(322,2,0,'Proyecto de construcción de un nuevo edificio administrativo para la Xunta de Galicia en San Caetano','Proyecto de construcción de un nuevo edificio administrativo para la Xunta de Galicia en San Caetano','','',''),(324,1,0,'Subvencións ano 2021','','','',''),(324,2,0,'Subvenciones año 2021','','','',''),(325,1,0,'Ano 2021','Ano 2021','','',''),(325,2,0,'Año 2021','Año 2021','','',''),(326,1,0,'PMP ano 2021','Ano 2021','','',''),(326,2,0,'PMP año 2021','Año 2021','','',''),(327,1,0,'Liquidación orzamento Concello ano 2020','Liquidación orzamento Concello ano 2020','','',''),(327,2,0,'Liquidación presupuesto Ayuntamiento año 2020','Liquidación presupuesto Ayuntamiento año 2020','','',''),(328,1,0,'Liquidación orzamento Auditorio ano 2020','Liquidación orzamento Auditorio ano 2020','','',''),(328,2,0,'Liquidación presupuesto Auditorio año 2020','Liquidación presupuesto Auditorio año 2020','','',''),(330,1,0,'Estudo de detalle da parcela EQ-2 do Parque empresarial da Sionlla','Estudo de detalle da parcela EQ-2 do Parque empresarial da Sionlla','','',''),(330,2,0,'Estudio de detalle de la parcela EQ-2 do Parque empresarial da Sionlla','Estudio de detalle de la parcela EQ-2 do Parque empresarial da Sionlla','','',''),(331,1,0,'15078_ED_202106_AI_01PDF','15078_ED_202106_AI_01PDF','','',''),(331,2,0,'15078_ED_202106_AI_01PDF','15078_ED_202106_AI_01PDF','','',''),(332,1,0,'Documentación administrativa','Documentación administrativa','','',''),(332,2,0,'Documentación administrativa','Documentación administrativa','','',''),(334,1,0,'Transparencia organismos e empresas con participación municipal','Transparencia','','',''),(334,2,0,'Transparencia organismos y empresas con participación municipal','Transparencia','','',''),(335,1,0,'Páxinas web de transparencia de empresas e organismos con participación municipal','Páxinas web de transparencia de empresas e organismos con participación municipal','','',''),(335,2,0,'Páginas web de transparencia de empresas y organismos con participación municipal','Páginas web de transparencia de empresas y organismos con participación municipal','','',''),(337,1,0,'Anteproxecto de obras ampliación Complexo Hospitalario Universitario de Santiago de Compostela (CHUS)','Anteproxecto de ampliación do CHUS','','',''),(337,2,0,'Anteproyecto de obras ampliación do Complexo Hospitalario Universitario de Santiago de Compostela (CHUS)','Anteproyecto de ampliación del CHUS','','',''),(338,1,0,'Anteproxecto obras ampliación CHUS','Anteproxecto obras ampliación CHUS','','',''),(338,2,0,'Anteproyecto obras ampliación CHUS ','Anteproyecto obras ampliación CHUS ','','',''),(339,1,0,'Documentación administrativa','Documentación administrativa','','',''),(339,2,0,'Documentación administrativa','Documentación administrativa','','',''),(349,1,0,'Estudo de detalle para a dotación de accesibilidade aos inmobles de vivenda colectiva emprazados na praza de Ultreia ','Estudo de detalle para a dotación de accesibilidade aos inmobles de vivenda colectiva emprazados na praza de Ultreia ','','',''),(349,2,0,'Estudio de detalle para la dotación de accesibilidad a los inmuebles de vivienda colectiva emplazados en la plaza de Ultreia','Estudio de detalle para la dotación de accesibilidad a los inmuebles de vivienda colectiva emplazados en la plaza de Ultreia','','',''),(350,1,0,'Solicitude de inicio de avaliación ambiental estratéxica do Plan parcial do SUND-4. Rebordaos','Solicitude de inicio de avaliación ambiental estratéxica do Plan parcial do SUND-4. Rebordaos','','',''),(350,2,0,'Solicitud de inicio de evaluación ambiental estratégica del Plan parcial del SUND-4. Rebordaos','Solicitud de inicio de evaluación ambiental estratégica del Plan parcial del SUND-4. Rebordaos','','',''),(351,1,0,'Modificación puntual do Plan parcial do SUP-1 (Romero Donallo) no ámbito dos quinteiros 1 e 2 ','Modificación puntual do Plan parcial do SUP-1 (Romero Donallo) no ámbito dos quinteiros 1 e 2','','',''),(351,2,0,'Modificación puntual del Plan parcial del SUP-1 (Romero Donallo) en el ámbito de las manzanas 1 y 2 ','Modificación puntual del Plan parcial del SUP-1 (Romero Donallo) en el ámbito de las manzanas 1 y 2 ','','',''),(352,1,0,'Ordes do día do ano 2022','Ordes do día do ano 2022','','',''),(352,2,0,'Órdenes del día del año 2022','Órdenes del día del año 2022','','',''),(353,1,0,'Modificación do PXOM no ámbito do SUD 9/10. Estrada de Vigo-Chouchiños.','Modificación do PXOM no ámbito do 9/10. Estrada de Vigo-Chouchiños','','',''),(353,2,0,'Modificación del PXOM en el ámbito do SUD 9/10. Carretera de Vigo-Chouchiños.','Modificación del PXOM en el ámbito do SUD 9/10. Carretera de Vigo-Chouchiños.','','',''),(354,1,0,'Estudo de detalle do quinteiro 6 do Plan parcial do SUP-1. Romero Donallo','Estudo de detalle do quinteiro 6 do Plan parcial do SUP-1. Romero Donallo','','',''),(354,2,0,'Estudo de detalle de la manzana 6 del Plan parcial del SUP-1. Romero Donallo','Estudo de detalle de la manzana 6 del Plan parcial del SUP-1. Romero Donallo','','',''),(355,1,0,'Estudo de detalle dos quinteiros 1-2 do Plan parcial do SUP-1. Romero Donallo','Estudo de detalle dos quinteiros 1-2 do Plan parcial do SUP-1. Romero Donallo','','',''),(355,2,0,'Estudo de detalle de las manzanas 1-2 del Plan parcial del SUP-1. Romero Donallo','E. D manzanas 1_2  Plan parcial del SUP-1. Romero Donallo','','',''),(356,1,0,'Plan especial de infraestruturas e dotacións na parcela IA-8. Plataforma loxística de Mallou','Plataforma loxística de Mallou','','',''),(356,2,0,'Plan especial de infraestructuras y dotaciones en la parcela IA-8. Plataforma logística de Mallou','Plataforma logística de Mallou','','',''),(357,1,0,'Integridade','Integridade','','',''),(357,2,0,'Integridad','Integridad','','',''),(358,1,0,'Canle denuncias','Canle denuncias','','',''),(358,2,0,'Canal denuncias','Canal denuncias','','',''),(361,1,0,'Orzamentos 2022','Orzamentos 2022','','',''),(361,2,0,'Presupuestos 2022','Presupuestos 2022','','',''),(362,1,0,'Modificación do Proxecto de urbanización SUP-1 (Romero Donallo)','Modificación do Proxecto de urbanización SUP-1 (Romero Donallo)','','',''),(362,2,0,'Modificación del Proyecto de urbanización del SUP1 (Romero Donallo)','Modificación del Proyecto de urbanización del SUP1 (Romero Donallo)','','',''),(363,1,0,'Subvencións ano 2022','Subvencións ano 2022','','',''),(363,2,0,'Subvenciones año 2022','Subvenciones año 2022','','',''),(364,1,0,'Expropiación complementaria no ámbito da reserva de equipamento IA-8 do PXOM','Expropiación complementaria no ámbito da reserva de equipamento IA-8 do PXOM','','',''),(364,2,0,'Expropiación complementaria en el ámbito de la reserva de equipamiento IA-8 del PXOM','Expropiación complementaria en el ámbito de la reserva de equipamiento IA-8 del PXOM','','',''),(365,1,0,'Ano 2022','Ano 2022','','',''),(365,2,0,'Año 2022','Año 2022','','',''),(366,1,0,'Liquidacións orzamentarias ano 2021','Liquidacións orzamentarias ano 2021','','',''),(366,2,0,'Liquidaciones presupuestarias año 2021','Liquidaciones presupuestarias año 2021','','',''),(367,1,0,'PMP ano 2022','PMP ano 2022','','',''),(367,2,0,'PMP año 2022','PMP año 2022','','',''),(368,1,0,'Estudo de detalle da parcela B4b01c do Parque Empresarial da Sionlla','Estudo de detalle da parcela B4b01c do Parque Empresarial da Sionlla','','',''),(368,2,0,'Estudio de detalle de la parcela B4b01c del Parque Empresarial de la Sionlla','Estudio de detalle de la parcela B4b01c del Parque Empresarial de la Sionlla','','',''),(369,1,0,'Plan especial director de ordenación e rehabilitación do Camiño Francés (PE-3)','Plan especial director de ordenación e rehabilitación do Camiño Francés (PE-3)','','',''),(369,2,0,'Plan especial director de ordenación y rehabilitación del Camino Francés (PE-3)','Plan especial director de ordenación y rehabilitación del Camino Francés (PE-3)','','',''),(371,1,0,'Plan especial de infraestruturas e dotacións na parcela de servizos urbanos SU-3. Tambre Norte','Plan especial de infraestruturas e dotacións na parcela de servizos urbanos SU-3. Tambre Norte','','',''),(371,2,0,' Plan especial de infraestructuras y dotaciones en la parcela  de servicios urbanos SU-3. Tambre Norte',' Plan especial de infraestructuras y dotaciones en la parcela de servicios urbanos SU-3. Tambre Norte','','',''),(372,1,0,'Solicitude de inicio de avaliación ambiental estratéxica da Modificación do Plan parcial do SUNP-7. O Avío','Solicitude de inicio de avaliación ambiental estratéxica da Modificación do Plan parcial do SUNP-7. O Avío','','',''),(372,2,0,'Solicitud de inicio de evaluación ambiental estratégica de la Modificación del Plan parcial del SUNP-7. O Avío','Solicitud de inicio de evaluación ambiental estratégica de la Modificación del Plan parcial del SUNP-7. O Avío','','',''),(373,1,0,'Proxecto de Expropiación para a creación dunha Plataforma Loxística de Intercambio de Mercadorías na Parcela SU-3 do PXOM (fase I)','Proxecto de Expropiación para a creación dunha Plataforma Loxística de Intercambio de Mercadorías na Parcela SU-3 do PXOM (fase I)','','',''),(373,2,0,'Proyecto de Expropiación para a creación de una Plataforma Logística de Intercambio de Mercancías en la Parcela SU-3 do PXOM (fase I)','Proyecto de Expropiación para a creación de una Plataforma Logística de Intercambio de Mercancías en la Parcela SU-3 do PXOM (fase I)','','',''),(376,1,0,'PE-1R. Igrexa, hospital psiquiátrico e mosteiro de Conxo cos seus xardíns e hortas, zonas de acceso e núcleos da contorna','PE-1R. Igrexa, hospital psiquiátrico e mosteiro de Conxo cos seus xardíns e hortas, zonas de acceso e núcleos da contorna','','',''),(376,2,0,'PE-1R. Iglesia, hospital psiquiátrico y monasterio de Conxo con sus jardines y huertas, zonas de acceso y núcleos del entorno','PE-1R. Iglesia, hospital psiquiátrico y monasterio de Conxo con sus jardines y huertas, zonas de acceso y núcleos del entorno','','',''),(377,1,0,'Expediente complementario do Proxecto de equidistribución do PERI-12 (antigo Colexio Manuel Peleteiro)','Expediente complementario do Proxecto de equidistribución do PERI-12 (antigo Colexio Manuel Peleteiro)','','',''),(377,2,0,'Expediente complementario del Proyecto de equidistribución del PERI-12 (antiguo Colegio Manuel Peleteiro)','Expediente complementario del Proyecto de equidistribución del PERI-12 (antiguo Colegio Manuel Peleteiro)','','',''),(378,1,0,'PE-1R. Igrexa, hospital psiquiátrico e mosteiro de Conxo cos seus xardíns e hortas, zonas de acceso e núcleos da contorna','PE-1R. Igrexa, hospital psiquiátrico e mosteiro de Conxo cos seus xardíns e hortas, zonas de acceso e núcleos da contorna','','',''),(378,2,0,'PE-1R. Iglesia, hospital psiquiátrico y monasterio de Conxo con sus jardines y huertas, zonas de acceso y núcleos del entorno','PE-1R. Iglesia, hospital psiquiátrico y monasterio de Conxo con sus jardines y huertas, zonas de acceso y núcleos del entornoV','','',''),(380,1,0,'Proxecto de equidistribución do polígono único do Plan parcial do SUD-11. Muíño de Vidán','Proxecto de equidistribución do polígono único do Plan parcial do SUD-11. Muíño de Vidán','','',''),(380,2,0,'Proyecto de equidistribución del polígono único del Plan parcial del SUD-11. Muíño de Vidán','Proyecto de equidistribución del polígono único del Plan parcial del SUD-11. Muíño de Vidán','','',''),(381,1,0,'Cambio de sistema de actuación e estatutos e bases de actuación da Xunta de Compensación da AEI-A do PERI-2. Conxo de Arriba','Cambio de sistema de actuación e estatutos e bases de actuación da Xunta de Compensación da AEI-A do PERI-2. Conxo de Arriba','','',''),(381,2,0,'Cambio de sistema de actuación e estatutos e bases de actuación da Xunta de Compensación da AEI-A do PERI-2. Conxo de Arriba','Cambio de sistema de actuación e estatutos e bases de actuación da Xunta de Compensación da AEI-A do PERI-2. Conxo de Arriba','','',''),(383,1,0,'Anteproxecto para o Centro de Prontoterapia en Galicia','Anteproxecto para o Centro Prontoterapia en Galicia','','',''),(383,2,0,'Anteproyecto para el Centro de Prontoterapia en Galicia','Anteproyecto para el Centro de Prontoterapia en Galicia','','',''),(384,1,0,'Proxecto reformado da Reparcelación da unidade de actuación UA-2 do PERI-7. Ponte Pedriña','Proxecto reformado da Reparcelación da unidade de actuación UA-2 do PERI-7. Ponte Pedriña','','',''),(384,2,0,'Proxecto reformado da Reparcelación da unidade de actuación UA-2 do PERI-7. Ponte Pedriña','Proxecto reformado da Reparcelación da unidade de actuación UA-2 do PERI-7. Ponte Pedriña','','',''),(385,1,0,'Subvencións ano 2023','Subvencións ano 2023','','',''),(385,2,0,'Subvenciones año 2023','Subvenciones año 2023','','',''),(386,1,0,'Modificación puntual do Plan parcial do SUNP-7. O Avío','Modificación puntual do Plan parcial do SUNP-7. O Avío','','',''),(386,2,0,'Modificación puntual del Plan parcial del SUNP-7. O Avío','Modificación puntual del Plan parcial del SUNP-7. O Avío','','',''),(387,1,0,'Estudo de detalle para establecemento de condicións estéticas de fachada nos chalés adosados na zona Z.1 do SUNP-29 (Brandía)','Estudo de detalle para establecemento de condicións estéticas de fachada nos chalés adosados na zona Z.1 do SUNP-29 (Brandía)','','',''),(387,2,0,'Estudio de detalle para establecimiento de condiciones estéticas de fachada en los chalés adosados de la zona Z.1 del SUNP-29 (Brandía)','Estudio de detalle para establecimiento de condiciones estéticas de fachada en los chalés adosados de la zona Z.1 del SUNP-29 (Brandía)','','',''),(389,1,0,'Corporación municipal 2019/2023','Corporación municipal 2019/2023','','',''),(389,2,0,'Corporación municipal 2019/2023','Corporación municipal 2019/2023','','',''),(390,1,0,'Corporación Municipal 2019-2023','Corporación Municipal 2019-2023','','',''),(390,2,0,'Corporación Municipal 2019-2023','Corporación Municipal 2019-2023','','',''),(391,1,0,'Proxecto de equidistribución do P-40. A Rocha','Proxecto de equidistribución do P-40. A Rocha','','',''),(391,2,0,'Proyecto de equidistribución del P-40. A Rocha','Proyecto de equidistribución del P-40. A Rocha','','',''),(392,1,0,'PLAN PARCIAL DO SUND-4. REBORDAOS','PLAN PARCIAL DO SUND-4. REBORDAOS','','',''),(392,2,0,'PLAN PARCIAL Del SUND-4. REBORDAOS','PLAN PARCIAL Del SUND-4. REBORDAOS','','',''),(393,1,0,'PROXECTO DE EQUIDISTRIBUCIÓN DO P-40. A ROCHA','PROXECTO DE EQUIDISTRIBUCIÓN DO P-40. A ROCHA','','',''),(393,2,0,'PROXECTO DE EQUIDISTRIBUCIÓN DO P40 A ROCHA','PROXECTO DE EQUIDISTRIBUCIÓN DO P40 A ROCHA','','',''),(394,1,0,'Suspensión previa para estudo da reforma do planeamento vixente no ámbito da OE-6 (escolas de Maxisterio en Xoán XXIII)','Suspensión previa para estudo da reforma do planeamento vixente no ámbito da OE-6 (escolas de Maxisterio en Xoán XXIII)','','',''),(394,2,0,'Suspensión previa para estudio de la reforma del planeamiento vigente en el ámbito de la OE-6 (escuelas de Magisterio en Xoán XXIII)','Suspensión previa para estudio de la reforma del planeamiento vigente en el ámbito de la OE-6 (escuelas de Magisterio en Xoán XXIII)','','',''),(395,1,0,'Convocatoria 2023 Plan Estatal de Vivenda 2018-2021','Convocatoria 2023 Plan Estatal de Vivienda 2018-2021','','',''),(395,2,0,'Convocatoria 2023 en el área de regeneración y renovación del barrio de Vite','Convocatoria 2023 en el área de regeneración y renovación del barrio de Vite','','',''),(396,1,0,'Modificación puntual do PXOM e do PE-1 no ámbito da parcela EM-FE (O Espiño)','Modificación puntual do PXOM e do PE-1 no ámbito da parcela EM-FE (O Espiño)','','',''),(396,2,0,'Modificación puntual del PXOM y del PE-1 en el ámbito de la parcela EM-FE (O Espiño)','Modificación puntual del PXOM y del PE-1 en el ámbito de la parcela EM-FE (O Espiño)','','',''),(398,1,0,'Estudo de detalle da zona de edificación universitaria ZEU-25 do PE-8','Estudo de detalle da zona de edificación universitaria ZEU-25 do PE-8','','',''),(398,2,0,'Estudio de detalle de la zona de edificación universitaria ZEU-25 del PE-8','Estudio de detalle de la zona de edificación universitaria ZEU-25 del PE-8','','',''),(399,1,0,'Estudo de detalle para a accesibilidade de dous edificios de vivendas situados na travesa da Choupana, números 3 e 4','Estudo de detalle para a accesibilidade de dous edificios de vivendas situados na travesa da Choupana, números 3 e 4','','',''),(399,2,0,'Estudio de detalle para la accesibilidad de dos edificios de vivendas situados en la travesía de la Choupana, números 3 y 4','Estudio de detalle para la accesibilidad de dos edificios de vivendas situados en la travesía de la Choupana, números 3 y 4','','',''),(400,1,0,'Plan especial da parcela dotacional de servizos urbanos SU-4. Amio - Meixonfrío ','Plan especial da parcela dotacional de servizos urbanos SU-4. Amio - Meixonfrío ','','',''),(400,2,0,'Plan especial de la parcela dotacional de servicios urbanos SU-4. Amio - Meixonfrío ','Plan especial de la parcela dotacional de servicios urbanos SU-4. Amio - Meixonfrío ','','',''),(401,1,0,'Modificación da ficha A 17 do Catálogo do PXOM. Rosalía de Castro num. 72, 74, 76 e 78','Modificación da ficha A 17 do Catálogo do PXOM. Rosalía de Castro num. 72, 74, 76 e 78','','',''),(401,2,0,'Modificación da ficha A 17 do Catálogo do PXOM. Rosalía de Castro num. 72, 74, 76 e 78','Modificación da ficha A 17 do Catálogo do PXOM. Rosalía de Castro num. 72, 74, 76 e 78','','','');

--
-- Table structure for table `seccionweb_moduloopcion`
--

CREATE TABLE `seccionweb_moduloopcion` (
  `id_seccionweb` int(11) NOT NULL,
  `id_moduloopcion` int(11) NOT NULL,
  `cantidad_moduloopcion` int(11) DEFAULT NULL,
  `activo_moduloopcion` int(11) NOT NULL
) ENGINE=InnoDB DEFAULT CHARSET=latin1;

--
-- Dumping data for table `seccionweb_moduloopcion`
--

INSERT INTO `seccionweb_moduloopcion` VALUES (1,14,0,1),(1,15,0,1),(1,16,0,0),(1,22,1,1),(1,23,1,1),(1,41,0,0),(1,74,0,1),(1,76,0,0),(2,14,0,1),(2,15,0,1),(2,16,0,0),(2,22,1,1),(2,23,1,1),(2,41,0,0),(2,74,0,1),(2,76,0,0),(3,14,0,1),(3,15,0,1),(3,16,0,0),(3,22,1,1),(3,23,1,1),(3,41,0,0),(3,74,0,1),(3,76,0,0),(4,14,0,1),(4,15,0,1),(4,16,0,1),(4,22,10,1),(4,23,10,1),(4,41,0,1),(4,74,0,1),(4,76,0,1),(5,14,0,1),(5,15,0,1),(5,16,0,0),(5,22,1,1),(5,23,1,1),(5,41,0,0),(5,74,0,1),(5,76,0,0),(6,14,0,1),(6,15,0,1),(6,16,0,0),(6,22,1,1),(6,23,1,1),(6,41,0,0),(6,74,0,1),(6,76,0,0),(7,14,0,1),(7,15,0,1),(7,16,0,0),(7,22,1,1),(7,23,1,1),(7,41,0,0),(7,74,0,1),(7,76,0,0),(8,14,0,1),(8,15,0,1),(8,16,0,0),(8,22,1,1),(8,23,1,1),(8,41,0,0),(8,74,0,1),(8,76,0,0),(9,14,0,1),(9,15,0,1),(9,16,0,0),(9,22,1,1),(9,23,1,1),(9,41,0,0),(9,74,0,1),(9,76,0,0),(10,14,0,1),(10,15,0,1),(10,16,0,0),(10,22,1,1),(10,23,1,1),(10,41,0,0),(10,74,0,1),(10,76,0,0),(11,14,0,1),(11,15,0,1),(11,16,0,0),(11,22,1,1),(11,23,1,1),(11,41,0,0),(11,74,0,1),(11,76,0,0),(12,14,0,1),(12,15,0,1),(12,16,0,0),(12,22,1,1),(12,23,1,1),(12,41,0,0),(12,74,0,1),(12,76,0,0),(13,14,0,1),(13,15,0,1),(13,16,0,0),(13,22,1,1),(13,23,1,1),(13,41,0,0),(13,74,0,1),(13,76,0,0),(14,14,0,1),(14,15,0,1),(14,16,0,0),(14,22,1,1),(14,23,1,1),(14,41,0,0),(14,74,0,1),(14,76,0,0),(15,34,0,0),(15,35,1,1),(15,36,10,1),(15,53,0,0),(16,14,0,1),(16,15,0,1),(16,16,0,0),(16,22,1,1),(16,23,1,1),(16,41,0,0),(16,74,0,1),(16,76,0,0),(17,14,0,1),(17,15,0,1),(17,16,0,0),(17,22,1,1),(17,23,1,1),(17,41,0,0),(17,74,0,1),(17,76,0,0),(18,14,0,1),(18,15,0,1),(18,16,0,0),(18,22,1,1),(18,23,1,1),(18,41,0,0),(18,74,0,1),(18,76,0,0),(19,14,0,1),(19,15,0,1),(19,16,0,0),(19,22,1,1),(19,23,1,1),(19,41,0,0),(19,74,0,1),(19,76,0,0),(20,14,0,1),(20,15,0,1),(20,16,0,0),(20,22,1,1),(20,23,1,1),(20,41,0,0),(20,74,0,1),(20,76,0,0),(21,52,0,0),(22,34,0,0),(22,35,1,1),(22,36,10,1),(22,53,0,0),(23,14,0,1),(23,15,0,1),(23,16,0,0),(23,22,1,1),(23,23,1,1),(23,41,0,0),(23,74,0,1),(23,76,0,0),(24,14,0,1),(24,15,0,1),(24,16,0,0),(24,22,1,1),(24,23,1,1),(24,41,0,0),(24,74,0,1),(24,76,0,0),(25,52,0,0),(26,52,0,0),(27,52,0,0),(28,14,0,1),(28,15,0,1),(28,16,0,0),(28,22,1,1),(28,23,1,1),(28,41,0,0),(28,74,0,1),(28,76,0,0),(29,14,0,1),(29,15,0,1),(29,16,0,0),(29,22,1,1),(29,23,1,1),(29,41,0,0),(29,74,0,1),(29,76,0,0),(30,14,0,1),(30,15,0,1),(30,16,0,0),(30,22,1,1),(30,23,1,1),(30,41,0,0),(30,74,0,1),(30,76,0,0),(31,14,0,1),(31,15,0,1),(31,16,0,0),(31,22,1,1),(31,23,1,1),(31,41,0,0),(31,74,0,1),(31,76,0,0),(32,14,0,1),(32,15,0,1),(32,16,0,0),(32,22,1,1),(32,23,1,1),(32,41,0,0),(32,74,0,1),(32,76,0,0),(33,14,0,1),(33,15,0,1),(33,16,0,0),(33,22,1,1),(33,23,1,1),(33,41,0,0),(33,74,0,1),(33,76,0,0),(34,14,0,1),(34,15,0,1),(34,16,0,0),(34,22,1,1),(34,23,1,1),(34,41,0,0),(34,74,0,1),(34,76,0,0),(35,52,0,0),(36,52,0,0),(37,14,0,1),(37,15,0,1),(37,16,0,0),(37,22,1,1),(37,23,1,1),(37,41,0,0),(37,74,0,1),(37,76,0,0),(38,14,0,1),(38,15,0,1),(38,16,0,0),(38,22,1,1),(38,23,1,1),(38,41,0,0),(38,74,0,1),(38,76,0,0),(39,52,0,0),(40,14,0,1),(40,15,0,1),(40,16,0,0),(40,22,1,1),(40,23,1,1),(40,41,0,0),(40,74,0,1),(40,76,0,0),(41,14,0,1),(41,15,0,1),(41,16,0,1),(41,22,10,1),(41,23,10,1),(41,41,0,1),(41,74,0,1),(41,76,0,1),(43,14,0,1),(43,15,0,1),(43,16,0,0),(43,22,1,1),(43,23,1,1),(43,41,0,0),(43,74,0,1),(43,76,0,0),(44,14,0,1),(44,15,0,1),(44,16,0,0),(44,22,1,1),(44,23,1,1),(44,41,0,0),(44,74,0,1),(44,76,0,0),(46,52,0,0),(47,52,0,0),(48,52,0,0),(49,52,0,0),(50,14,0,1),(50,15,0,1),(50,16,0,0),(50,22,1,1),(50,23,1,1),(50,41,0,0),(50,74,0,1),(50,76,0,0),(51,52,0,0),(52,52,0,0),(53,52,0,0),(54,52,0,0),(55,52,0,0),(56,52,0,0),(57,14,0,1),(57,15,0,1),(57,16,0,0),(57,22,1,1),(57,23,1,1),(57,41,0,0),(57,74,0,1),(57,76,0,0),(58,14,0,1),(58,15,0,1),(58,16,0,0),(58,22,1,1),(58,23,1,1),(58,41,0,0),(58,74,0,1),(58,76,0,0),(60,52,0,0),(61,52,0,0),(62,52,0,0),(63,52,0,0),(64,14,0,1),(64,15,0,1),(64,16,0,0),(64,22,1,1),(64,23,1,1),(64,41,0,0),(64,74,0,1),(64,76,0,0),(65,14,0,1),(65,15,0,1),(65,16,0,1),(65,22,10,1),(65,23,10,1),(65,41,0,1),(65,74,0,1),(65,76,0,1),(66,14,0,1),(66,15,0,1),(66,16,0,1),(66,22,10,1),(66,23,10,1),(66,41,0,1),(66,74,0,1),(66,76,0,1),(67,14,0,1),(67,15,0,1),(67,16,0,1),(67,22,10,1),(67,23,10,1),(67,41,0,1),(67,74,0,1),(67,76,0,1),(68,14,0,1),(68,15,0,1),(68,16,0,1),(68,22,10,1),(68,23,10,1),(68,41,0,1),(68,74,0,1),(68,76,0,1),(69,14,0,1),(69,15,0,1),(69,16,0,1),(69,22,10,1),(69,23,10,1),(69,41,0,1),(69,74,0,1),(69,76,0,1),(70,14,0,1),(70,15,0,1),(70,16,0,1),(70,22,10,1),(70,23,10,1),(70,41,0,1),(70,74,0,1),(70,76,0,1),(71,14,0,1),(71,15,0,1),(71,16,0,0),(71,22,1,1),(71,23,1,1),(71,41,0,0),(71,74,0,1),(71,76,0,0),(72,14,0,1),(72,15,0,1),(72,16,0,0),(72,22,1,1),(72,23,1,1),(72,41,0,0),(72,74,0,1),(72,76,0,0),(42,52,0,1),(73,14,0,1),(73,15,0,1),(73,16,0,0),(73,22,1,1),(73,23,1,1),(73,41,0,0),(73,74,0,1),(73,76,0,0),(74,52,0,1),(75,52,0,1),(76,52,0,1),(77,52,0,1),(78,52,0,1),(79,52,0,1),(80,52,0,1),(81,52,0,1),(82,52,0,1),(83,52,0,1),(84,52,0,1),(85,52,0,1),(86,52,0,1),(87,52,0,1),(88,52,0,1),(89,52,0,1),(90,52,0,1),(91,52,0,1),(92,52,0,1),(93,14,0,1),(93,15,0,1),(93,16,0,1),(93,22,10,1),(93,23,10,1),(93,41,0,1),(93,74,0,1),(93,76,0,1),(94,14,0,1),(94,15,0,1),(94,16,0,1),(94,22,10,1),(94,23,10,1),(94,41,0,1),(94,74,0,1),(94,76,0,1),(95,52,0,0),(96,14,0,1),(96,15,0,1),(96,16,0,1),(96,22,10,1),(96,23,10,1),(96,41,0,1),(96,74,0,1),(96,76,0,1),(97,52,0,1),(98,52,0,1),(99,14,0,1),(99,15,0,1),(99,16,0,1),(99,22,10,1),(99,23,10,1),(99,41,0,1),(99,74,0,1),(99,76,0,1),(100,14,0,1),(100,15,0,1),(100,16,0,1),(100,22,10,1),(100,23,10,1),(100,41,0,1),(100,74,0,1),(100,76,0,1),(101,14,0,1),(101,15,0,1),(101,16,0,1),(101,22,10,1),(101,23,10,1),(101,41,0,1),(101,74,0,1),(101,76,0,1),(102,52,0,1),(103,52,0,1),(104,52,0,1),(105,52,0,1),(106,52,0,1),(107,52,0,0),(108,52,0,1),(109,52,0,1),(110,14,0,1),(110,15,0,1),(110,16,0,0),(110,22,10,1),(110,23,10,1),(110,41,0,1),(110,74,0,1),(110,76,0,1),(111,14,0,1),(111,15,0,1),(111,16,0,0),(111,22,10,1),(111,23,10,1),(111,41,0,1),(111,74,0,1),(111,76,0,1),(112,14,0,1),(112,15,0,1),(112,16,0,0),(112,22,10,1),(112,23,10,1),(112,41,0,1),(112,74,0,1),(112,76,0,1),(113,14,0,1),(113,15,0,1),(113,16,0,0),(113,22,10,1),(113,23,10,1),(113,41,0,1),(113,74,0,1),(113,76,0,1),(114,14,0,1),(114,15,0,1),(114,16,0,0),(114,22,10,1),(114,23,10,1),(114,41,0,1),(114,74,0,1),(114,76,0,1),(115,14,0,1),(115,15,0,1),(115,16,0,0),(115,22,10,1),(115,23,10,1),(115,41,0,1),(115,74,0,1),(115,76,0,1),(116,14,0,1),(116,15,0,1),(116,16,0,0),(116,22,10,1),(116,23,10,1),(116,41,0,1),(116,74,0,1),(116,76,0,1),(117,14,0,1),(117,15,0,1),(117,16,0,0),(117,22,10,1),(117,23,10,1),(117,41,0,1),(117,74,0,1),(117,76,0,1),(118,14,0,1),(118,15,0,1),(118,16,0,0),(118,22,10,1),(118,23,10,1),(118,41,0,1),(118,74,0,1),(118,76,0,1),(119,52,0,1),(120,52,0,1),(122,52,0,1),(123,52,0,1),(124,52,0,1),(125,52,0,1),(126,52,0,1),(127,52,0,1),(128,52,0,1),(129,14,0,1),(129,15,0,1),(129,16,0,0),(129,22,10,1),(129,23,10,1),(129,41,0,1),(129,74,0,1),(129,76,0,1),(130,14,0,1),(130,15,0,1),(130,16,0,0),(130,22,10,1),(130,23,10,1),(130,41,0,1),(130,74,0,1),(130,76,0,1),(131,52,0,1),(132,14,0,1),(132,15,0,1),(132,16,0,1),(132,22,10,1),(132,23,10,1),(132,41,0,1),(132,74,0,1),(132,76,0,1),(133,52,0,1),(134,52,0,1),(135,52,0,1),(136,52,0,1),(137,14,0,1),(137,15,0,1),(137,16,0,1),(137,22,10,1),(137,23,10,1),(137,41,0,1),(137,74,0,1),(137,76,0,1),(138,14,0,1),(138,15,0,1),(138,16,0,1),(138,22,10,1),(138,23,10,1),(138,41,0,1),(138,74,0,1),(138,76,0,1),(139,52,0,1),(140,14,0,1),(140,15,0,1),(140,16,0,1),(140,22,10,1),(140,23,10,1),(140,41,0,1),(140,74,0,1),(140,76,0,1),(141,52,0,1),(142,52,0,1),(143,52,0,1),(144,52,0,1),(145,14,0,1),(145,15,0,1),(145,16,0,1),(145,22,10,1),(145,23,10,1),(145,41,0,1),(145,74,0,1),(145,76,0,1),(146,52,0,1),(147,52,0,1),(148,52,0,1),(149,14,0,1),(149,15,0,1),(149,16,0,1),(149,22,10,1),(149,23,10,1),(149,41,0,1),(149,74,0,1),(149,76,0,1),(150,52,0,1),(151,52,0,1),(152,52,0,1),(153,52,0,1),(154,52,0,1),(156,52,0,1),(157,52,0,1),(158,52,0,1),(159,52,0,1),(160,52,0,1),(161,52,0,1),(162,52,0,1),(163,52,0,1),(164,52,0,1),(165,52,0,1),(170,52,0,1),(172,52,0,1),(173,52,0,1),(174,52,0,1),(175,52,0,1),(176,52,0,1),(177,52,0,1),(178,52,0,1),(179,52,0,1),(180,52,0,1),(181,52,0,1),(182,52,0,1),(186,52,0,1),(187,52,0,1),(188,52,0,1),(192,52,0,1),(193,52,0,1),(197,52,0,1),(200,52,0,1),(201,52,0,1),(202,52,0,1),(203,52,0,1),(204,52,0,1),(207,52,0,1),(208,52,0,1),(209,52,0,1),(210,52,0,1),(211,52,0,1),(212,52,0,1),(215,52,0,1),(216,52,0,1),(217,52,0,1),(218,52,0,1),(225,52,0,1),(226,52,0,1),(227,52,0,1),(228,52,0,1),(229,52,0,1),(230,52,0,1),(231,52,0,1),(232,52,0,1),(233,52,0,1),(234,52,0,1),(237,52,0,1),(236,52,0,1),(240,52,0,1),(241,52,0,1),(242,52,0,1),(243,52,0,1),(244,52,0,1),(245,52,0,1),(246,52,0,1),(247,52,0,1),(250,52,0,1),(251,52,0,1),(252,52,0,1),(253,52,0,1),(254,52,0,1),(255,52,0,1),(256,52,0,1),(257,52,0,1),(258,52,0,1),(259,52,0,1),(260,14,0,1),(260,15,0,1),(260,16,0,1),(260,22,10,1),(260,23,10,1),(260,41,0,1),(260,74,0,1),(260,76,0,1),(121,52,0,1),(261,14,0,1),(261,15,0,1),(261,16,0,1),(261,22,10,1),(261,23,10,1),(261,41,0,1),(261,74,0,1),(261,76,0,1),(262,52,0,1),(263,14,0,1),(263,15,0,1),(263,16,0,1),(263,22,10,1),(263,23,10,1),(263,41,0,1),(263,74,0,1),(263,76,0,1),(59,52,0,1),(264,52,0,1),(265,14,0,1),(265,15,0,1),(265,16,0,1),(265,22,10,1),(265,23,10,1),(265,41,0,1),(265,74,0,1),(265,76,0,1),(266,52,0,1),(267,52,0,1),(268,52,0,1),(269,52,0,1),(273,52,0,1),(274,52,0,1),(166,52,0,1),(275,52,0,1),(277,52,0,1),(279,52,0,1),(280,52,0,1),(281,52,0,1),(283,52,0,1),(284,52,0,1),(285,52,0,1),(290,52,0,1),(291,52,0,1),(292,52,0,1),(295,52,0,1),(296,52,0,1),(297,52,0,1),(300,14,0,1),(300,15,0,1),(300,16,0,1),(300,22,10,1),(300,23,10,1),(300,41,0,1),(300,74,0,1),(300,76,0,1),(301,14,0,1),(301,15,0,1),(301,16,0,1),(301,22,10,1),(301,23,10,1),(301,41,0,1),(301,74,0,1),(301,76,0,1),(303,52,0,1),(304,52,0,1),(306,52,0,1),(307,52,0,1),(308,52,0,1),(309,52,0,1),(310,52,0,1),(312,52,0,1),(313,52,0,1),(317,52,0,1),(318,52,0,1),(319,52,0,1),(322,52,0,1),(324,52,0,1),(325,52,0,1),(326,52,0,1),(327,52,0,1),(328,52,0,1),(330,52,0,1),(331,52,0,1),(332,52,0,1),(334,14,0,1),(334,15,0,1),(334,16,0,1),(334,22,10,1),(334,23,10,1),(334,41,0,1),(334,74,0,1),(334,76,0,1),(335,34,0,1),(335,35,10,1),(335,36,10,1),(335,53,0,1),(337,52,0,1),(338,52,0,1),(339,52,0,1),(349,52,0,1),(350,52,0,1),(351,52,0,1),(352,52,0,1),(353,52,0,1),(354,52,0,1),(355,52,0,1),(356,52,0,1),(357,14,0,1),(357,15,0,1),(357,16,0,1),(357,22,10,1),(357,23,10,1),(357,41,0,1),(357,74,0,1),(357,76,0,1),(358,14,0,1),(358,15,0,1),(358,16,0,0),(358,22,1,1),(358,23,1,1),(358,41,0,1),(358,74,0,1),(358,76,0,1),(45,52,0,1),(361,52,0,1),(362,52,0,1),(363,52,0,1),(364,52,0,1),(365,52,0,1),(366,52,0,1),(367,52,0,1),(368,52,0,1),(369,52,0,1),(371,52,0,1),(372,52,0,1),(373,52,0,1),(376,52,0,1),(377,52,0,1),(378,52,0,1),(380,52,0,1),(381,52,0,1),(383,52,0,1),(384,52,0,1),(385,52,0,1),(386,52,0,1),(387,52,0,1),(389,14,0,1),(389,15,0,1),(389,16,0,1),(389,22,10,1),(389,23,10,1),(389,41,0,1),(389,74,0,1),(389,76,0,1),(390,14,0,1),(390,15,0,1),(390,16,0,1),(390,22,10,1),(390,23,10,1),(390,41,0,1),(390,74,0,1),(390,76,0,1),(391,52,0,1),(392,52,0,1),(393,52,0,1),(394,52,0,1),(395,52,0,1),(396,52,0,1),(398,52,0,1),(399,52,0,1),(400,52,0,1),(401,52,0,1);

--
-- Table structure for table `tipoarchivo`
--

CREATE TABLE `tipoarchivo` (
  `id_tipoarchivo` int(11) NOT NULL AUTO_INCREMENT,
  `desc_tipoarchivo` varchar(150) DEFAULT NULL,
  `pesomaximo_tipoarchivo` int(11) NOT NULL DEFAULT '500',
  `extensiones_tipoarchivo` varchar(255) DEFAULT NULL,
  PRIMARY KEY (`id_tipoarchivo`)
) ENGINE=InnoDB AUTO_INCREMENT=5 DEFAULT CHARSET=latin1;

--
-- Dumping data for table `tipoarchivo`
--

INSERT INTO `tipoarchivo` VALUES (1,'Archivos de v&iacute;deo',2048,'avi,flv,mpeg,wmv'),(2,'Archivos de sonido',512,'mp3'),(3,'Archivos de Imagen',700,'jpeg,jpg,png,gif,swf,JPEG,JPG,PNG,GIF'),(4,'Documentos de Texto',4096,'pdf,doc,txt,xls,zip,pps,ppt,docx,xlsx, PDF,DOC,TXT,XLS,ZIP,PPS,PPT,DOCX,XLSX,jpeg,jpg,png,gif,swf,JPEG,JPG,PNG,GIF');

--
-- Table structure for table `tipoarchivo_idiomacontrol`
--

CREATE TABLE `tipoarchivo_idiomacontrol` (
  `id_tipoarchivo` int(11) NOT NULL,
  `id_idiomacontrol` int(11) NOT NULL,
  `nombre_tipoarchivo` varchar(150) NOT NULL,
  PRIMARY KEY (`id_tipoarchivo`,`id_idiomacontrol`),
  KEY `id_idiomacontrol` (`id_idiomacontrol`),
  CONSTRAINT `tipoarchivo_idiomacontrol_ibfk_1` FOREIGN KEY (`id_tipoarchivo`) REFERENCES `tipoarchivo` (`id_tipoarchivo`) ON UPDATE CASCADE,
  CONSTRAINT `tipoarchivo_idiomacontrol_ibfk_2` FOREIGN KEY (`id_idiomacontrol`) REFERENCES `idiomacontrol` (`id_idiomacontrol`) ON UPDATE CASCADE
) ENGINE=InnoDB DEFAULT CHARSET=latin1;

--
-- Dumping data for table `tipoarchivo_idiomacontrol`
--

INSERT INTO `tipoarchivo_idiomacontrol` VALUES (1,1,'Arquivo de v&iacute;deo.'),(1,2,'Archivo de v&iacute;deo'),(2,1,'Arquivo de son'),(2,2,'Archivo de sonido'),(3,1,'Arquivo de imaxe'),(3,2,'Archivo de imagen'),(4,1,'Documentos de texto'),(4,2,'Documentos de texto');

--
-- Table structure for table `tipoarchivo_perfil`
--

CREATE TABLE `tipoarchivo_perfil` (
  `id_tipoarchivo` int(11) NOT NULL,
  `id_perfil` int(11) NOT NULL,
  `pesomaximo` int(11) NOT NULL DEFAULT '500',
  PRIMARY KEY (`id_tipoarchivo`,`id_perfil`),
  KEY `id_perfil` (`id_perfil`),
  CONSTRAINT `tipoarchivo_perfil_ibfk_1` FOREIGN KEY (`id_tipoarchivo`) REFERENCES `tipoarchivo` (`id_tipoarchivo`) ON UPDATE CASCADE,
  CONSTRAINT `tipoarchivo_perfil_ibfk_2` FOREIGN KEY (`id_perfil`) REFERENCES `perfil` (`id_perfil`) ON UPDATE CASCADE
) ENGINE=InnoDB DEFAULT CHARSET=latin1;

--
-- Dumping data for table `tipoarchivo_perfil`
--

INSERT INTO `tipoarchivo_perfil` VALUES (1,1,1024),(1,3,4096),(2,1,1024),(2,3,1024),(3,1,1024),(3,3,1024),(4,1,1024),(4,3,10240);

--
-- Table structure for table `videoteca`
--

CREATE TABLE `videoteca` (
  `id_videoteca` int(11) NOT NULL AUTO_INCREMENT,
  `desc_videoteca` varchar(200) DEFAULT NULL,
  `activo_videoteca` tinyint(1) NOT NULL DEFAULT '1',
  PRIMARY KEY (`id_videoteca`)
) ENGINE=InnoDB DEFAULT CHARSET=latin1 ROW_FORMAT=COMPACT;

--
-- Dumping data for table `videoteca`
--


--
-- Table structure for table `videoteca_archivo_idiomaweb`
--

CREATE TABLE `videoteca_archivo_idiomaweb` (
  `id_videoteca` int(11) NOT NULL,
  `id_archivo` int(11) NOT NULL,
  `id_idiomaweb` int(11) NOT NULL,
  `tags_videoteca_archivo_idiomaweb` varchar(255) DEFAULT NULL,
  `alt_videoteca_archivo_idiomaweb` varchar(255) NOT NULL,
  `titulo_videoteca_archivo_idiomaweb` varchar(150) DEFAULT NULL,
  `descripcion_videoteca_archivo_idiomaweb` text,
  `videoteca_archivo_cabecera_idiomaweb` int(11) NOT NULL,
  `activo_videoteca_archivo_idiomaweb` tinyint(1) NOT NULL DEFAULT '1',
  PRIMARY KEY (`id_videoteca`,`id_archivo`,`id_idiomaweb`),
  KEY `id_archivo` (`id_archivo`),
  KEY `id_idiomaweb` (`id_idiomaweb`),
  CONSTRAINT `videoteca_archivo_idiomaweb_ibfk_1` FOREIGN KEY (`id_videoteca`) REFERENCES `videoteca` (`id_videoteca`) ON UPDATE CASCADE,
  CONSTRAINT `videoteca_archivo_idiomaweb_ibfk_2` FOREIGN KEY (`id_archivo`) REFERENCES `archivo` (`id_archivo`) ON UPDATE CASCADE,
  CONSTRAINT `videoteca_archivo_idiomaweb_ibfk_3` FOREIGN KEY (`id_idiomaweb`) REFERENCES `idiomaweb` (`id_idiomaweb`) ON UPDATE CASCADE
) ENGINE=InnoDB DEFAULT CHARSET=latin1;

--
-- Dumping data for table `videoteca_archivo_idiomaweb`
--


--
-- Table structure for table `videoteca_categoria`
--

CREATE TABLE `videoteca_categoria` (
  `id_videoteca` int(11) NOT NULL,
  `id_categoria` int(11) NOT NULL,
  `orden_videoteca` int(11) NOT NULL,
  `activo_videoteca_categoria` tinyint(1) NOT NULL DEFAULT '1',
  PRIMARY KEY (`id_videoteca`,`id_categoria`),
  KEY `id_categoria` (`id_categoria`),
  CONSTRAINT `videoteca_categoria_ibfk_1` FOREIGN KEY (`id_videoteca`) REFERENCES `videoteca` (`id_videoteca`) ON UPDATE CASCADE,
  CONSTRAINT `videoteca_categoria_ibfk_2` FOREIGN KEY (`id_categoria`) REFERENCES `categoria` (`id_categoria`) ON UPDATE CASCADE
) ENGINE=InnoDB DEFAULT CHARSET=latin1;

--
-- Dumping data for table `videoteca_categoria`
--


--
-- Table structure for table `videoteca_idiomaweb`
--

CREATE TABLE `videoteca_idiomaweb` (
  `id_videoteca` int(11) NOT NULL,
  `id_idiomaweb` int(11) NOT NULL,
  `fecha_videoteca_idiomaweb` date NOT NULL,
  `hora_videoteca_idiomaweb` varchar(255) NOT NULL,
  `titulo_videoteca_idiomaweb` varchar(255) DEFAULT NULL,
  `texto_videoteca_idiomaweb` text,
  `tags_videoteca_idiomaweb` varchar(255) DEFAULT NULL,
  `orden_videoteca_idiomaweb` int(11) NOT NULL,
  `activo_videoteca_idiomaweb` int(11) NOT NULL,
  `autor_videoteca_idiomaweb` varchar(255) NOT NULL,
  `mostrar_autor_videoteca_idiomaweb` int(11) NOT NULL,
  `permitir_comentarios_videoteca_idiomaweb` int(11) NOT NULL,
  `permitir_valoracion_videoteca_idiomaweb` int(11) NOT NULL,
  PRIMARY KEY (`id_videoteca`,`id_idiomaweb`),
  KEY `id_idiomaweb` (`id_idiomaweb`),
  CONSTRAINT `videoteca_idiomaweb_ibfk_1` FOREIGN KEY (`id_videoteca`) REFERENCES `videoteca` (`id_videoteca`) ON UPDATE CASCADE,
  CONSTRAINT `videoteca_idiomaweb_ibfk_2` FOREIGN KEY (`id_idiomaweb`) REFERENCES `idiomaweb` (`id_idiomaweb`) ON UPDATE CASCADE
) ENGINE=InnoDB DEFAULT CHARSET=latin1;

--
-- Dumping data for table `videoteca_idiomaweb`
--


--
-- Table structure for table `visitaguiada`
--

CREATE TABLE `visitaguiada` (
  `id_visitaguiada` int(11) NOT NULL AUTO_INCREMENT,
  `ref_estado` int(11) NOT NULL,
  `ref_categoria` int(11) NOT NULL,
  `datainicio_visitaguiada` date DEFAULT NULL,
  `datafin_visitaguiada` date DEFAULT NULL,
  `datainicioinscripcion_visitaguiada` date DEFAULT NULL,
  `datafininscripcion_visitaguiada` date DEFAULT NULL,
  `horainicio_visitaguiada` varchar(25) DEFAULT NULL,
  `horafin_visitaguiada` varchar(25) DEFAULT NULL,
  `urlexterna_visitaguiada` varchar(255) DEFAULT NULL,
  `email_visitaguiada` varchar(255) DEFAULT NULL,
  `activo_visitaguiada` int(11) NOT NULL,
  PRIMARY KEY (`id_visitaguiada`),
  KEY `ref_estado` (`ref_estado`),
  KEY `ref_categoria` (`ref_categoria`),
  CONSTRAINT `visitaguiada_ibfk_1` FOREIGN KEY (`ref_estado`) REFERENCES `visitaguiadaestado` (`id_visitaguiadaestado`) ON DELETE CASCADE ON UPDATE CASCADE,
  CONSTRAINT `visitaguiada_ibfk_2` FOREIGN KEY (`ref_categoria`) REFERENCES `visitaguiadacategoria` (`id_visitaguiadacategoria`) ON DELETE CASCADE ON UPDATE CASCADE
) ENGINE=InnoDB DEFAULT CHARSET=latin1;

--
-- Dumping data for table `visitaguiada`
--


--
-- Table structure for table `visitaguiada_archivo_idiomaweb`
--

CREATE TABLE `visitaguiada_archivo_idiomaweb` (
  `id_visitaguiada` int(11) NOT NULL,
  `id_archivo` int(11) NOT NULL,
  `id_idiomaweb` int(11) NOT NULL,
  `titulo_visitaguiada_archivo_idiomaweb` varchar(255) DEFAULT NULL,
  `descripcion_visitaguiada_archivo_idiomaweb` text,
  `pie_visitaguiada_archivo_idiomaweb` varchar(200) DEFAULT NULL,
  `alt_visitaguiada_archivo_idiomaweb` varchar(200) DEFAULT NULL,
  `alineacion_visitaguiada_archivo_idiomaweb` varchar(2) DEFAULT NULL,
  `activo_visitaguiada_archivo_idiomaweb` int(1) DEFAULT NULL,
  PRIMARY KEY (`id_visitaguiada`,`id_idiomaweb`,`id_archivo`),
  KEY `fk_visitaguiada_archivo_idiomaweb` (`id_visitaguiada`),
  KEY `id_archivo` (`id_archivo`),
  KEY `id_idiomaweb` (`id_idiomaweb`),
  CONSTRAINT `visitaguiada_archivo_idiomaweb_ibfk_1` FOREIGN KEY (`id_visitaguiada`) REFERENCES `visitaguiada` (`id_visitaguiada`) ON DELETE CASCADE ON UPDATE CASCADE,
  CONSTRAINT `visitaguiada_archivo_idiomaweb_ibfk_2` FOREIGN KEY (`id_archivo`) REFERENCES `archivo` (`id_archivo`) ON DELETE CASCADE ON UPDATE CASCADE,
  CONSTRAINT `visitaguiada_archivo_idiomaweb_ibfk_3` FOREIGN KEY (`id_idiomaweb`) REFERENCES `idiomaweb` (`id_idiomaweb`) ON DELETE CASCADE ON UPDATE CASCADE
) ENGINE=InnoDB DEFAULT CHARSET=latin1 ROW_FORMAT=REDUNDANT;

--
-- Dumping data for table `visitaguiada_archivo_idiomaweb`
--


--
-- Table structure for table `visitaguiada_fecha`
--

CREATE TABLE `visitaguiada_fecha` (
  `id_visitaguiadafecha` int(11) NOT NULL AUTO_INCREMENT,
  `ref_visitaguiada` int(11) NOT NULL,
  `data_visitaguiadafecha` date NOT NULL,
  `maximo_personas` int(11) DEFAULT NULL,
  `hora_visitaguiadafecha` varchar(11) DEFAULT NULL,
  `activo_visitaguiadafecha` int(11) NOT NULL,
  PRIMARY KEY (`id_visitaguiadafecha`)
) ENGINE=InnoDB DEFAULT CHARSET=latin1 ROW_FORMAT=COMPACT;

--
-- Dumping data for table `visitaguiada_fecha`
--


--
-- Table structure for table `visitaguiada_idiomaweb`
--

CREATE TABLE `visitaguiada_idiomaweb` (
  `id_visitaguiada` int(11) NOT NULL,
  `id_idiomaweb` int(11) NOT NULL,
  `nombre_visitaguiada_idiomaweb` varchar(255) DEFAULT NULL,
  `textopresentacion_visitaguiada_idiomaweb` text,
  `activo_visitaguiada_idiomaweb` int(11) NOT NULL,
  PRIMARY KEY (`id_visitaguiada`,`id_idiomaweb`),
  KEY `id_idiomaweb` (`id_idiomaweb`),
  CONSTRAINT `visitaguiada_idiomaweb_ibfk_1` FOREIGN KEY (`id_visitaguiada`) REFERENCES `visitaguiada` (`id_visitaguiada`) ON DELETE CASCADE ON UPDATE CASCADE,
  CONSTRAINT `visitaguiada_idiomaweb_ibfk_2` FOREIGN KEY (`id_idiomaweb`) REFERENCES `idiomaweb` (`id_idiomaweb`) ON DELETE CASCADE ON UPDATE CASCADE
) ENGINE=InnoDB DEFAULT CHARSET=latin1;

--
-- Dumping data for table `visitaguiada_idiomaweb`
--


--
-- Table structure for table `visitaguiadacategoria`
--

CREATE TABLE `visitaguiadacategoria` (
  `id_visitaguiadacategoria` int(11) NOT NULL AUTO_INCREMENT,
  `descripcion_visitaguiadacategoria` varchar(100) NOT NULL,
  `activo_visitaguiadacategoria` int(11) NOT NULL,
  PRIMARY KEY (`id_visitaguiadacategoria`)
) ENGINE=InnoDB AUTO_INCREMENT=2 DEFAULT CHARSET=latin1;

--
-- Dumping data for table `visitaguiadacategoria`
--

INSERT INTO `visitaguiadacategoria` VALUES (1,'',1);

--
-- Table structure for table `visitaguiadacategoria_idiomaweb`
--

CREATE TABLE `visitaguiadacategoria_idiomaweb` (
  `id_visitaguiadacategoria` int(11) NOT NULL,
  `id_idiomaweb` int(11) NOT NULL,
  `nombre_visitaguiadacategoria_idiomaweb` varchar(255) DEFAULT NULL,
  PRIMARY KEY (`id_visitaguiadacategoria`,`id_idiomaweb`),
  KEY `id_idiomaweb` (`id_idiomaweb`),
  CONSTRAINT `visitaguiadacategoria_idiomaweb_ibfk_1` FOREIGN KEY (`id_visitaguiadacategoria`) REFERENCES `visitaguiadacategoria` (`id_visitaguiadacategoria`) ON DELETE CASCADE ON UPDATE CASCADE,
  CONSTRAINT `visitaguiadacategoria_idiomaweb_ibfk_2` FOREIGN KEY (`id_idiomaweb`) REFERENCES `idiomaweb` (`id_idiomaweb`) ON DELETE CASCADE ON UPDATE CASCADE
) ENGINE=InnoDB DEFAULT CHARSET=latin1 ROW_FORMAT=REDUNDANT;

--
-- Dumping data for table `visitaguiadacategoria_idiomaweb`
--

INSERT INTO `visitaguiadacategoria_idiomaweb` VALUES (1,1,'Visitas guiadas'),(1,2,'Visitas guiadas');

--
-- Table structure for table `visitaguiadaestado`
--

CREATE TABLE `visitaguiadaestado` (
  `id_visitaguiadaestado` int(11) NOT NULL AUTO_INCREMENT,
  `descripcion_visitaguiadaestado` varchar(100) DEFAULT NULL,
  `activo_visitaguiadaestado` int(11) NOT NULL,
  PRIMARY KEY (`id_visitaguiadaestado`)
) ENGINE=InnoDB AUTO_INCREMENT=3 DEFAULT CHARSET=latin1;

--
-- Dumping data for table `visitaguiadaestado`
--

INSERT INTO `visitaguiadaestado` VALUES (1,'Abierto',1),(2,'Cerrado',1);

--
-- Table structure for table `visitaguiadaestado_idiomaweb`
--

CREATE TABLE `visitaguiadaestado_idiomaweb` (
  `id_visitaguiadaestado` int(11) NOT NULL,
  `id_idiomaweb` int(11) NOT NULL,
  `nombre_visitaguiadaestado_idiomaweb` varchar(255) DEFAULT NULL,
  `activo_visitaguiadaestado_idiomaweb` int(11) NOT NULL,
  PRIMARY KEY (`id_visitaguiadaestado`,`id_idiomaweb`),
  KEY `id_idiomaweb` (`id_idiomaweb`),
  CONSTRAINT `visitaguiadaestado_idiomaweb_ibfk_1` FOREIGN KEY (`id_visitaguiadaestado`) REFERENCES `visitaguiadaestado` (`id_visitaguiadaestado`) ON DELETE CASCADE ON UPDATE CASCADE,
  CONSTRAINT `visitaguiadaestado_idiomaweb_ibfk_2` FOREIGN KEY (`id_idiomaweb`) REFERENCES `idiomaweb` (`id_idiomaweb`) ON DELETE CASCADE ON UPDATE CASCADE
) ENGINE=InnoDB DEFAULT CHARSET=latin1 ROW_FORMAT=REDUNDANT;

--
-- Dumping data for table `visitaguiadaestado_idiomaweb`
--

INSERT INTO `visitaguiadaestado_idiomaweb` VALUES (1,1,'Aberto',1),(1,2,'Abierto',1),(2,1,'Pechado',1),(2,2,'Cerrado',1);

--
-- Table structure for table `visitaguiadaparrafo`
--

CREATE TABLE `visitaguiadaparrafo` (
  `id_visitaguiadaparrafo` int(11) NOT NULL AUTO_INCREMENT,
  `ref_visitaguiada` int(11) NOT NULL,
  PRIMARY KEY (`id_visitaguiadaparrafo`),
  KEY `fk_visitaguiadaparrafo` (`ref_visitaguiada`),
  CONSTRAINT `visitaguiadaparrafo_ibfk_1` FOREIGN KEY (`ref_visitaguiada`) REFERENCES `visitaguiada` (`id_visitaguiada`) ON DELETE CASCADE ON UPDATE CASCADE
) ENGINE=InnoDB DEFAULT CHARSET=latin1;

--
-- Dumping data for table `visitaguiadaparrafo`
--


--
-- Table structure for table `visitaguiadaparrafo_archivo_idiomaweb`
--

CREATE TABLE `visitaguiadaparrafo_archivo_idiomaweb` (
  `id_visitaguiadaparrafo` int(11) NOT NULL,
  `id_idiomaweb` int(11) NOT NULL,
  `id_archivo` int(11) NOT NULL,
  `titulo_visitaguiadaparrafo_archivo_idiomaweb` varchar(255) DEFAULT NULL,
  `descripcion_visitaguiadaparrafo_archivo_idiomaweb` text,
  `texto_parrafo_archivo_idiomaweb` text,
  `alt_visitaguiadaparrafo_archivo_idiomaweb` varchar(45) DEFAULT NULL,
  `url_visitaguiadaparrafo_archivo_idiomaweb` varchar(255) DEFAULT NULL,
  `alineacion_visitaguiadaparrafo_archivo_idiomaweb` varchar(2) DEFAULT NULL,
  `activo_visitaguiadaparrafo_archivo_idiomaweb` int(1) DEFAULT NULL,
  PRIMARY KEY (`id_visitaguiadaparrafo`,`id_archivo`,`id_idiomaweb`),
  KEY `fk_visitaguiadaparrafo_archivo_idiomaweb` (`id_visitaguiadaparrafo`),
  KEY `id_archivo` (`id_archivo`),
  KEY `id_idiomaweb` (`id_idiomaweb`),
  CONSTRAINT `visitaguiadaparrafo_archivo_idiomaweb_ibfk_1` FOREIGN KEY (`id_visitaguiadaparrafo`) REFERENCES `visitaguiadaparrafo` (`id_visitaguiadaparrafo`) ON DELETE CASCADE ON UPDATE CASCADE,
  CONSTRAINT `visitaguiadaparrafo_archivo_idiomaweb_ibfk_2` FOREIGN KEY (`id_archivo`) REFERENCES `archivo` (`id_archivo`) ON DELETE CASCADE ON UPDATE CASCADE,
  CONSTRAINT `visitaguiadaparrafo_archivo_idiomaweb_ibfk_3` FOREIGN KEY (`id_idiomaweb`) REFERENCES `idiomaweb` (`id_idiomaweb`) ON DELETE CASCADE ON UPDATE CASCADE
) ENGINE=InnoDB DEFAULT CHARSET=latin1;

--
-- Dumping data for table `visitaguiadaparrafo_archivo_idiomaweb`
--


--
-- Table structure for table `visitaguiadaparrafo_idiomaweb`
--

CREATE TABLE `visitaguiadaparrafo_idiomaweb` (
  `id_visitaguiadaparrafo` int(11) NOT NULL,
  `id_idiomaweb` int(11) NOT NULL,
  `titulo_visitaguiadaparrafo_idiomaweb` varchar(255) DEFAULT NULL,
  `texto_visitaguiadaparrafo_idiomaweb` text,
  `titulo_textodestacado_visitaguiadaparrafo_idiomaweb` varchar(255) NOT NULL,
  `textodestacado_visitaguiadaparrafo_idiomaweb` text,
  `activo_textodestacado_visitaguiadaparrafo_idiomaweb` int(1) DEFAULT NULL,
  `alineacion_textodestacado_idiomaweb` varchar(5) NOT NULL,
  `orden_visitaguiadaparrafo_idiomaweb` int(11) DEFAULT NULL,
  PRIMARY KEY (`id_visitaguiadaparrafo`,`id_idiomaweb`),
  KEY `id_idiomaweb` (`id_idiomaweb`),
  CONSTRAINT `visitaguiadaparrafo_idiomaweb_ibfk_1` FOREIGN KEY (`id_visitaguiadaparrafo`) REFERENCES `visitaguiadaparrafo` (`id_visitaguiadaparrafo`) ON DELETE CASCADE ON UPDATE CASCADE,
  CONSTRAINT `visitaguiadaparrafo_idiomaweb_ibfk_2` FOREIGN KEY (`id_idiomaweb`) REFERENCES `idiomaweb` (`id_idiomaweb`) ON DELETE CASCADE ON UPDATE CASCADE
) ENGINE=InnoDB DEFAULT CHARSET=latin1;

--
-- Dumping data for table `visitaguiadaparrafo_idiomaweb`
--


--
-- Table structure for table `visitaguiadausuarioinscripcion`
--

CREATE TABLE `visitaguiadausuarioinscripcion` (
  `id_visitaguiadausuarioinscripcion` int(11) NOT NULL AUTO_INCREMENT,
  `ref_visitaguiada` int(11) NOT NULL,
  `ref_provincia` int(11) NOT NULL,
  `datainscripcion_visitaguiadausuarioinscripcion` date NOT NULL,
  `horainscripcion_visitaguiadausuarioinscripcion` varchar(8) DEFAULT NULL,
  `datavalidacion_visitaguiadausuarioinscripcion` date DEFAULT NULL,
  `horavalidacion_visitaguiadausuarioinscripcion` varchar(11) DEFAULT NULL,
  `nombre_visitaguiadausuarioinscripcion` varchar(45) DEFAULT NULL,
  `apellidos_visitaguiadausuarioinscripcion` varchar(100) DEFAULT NULL,
  `dni_visitaguiadausuarioinscripcion` varchar(10) DEFAULT NULL,
  `fechanacimiento_visitaguiadausuarioinscripcion` date DEFAULT NULL,
  `direccion_visitaguiadausuarioinscripcion` varchar(255) DEFAULT NULL,
  `cp_visitaguiadausuarioinscripcion` varchar(5) DEFAULT NULL,
  `poblacion_visitaguiadausuarioinscripcion` varchar(100) DEFAULT NULL,
  `telefono_visitaguiadausuarioinscripcion` varchar(12) DEFAULT NULL,
  `telefonomovil_visitaguiadausuarioinscripcion` varchar(12) DEFAULT NULL,
  `email_visitaguiadausuarioinscripcion` varchar(100) DEFAULT NULL,
  `observaciones_visitaguiadausuarioinscripcion` text,
  `visto_visitaguiadausuarioinscripcion` int(11) NOT NULL,
  `admitido_visitaguiadausuarioinscripcion` int(2) DEFAULT NULL,
  `validado_visitaguiadausuarioinscripcion` int(11) NOT NULL,
  `clave_visitaguiadausuarioinscripcion` varchar(100) DEFAULT NULL,
  PRIMARY KEY (`id_visitaguiadausuarioinscripcion`)
) ENGINE=InnoDB DEFAULT CHARSET=latin1;

--
-- Dumping data for table `visitaguiadausuarioinscripcion`
--



